This is the mail archive of the gcc-testresults@gcc.gnu.org mailing list for the GCC project.


Index Nav: [Date Index] [Subject Index] [Author Index] [Thread Index]
Message Nav: [Date Prev] [Date Next] [Thread Prev] [Thread Next]
Other format: [Raw text]

Results for 3.3.1 (Debian) testsuite on arm-unknown-linux-gnu


LAST_UPDATED: Tue Aug  5 19:17:48 UTC 2003

Native configuration is arm-unknown-linux-gnu

		=== libjava tests ===


Running target unix
FAIL: calls run
WARNING: program timed out.
FAIL: cxxtest run
FAIL: field run
FAIL: final_method run
FAIL: findclass run
FAIL: invoke run
FAIL: martin run
FAIL: noclass run
FAIL: overload run
FAIL: register run
FAIL: simple_int run
FAIL: throwit run
FAIL: virtual run
FAIL: InvokeReturn output - source compiled test
FAIL: InvokeReturn output - bytecode->native test
FAIL: InvokeReturn -O output - source compiled test
FAIL: InvokeReturn -O output - bytecode->native test
WARNING: program timed out.
FAIL: SyncTest execution - bytecode->native test
WARNING: program timed out.
FAIL: SyncTest -O execution - bytecode->native test
FAIL: TestProxy execution - source compiled test
FAIL: TestProxy execution - bytecode->native test
FAIL: TestProxy -O execution - source compiled test
FAIL: TestProxy -O execution - bytecode->native test
FAIL: /build/buildd/gcc-3.3-3.3.1ds3/build/arm-linux/libjava/testsuite/TestEarlyGC.exe output - /build/buildd/gcc-3.3-3.3.1ds3/build/arm-linux/libjava/testsuite/TestEarlyGC.exe
FAIL: /build/buildd/gcc-3.3-3.3.1ds3/build/arm-linux/libjava/testsuite/TestLeak.exe execution - /build/buildd/gcc-3.3-3.3.1ds3/build/arm-linux/libjava/testsuite/TestLeak.exe
FAIL: /build/buildd/gcc-3.3-3.3.1ds3/build/arm-linux/libjava/testsuite/TestMultiple.exe execution - /build/buildd/gcc-3.3-3.3.1ds3/build/arm-linux/libjava/testsuite/TestMultiple.exe
FAIL: /build/buildd/gcc-3.3-3.3.1ds3/build/arm-linux/libjava/testsuite/TestParent.exe execution - /build/buildd/gcc-3.3-3.3.1ds3/build/arm-linux/libjava/testsuite/TestParent.exe

		=== libjava Summary ===

# of expected passes		2415
# of unexpected failures	27
# of expected failures		16
# of untested testcases		34
		=== libstdc++-v3 tests ===


Running target unix
XPASS: 22_locale/collate_byname.cc execution test
XPASS: 22_locale/collate_members_char.cc execution test
XPASS: 22_locale/collate_members_wchar_t.cc execution test
XPASS: 22_locale/ctype_is_char.cc execution test
XPASS: 22_locale/ctype_is_wchar_t.cc execution test
XPASS: 22_locale/members.cc execution test
XPASS: 22_locale/messages_byname.cc execution test
XPASS: 22_locale/messages_members_char.cc execution test
XPASS: 22_locale/moneypunct_byname.cc execution test
XPASS: 22_locale/moneypunct_members_char.cc execution test
XPASS: 22_locale/moneypunct_members_wchar_t.cc execution test
XPASS: 22_locale/numpunct_byname.cc execution test
XPASS: 22_locale/numpunct_members_char.cc execution test
XPASS: 22_locale/numpunct_members_wchar_t.cc execution test
WARNING: program timed out.
FAIL: thread/pthread5.cc execution test
WARNING: program timed out.
FAIL: thread/pthread6.cc execution test

		=== libstdc++-v3 Summary ===

# of expected passes		451
# of unexpected failures	2
# of unexpected successes	14
# of expected failures		14
		=== g++ tests ===


Running target unix
FAIL: g++.dg/abi/empty6.C  (test for warnings, line 6)
FAIL: g++.dg/abi/vbase10.C  (test for warnings, line 6)
XPASS: g++.dg/other/packed1.C execution test
FAIL: 258: expected branch percentages not found: 25
FAIL: g++.dg/gcov/gcov-1.C gcov: 0 failures in line counts, 1 in branch percentages, 0 in return percentages
XPASS: g++.other/init5.C  Execution test

		=== g++ Summary ===

# of expected passes		8032
# of unexpected failures	4
# of unexpected successes	2
# of expected failures		94
# of untested testcases		23
# of unsupported tests		28
/build/buildd/gcc-3.3-3.3.1ds3/build/gcc/testsuite/../g++ version 3.3.1 (Debian)

		=== g77 tests ===


Running target unix

		=== g77 Summary ===

# of expected passes		1686
# of unsupported tests		8
/build/buildd/gcc-3.3-3.3.1ds3/build/gcc/testsuite/../g77 version 3.3.1 (Debian)

		=== gcc tests ===


Running target unix
WARNING: program timed out.
FAIL: gcc.c-torture/compile/20001226-1.c,  -O3 -g  
XPASS: gcc.c-torture/execute/20020720-1.c compilation,  -O1 
XPASS: gcc.c-torture/execute/20020720-1.c compilation,  -O2 
XPASS: gcc.c-torture/execute/20020720-1.c compilation,  -O3 -fomit-frame-pointer 
XPASS: gcc.c-torture/execute/20020720-1.c compilation,  -O3 -g 
XPASS: gcc.c-torture/execute/20020720-1.c compilation,  -Os 
FAIL: gcc.dg/20021014-1.c execution test
FAIL: gcc.dg/duff-2.c (test for excess errors)
FAIL: gcc.dg/nest.c execution test
FAIL: gcc.dg/pack-test-1.c (test for excess errors)
FAIL: gcc.dg/pack-test-2.c  (test for errors, line 7)
FAIL: gcc.dg/pack-test-2.c  (test for errors, line 14)
FAIL: gcc.dg/pack-test-2.c  (test for errors, line 19)
FAIL: gcc.dg/pack-test-2.c (test for excess errors)
FAIL: gcc.dg/uninit-C.c (test for excess errors)
FAIL: 209: expected branch percentages not found: 25
FAIL: gcc.misc-tests/gcov-4b.c gcov: 0 failures in line counts, 1 in branch percentages, 0 in return percentages

		=== gcc Summary ===

# of expected passes		21289
# of unexpected failures	12
# of unexpected successes	5
# of expected failures		69
# of unsupported tests		177
/build/buildd/gcc-3.3-3.3.1ds3/build/gcc/xgcc version 3.3.1 (Debian)

		=== objc tests ===


Running target unix

		=== objc Summary ===

# of expected passes		1153
/build/buildd/gcc-3.3-3.3.1ds3/build/gcc/xgcc version 3.3.1 (Debian)

		=== treelang tests ===


Running target unix

		=== treelang Summary ===

# of expected passes		1

Compiler version: 3.3.1 (Debian) 
Platform: arm-unknown-linux-gnu
configure flags: --host=arm-linux -v --enable-languages=c,c++,java,f77,pascal,objc,treelang --prefix=/usr --mandir=/usr/share/man --infodir=/usr/share/info --with-gxx-include-dir=/usr/include/c++/3.3 --enable-shared --with-system-zlib --enable-nls --without-included-gettext --enable-__cxa_atexit --enable-clocale=gnu --enable-debug --enable-java-gc=boehm --enable-java-awt=xlib --enable-objc-gc
BOOT_CFLAGS=-g -O2 


Build Dependencies:
Desired=Unknown/Install/Remove/Purge/Hold
| Status=Not/Installed/Config-files/Unpacked/Failed-config/Half-installed
|/ Err?=(none)/Hold/Reinst-required/X=both-problems (Status,Err: uppercase=bad)
||/ Name           Version        Description
+++-==============-==============-============================================
ii  binutils       2.14.90.0.4-0. The GNU assembler, linker and binary utiliti
ii  libc6-dev      2.3.1-17       GNU C Library: Development Libraries and Hea


Patches that Debian applied in this version:

gcc-names:
  versioned gcc names

gcc-version:
  Add "(Debian)" to the gcc version string

libstdc++-pic:
  Build and install libstdc++_pic.a library.

libstdc++-doclink:
  link local libstdc++ documentation to local source-level documentation 

gccbug:
  Use sensible-editor instead of vi as fallback editor

libtool-rpath:
  2003-03-10  Andreas Schwab  <schwab at suse dot de>
  With the introduction of multi-os-directory the libdir specification in
  *.la files have /. appended to \$(libdir).  This confuses libtool when it
  tries to find out whether to add -rpath, because it only matches literally
  against sys_lib_dlsearch_path members.  Tested on i386-linux.

libstdc++-baseline:
  overwrite baseline detection for i386: use the i486 headers

test-summary:
  add libstdc++-v3's check summary to the test summary

gcj-debian-policy:
  add /usr/share/java/repository to the classpath.

gcj-names:
  versioned gcj info names

gcj-without-rpath:
  don't define runtime link path for java binaries and libraries

libffi-install:
  Allows libffi to be installed

libffi-no-debug:
  Do not build libffi with debug information, although configuring
  with --enable-debug

deb-protoize:
  build protoize/unprotoize by default

libobjc:
  Find gc.h header in /usr/include/gc for --enable-objc-gc enabled builds.

g77-names:
  versioned g77 names

treelang-names:
  Install treelang info pages under versioned name

gpc-3.x:
  The gpc patch from the gpc tarball.

gpc-updates:

gpc-names:
  versioned gpc names

arm-10730:
  2003-05-15  Philip Blundell  <philb@gnu.org>
  
  	PR target/10730
  	* config/arm/arm.c (adjacent_mem_locations): Reject offsets
  	involving invalid constants.

arm-tune:
  ARM patch for default tuning

arm-xscale:
  2003-05-15  Philip Blundell  <philb@gnu.org>
  
  	* config/arm/arm.c (arm_is_xscale): Rename to arm_arch_xscale.
  	All uses updated.
  	(arm_tune_xscale): New variable.
  	(arm_override_options): Set it.
  	(arm_adjust_cost): Use it in place of arm_arch_xscale.
  	(arm_gen_load_multiple): Likewise.
  	(arm_gen_store_multiple): Likewise.
  	* config/arm/arm.md (is_xscale): Likewise.
  	* config/arm/arm.h (arm_tune_xscale): Declare.

reporting:
  <compiler> --help gives hint to /usr/share/doc/debian/bug-reporting.txt

autoreconf:
  autoreconf several directories for proper mipsen libtool support

Counting all warnings,
there are 397 warnings in stage3 of this bootstrap.

Number of warnings per file:
    225	SYSCALLS.c
     44	gcc/gengtype-lex.c
     11	gcc/treelang/lex.c
     10	gcc/dwarf2out.c
      6	./ffe.texi
      5	parse.c
      5	op11068.c
      5	gcc/treelang/parse.c
      5	gcc/p/gpc.c
      5	c-p5651.c
      4	gcc/stor-layout.c
      4	gcc/reload1.c
      4	gcc/p/statements.c
      4	gcc/p/lang-specs.h
      4	gcc/gcc.c
      4	gcc/dbxout.c
      4	./intdoc.texi
      3	gcc/unwind-sjlj.c
      3	gcc/tlink.c
      3	gcc/emit-rtl.c
      2	gengtype-yacc.c
      2	gcc/varasm.c
      2	gcc/unwind-pe.h
      2	gcc/regclass.c
      2	gcc/p/rts/endian.pas
      2	gcc/objc/lang-specs.h
      2	gcc/function.c
      2	gcc/flow.c
      2	gcc/f/sta.c
      2	gcc/cp/class.c
      2	gcc/config/arm/arm.c
      1	parse.y
      1	gcc/tree.c
      1	gcc/stmt.c
      1	gcc/reload.c
      1	gcc/regmove.c
      1	gcc/ra-colorize.c
      1	gcc/p/rts/file.c
      1	gcc/p/objects.c
      1	gcc/p/gpc-lex.c
      1	gcc/java/jvspec.c
      1	gcc/java/jcf-write.c
      1	gcc/java/jcf-parse.c
      1	gcc/cp/typeck.c
      1	gcc/cp/decl.c
      1	gcc/config/arm/arm.h
      1	gcc/collect2.c
      1	config.h

Number of warning types:
    224	function declaration isn't a prototype
     56	traditional C rejects ISO C style function definitions
     28	comparison between signed and unsigned
     22	no previous prototype for `???'
     11	string length `???' is greater than the length `???' ISO C89 compilers are required to support
      6	undefined flag: srcdir.
      5	traditional C rejects string concatenation
      5	signed and unsigned type in conditional expression
      5	comparison of unsigned expression < 0 is always false
      4	`???' might be used uninitialized in this function
      3	unused parameter `???'
      3	implicit declaration of function `???'
      3	dereferencing type-punned pointer will break strict-aliasing rules
      3	assignment makes pointer from integer without a cast
      3	`???' defined but not used
      2	unlikely character ) in @var.
      2	unlikely character ( in @var.
      2	statement with no effect
      2	conflicting types for built-in function `???'
      2	assignment discards qualifiers from pointer target type
      1	traditional C ignores #define with the # indented
      1	this is the location of the previous definition
      1	static declaration for `???' follows non-static
      1	return makes integer from pointer without a cast
      1	initialization makes pointer from integer without a cast
      1	`TARGET_CPU_DEFAULT' redefined


Index Nav: [Date Index] [Subject Index] [Author Index] [Thread Index]
Message Nav: [Date Prev] [Date Next] [Thread Prev] [Thread Next]