This is the mail archive of the gcc-testresults@gcc.gnu.org mailing list for the GCC project.


Index Nav: [Date Index] [Subject Index] [Author Index] [Thread Index]
Message Nav: [Date Prev] [Date Next] [Thread Prev] [Thread Next]
Other format: [Raw text]

Results for 3.3.1 testsuite on i686-suse8-linux-gnu


Compiler version: 3.3.1 
Platform:	  i686-suse8-linux-gnu

Sources:	  3.3.1 release tarball
Patches:	  [1] `PATCH: Fix to successfully build libjava as a shared library'
		      <http://gcc.gnu.org/ml/gcc-patches/2001-09/msg00714.html>
Environment:	  - autoconf-2.13 (FSF release)
		  - automake-1.7.2-32
		  - binutils-2.14 (FSF release)
		  - dejagnu-1.4.3-91
		  - expect-5.38-28
		  - SuSE Linux 8.2 + recommended updates as of today
		  - Linux version 2.4.20-4GB (root@Pentium.suse.de) (gcc version 3.3 20030226 (prerelease) (SuSE Linux)) #1 Thu Jul 17 18:29:16 UTC 2003
		  - glibc-2.3.2-6

Remarks:	  Nice work, no trouble anymore even with -O3!


configure flags:  --host=i686-suse8-linux-gnu --target=i686-suse8-linux-gnu --build=i686-suse8-linux-gnu --srcdir=../gcc-3.3.1 --prefix=/opt/gnu --exec-prefix=/opt/gnu/H-ia32-linux --with-gnu-as --with-gnu-ld --enable-__cxa_atexit --disable-checking --enable-clocale=gnu --enable-interpreter --enable-shared --enable-threads=posix --with-system-zlib --with-local-prefix=/opt/gnu --with-cpu=pentium3 --enable-nls --verbose
BOOT_CC:	  gcc (GCC) 3.3
BOOT_CFLAGS:	  -O3 -march=i386 -mcpu=pentium3 -fomit-frame-pointer
CFLAGS:		  -O2 -march=i386 -mcpu=pentium3 -fomit-frame-pointer
CXXFLAGS:	  -O3 -march=i386 -mcpu=pentium3 -fomit-frame-pointer -g
GCJFLAGS:	  -O3 -march=i386 -mcpu=pentium3 -fomit-frame-pointer -fno-inline-functions -g


Native configuration is i686-suse8-linux-gnu

		=== g++ tests ===


Running target unix
FAIL: g++.dg/tls/init-2.C (test for excess errors)
XPASS: g++.other/init5.C  Execution test

		=== g++ Summary ===

# of expected passes		8109
# of unexpected failures	1
# of unexpected successes	1
# of expected failures		94
# of untested testcases		9
# of unsupported tests		14
/home/gnu/work/GNU/gcc-3.3.1-i686-suse8-linux-gnu/gcc/testsuite/../g++ version 3.3.1

		=== g77 tests ===


Running target unix

		=== g77 Summary ===

# of expected passes		1702
/home/gnu/work/GNU/gcc-3.3.1-i686-suse8-linux-gnu/gcc/testsuite/../g77 version 3.3.1

		=== gcc tests ===


Running target unix
FAIL: gcc.dg/duff-2.c (test for excess errors)
FAIL: gcc.dg/uninit-C.c (test for excess errors)

		=== gcc Summary ===

# of expected passes		21579
# of unexpected failures	2
# of expected failures		69
# of unsupported tests		85
/home/gnu/work/GNU/gcc-3.3.1-i686-suse8-linux-gnu/gcc/xgcc version 3.3.1

		=== objc tests ===


Running target unix

		=== objc Summary ===

# of expected passes		1153
/home/gnu/work/GNU/gcc-3.3.1-i686-suse8-linux-gnu/gcc/xgcc version 3.3.1

		=== libjava tests ===


Running target unix
WARNING: program timed out.
FAIL: SyncTest execution - gij test
WARNING: program timed out.
FAIL: SyncTest execution - bytecode->native test
WARNING: program timed out.
FAIL: SyncTest execution - gij test
WARNING: program timed out.
FAIL: SyncTest -O execution - bytecode->native test

		=== libjava Summary ===

# of expected passes		2983
# of unexpected failures	4
# of expected failures		16
# of untested testcases		16

		=== libstdc++-v3 check-abi Summary ===

# of added symbols:		 0
# of missing symbols:		 0
# of incompatible symbols:	 0
		=== libstdc++-v3 tests ===


Running target unix
XPASS: 22_locale/collate_byname.cc execution test
XPASS: 22_locale/collate_members_char.cc execution test
XPASS: 22_locale/collate_members_wchar_t.cc execution test
XPASS: 22_locale/ctype_is_char.cc execution test
XPASS: 22_locale/ctype_is_wchar_t.cc execution test
XPASS: 22_locale/members.cc execution test
XPASS: 22_locale/messages_byname.cc execution test
XPASS: 22_locale/messages_members_char.cc execution test
XPASS: 22_locale/money_get_members_char.cc execution test
XPASS: 22_locale/money_get_members_wchar_t.cc execution test
XPASS: 22_locale/money_put_members_char.cc execution test
XPASS: 22_locale/money_put_members_wchar_t.cc execution test
XPASS: 22_locale/moneypunct_byname.cc execution test
XPASS: 22_locale/moneypunct_members_char.cc execution test
XPASS: 22_locale/moneypunct_members_wchar_t.cc execution test
XPASS: 22_locale/num_get_members_char.cc execution test
XPASS: 22_locale/num_get_members_wchar_t.cc execution test
XPASS: 22_locale/num_put_members_char.cc execution test
XPASS: 22_locale/num_put_members_wchar_t.cc execution test
XPASS: 22_locale/numpunct_byname.cc execution test
XPASS: 22_locale/numpunct_members_char.cc execution test
XPASS: 22_locale/numpunct_members_wchar_t.cc execution test
XPASS: 22_locale/time_get_members_char.cc execution test
XPASS: 22_locale/time_get_members_wchar_t.cc execution test
XPASS: 22_locale/time_put_members_char.cc execution test
XPASS: 22_locale/time_put_members_wchar_t.cc execution test

		=== libstdc++-v3 Summary ===

# of expected passes		453
# of unexpected successes	26
# of expected failures		2


Counting all warnings,
there are 29 warnings in stage3 of this bootstrap.

Number of warnings per file:
      3	gcc/tlink.c
      3	gcc/gcc.c
      3	/usr/share/bison/bison.simple
      2	insn-conditions.c
      2	gcc/f/sta.c
      2	gcc/crtstuff.c
      1	gt-ada-utils.h
      1	gt-ada-decl.h
      1	gcc/unwind-pe.h
      1	gcc/tree.c
      1	gcc/stmt.c
      1	gcc/objc/lang-specs.h
      1	gcc/java/jvspec.c
      1	gcc/function.c
      1	gcc/emit-rtl.c
      1	gcc/cp/typeck.c
      1	gcc/config/i386/i386.c
      1	gcc/collect2.c
      1	gcc/ada/tracebak.c
      1	ada/b_gnatb.c

Number of warning types:
      7	string length `???' is greater than the length `???' ISO C89 compilers are required to support
      5	comparison of unsigned expression < 0 is always false
      3	label `???' defined but not used
      3	comparison between signed and unsigned
      2	unused parameter `???'
      2	passing arg ??? of `???' discards qualifiers from pointer target type
      2	dereferencing type-punned pointer will break strict-aliasing rules
      1	unused variable `???'
      1	traditional C rejects string concatenation
      1	traditional C rejects ISO C style function definitions
      1	signed and unsigned type in conditional expression
      1	`???' defined but not used


Index Nav: [Date Index] [Subject Index] [Author Index] [Thread Index]
Message Nav: [Date Prev] [Date Next] [Thread Prev] [Thread Next]