This is the mail archive of the gcc-testresults@gcc.gnu.org mailing list for the GCC project.


Index Nav: [Date Index] [Subject Index] [Author Index] [Thread Index]
Message Nav: [Date Prev] [Date Next] [Thread Prev] [Thread Next]
Other format: [Raw text]

Results for 3.5-tree-ssa 20030807 (merged 20030722) testsuite on mips-sgi-irix6.5


This run on Origin 300 cru300 under Irix 6.5.20m
There are a few local hacks to avoid problems in 
libmudflap and to find gmp for gfortran.

LAST_UPDATED: Thu Aug  7 13:08:12 GMT 2003

Native configuration is mips-sgi-irix6.5

		=== g++ tests ===


Running target unix
FAIL: g++.dg/abi/mangle2.C execution test
FAIL: g++.dg/ext/pretty1.C scan-assembler int bar\\(T\\).*with T = int
FAIL: g++.dg/ext/pretty1.C scan-assembler top level
FAIL: g++.dg/ext/pretty1.C scan-assembler int main\\(\\)
FAIL: g++.dg/ext/pretty1.C scan-assembler int bar\\(T\\).*with T = double
FAIL: g++.dg/ext/pretty1.C scan-assembler int bar\\(T\\).*with T = unsigned char*
FAIL: g++.dg/ext/pretty2.C (test for excess errors)
WARNING: g++.dg/ext/pretty2.C compilation failed to produce executable
FAIL: g++.dg/init/array10.C (test for excess errors)
FAIL: g++.dg/opt/template1.C scan-assembler-not foo1
FAIL: g++.dg/opt/vtgc1.C scan-assembler-dem .vtable_inherit[ 	]*vtable for Multivv3.*0
FAIL: g++.dg/opt/vtgc1.C scan-assembler-dem .vtable_inherit[ 	]*VTT for Multivv3.*0
FAIL: g++.dg/opt/vtgc1.C scan-assembler-dem .vtable_inherit[ 	]*vtable for Multiss2.*vtable for Base2
FAIL: g++.dg/opt/vtgc1.C scan-assembler-dem .vtable_inherit[ 	]*vtable for Multivs1.*vtable for Base2
FAIL: g++.dg/opt/vtgc1.C scan-assembler-dem .vtable_inherit[ 	]*VTT for Multivs1.*vtable for Base2
FAIL: g++.dg/opt/vtgc1.C scan-assembler-dem .vtable_inherit[ 	]*vtable for Multisv0.*vtable for Side0
FAIL: g++.dg/opt/vtgc1.C scan-assembler-dem .vtable_inherit[ 	]*VTT for Multisv0.*vtable for Side0
FAIL: g++.dg/opt/vtgc1.C scan-assembler-dem .vtable_inherit[ 	]*vtable for Side0.*0
FAIL: g++.dg/opt/vtgc1.C scan-assembler-dem .vtable_inherit[ 	]*vtable for VbasedA.*0
FAIL: g++.dg/opt/vtgc1.C scan-assembler-dem .vtable_inherit[ 	]*VTT for VbasedA.*0
FAIL: g++.dg/opt/vtgc1.C scan-assembler-dem .vtable_inherit[ 	]*vtable for Base2.*vtable for Base1
FAIL: g++.dg/opt/vtgc1.C scan-assembler-dem .vtable_inherit[ 	]*vtable for Base1.*vtable for Base0
FAIL: g++.dg/opt/vtgc1.C scan-assembler-dem .vtable_inherit[ 	]*vtable for Base0.*0
FAIL: 23:is 2:should be 1
FAIL: g++.dg/gcov/gcov-2.C gcov: 1 failures in line counts, 0 in branch percentages, 0 in return percentages
FAIL: g++.dg/pch/system-1.C -g assembly comparison
FAIL: g++.dg/pch/system-1.C -O2 -g assembly comparison
FAIL: g++.dg/pch/system-1.C -O2 assembly comparison
FAIL: g++.dg/pch/system-2.C -g assembly comparison
FAIL: g++.dg/pch/system-2.C -O2 -g assembly comparison
FAIL: g++.dg/pch/system-2.C -O2 assembly comparison
FAIL: g++.old-deja/g++.brendan/crash13.C  (test for errors, line 34)
FAIL: g++.old-deja/g++.brendan/crash13.C (test for excess errors)
FAIL: g++.old-deja/g++.bugs/900205_03.C  (test for errors, line 21)
FAIL: g++.old-deja/g++.bugs/900205_03.C  (test for errors, line 24)
FAIL: g++.old-deja/g++.bugs/900205_03.C  (test for errors, line 44)
FAIL: g++.old-deja/g++.bugs/900205_03.C  (test for errors, line 47)
FAIL: g++.old-deja/g++.bugs/900205_03.C (test for excess errors)
FAIL: g++.old-deja/g++.jason/thunk3.C (test for excess errors)
WARNING: g++.old-deja/g++.jason/thunk3.C compilation failed to produce executable
FAIL: g++.old-deja/g++.law/friend5.C  (test for errors, line 19)
FAIL: g++.old-deja/g++.law/friend5.C  (test for errors, line 24)
FAIL: g++.old-deja/g++.law/friend5.C (test for excess errors)
FAIL: g++.old-deja/g++.law/profile1.C (test for excess errors)
WARNING: g++.old-deja/g++.law/profile1.C compilation failed to produce executable
WARNING: g++.old-deja/g++.mike/p10769a.C compilation failed to produce executable
FAIL: g++.old-deja/g++.mike/p646.C  (test for warnings, line 104)
FAIL: g++.old-deja/g++.mike/p646.C  (test for warnings, line 112)
FAIL: g++.old-deja/g++.mike/p646.C  (test for warnings, line 120)
FAIL: g++.old-deja/g++.mike/p646.C  (test for warnings, line 127)
FAIL: g++.old-deja/g++.mike/p646.C  (test for warnings, line 133)
FAIL: g++.old-deja/g++.mike/p646.C (test for excess errors)
FAIL: g++.old-deja/g++.other/comdat1.C (test for excess errors)
WARNING: g++.old-deja/g++.other/comdat1.C compilation failed to produce executable
FAIL: g++.old-deja/g++.other/comdat2.C (test for excess errors)
WARNING: g++.old-deja/g++.other/comdat2.C compilation failed to produce executable
FAIL: g++.old-deja/g++.other/comdat3.C (test for excess errors)
WARNING: g++.old-deja/g++.other/comdat3.C compilation failed to produce executable
FAIL: g++.old-deja/g++.other/ctor1.C (test for excess errors)
WARNING: g++.old-deja/g++.other/ctor1.C compilation failed to produce executable
WARNING: g++.old-deja/g++.other/enum5.C compilation failed to produce executable
FAIL: g++.old-deja/g++.other/vaarg3.C  (test for errors, line 23)
FAIL: g++.old-deja/g++.other/vaarg3.C  (test for errors, line 26)
WARNING: g++.old-deja/g++.pt/friend44.C compilation failed to produce executable
FAIL: g++.old-deja/g++.pt/instantiate5.C (test for excess errors)

		=== g++ Summary ===

# of expected passes		8379
# of unexpected failures	55
# of expected failures		68
# of unsupported tests		56
/disk4/billingd/obj/gcc-tree-ssa/gcc/testsuite/../g++ version 3.5-tree-ssa 20030807 (merged 20030722)

		=== g77 tests ===


Running target unix
FAIL: g77.f-torture/execute/980520-1.f compilation,  -O0 

		=== g77 Summary ===

# of expected passes		1746
# of unexpected failures	1
# of untested testcases		1
# of unsupported tests		6
/disk4/billingd/obj/gcc-tree-ssa/gcc/testsuite/../g77 version 3.5-tree-ssa 20030807 (merged 20030722)

		=== gcc tests ===


Running target unix
FAIL: gcc.c-torture/compile/20001226-1.c (test for excess errors)
FAIL: gcc.c-torture/compile/mipscop-1.c (test for excess errors)
FAIL: gcc.c-torture/compile/mipscop-1.c (test for excess errors)
FAIL: gcc.c-torture/compile/mipscop-1.c (test for excess errors)
FAIL: gcc.c-torture/compile/mipscop-1.c (test for excess errors)
FAIL: gcc.c-torture/compile/mipscop-1.c (test for excess errors)
FAIL: gcc.c-torture/compile/mipscop-1.c (test for excess errors)
FAIL: gcc.c-torture/compile/mipscop-2.c (test for excess errors)
FAIL: gcc.c-torture/compile/mipscop-2.c (test for excess errors)
FAIL: gcc.c-torture/compile/mipscop-2.c (test for excess errors)
FAIL: gcc.c-torture/compile/mipscop-2.c (test for excess errors)
FAIL: gcc.c-torture/compile/mipscop-2.c (test for excess errors)
FAIL: gcc.c-torture/compile/mipscop-2.c (test for excess errors)
FAIL: gcc.c-torture/compile/mipscop-3.c (test for excess errors)
FAIL: gcc.c-torture/compile/mipscop-3.c (test for excess errors)
FAIL: gcc.c-torture/compile/mipscop-3.c (test for excess errors)
FAIL: gcc.c-torture/compile/mipscop-3.c (test for excess errors)
FAIL: gcc.c-torture/compile/mipscop-3.c (test for excess errors)
FAIL: gcc.c-torture/compile/mipscop-3.c (test for excess errors)
FAIL: gcc.c-torture/compile/mipscop-4.c (test for excess errors)
FAIL: gcc.c-torture/compile/mipscop-4.c (test for excess errors)
FAIL: gcc.c-torture/compile/mipscop-4.c (test for excess errors)
FAIL: gcc.c-torture/compile/mipscop-4.c (test for excess errors)
FAIL: gcc.c-torture/compile/mipscop-4.c (test for excess errors)
FAIL: gcc.c-torture/compile/mipscop-4.c (test for excess errors)
FAIL: gcc.c-torture/compile/simd-5.c (test for excess errors)
FAIL: gcc.c-torture/compile/simd-5.c (test for excess errors)
FAIL: gcc.c-torture/compile/simd-5.c (test for excess errors)
FAIL: gcc.c-torture/compile/simd-5.c (test for excess errors)
XPASS: gcc.c-torture/execute/builtins/string-4.c execution,  -O0 
XPASS: gcc.c-torture/execute/builtins/string-4.c execution,  -O1 
XPASS: gcc.c-torture/execute/builtins/string-4.c execution,  -O2 
XPASS: gcc.c-torture/execute/builtins/string-4.c execution,  -O3 -fomit-frame-pointer 
XPASS: gcc.c-torture/execute/builtins/string-4.c execution,  -O3 -g 
XPASS: gcc.c-torture/execute/builtins/string-4.c execution,  -Os 
FAIL: gcc.c-torture/execute/20020412-1.c execution,  -O0 
FAIL: gcc.c-torture/execute/20020412-1.c execution,  -O1 
FAIL: gcc.c-torture/execute/20020412-1.c execution,  -O2 
FAIL: gcc.c-torture/execute/20020412-1.c execution,  -O3 -fomit-frame-pointer 
FAIL: gcc.c-torture/execute/20020412-1.c execution,  -O3 -fomit-frame-pointer -funroll-loops 
FAIL: gcc.c-torture/execute/20020412-1.c execution,  -O3 -fomit-frame-pointer -funroll-all-loops -finline-functions 
FAIL: gcc.c-torture/execute/20020412-1.c execution,  -O3 -g 
FAIL: gcc.c-torture/execute/20020412-1.c execution,  -Os 
FAIL: gcc.c-torture/execute/string-opt-7.c execution,  -O1 
FAIL: gcc.c-torture/execute/string-opt-7.c execution,  -O2 
FAIL: gcc.c-torture/execute/string-opt-7.c execution,  -O3 -fomit-frame-pointer 
FAIL: gcc.c-torture/execute/string-opt-7.c execution,  -O3 -g 
FAIL: gcc.c-torture/execute/string-opt-7.c execution,  -Os 
UNRESOLVED: gcc.c-torture/execute/wchar_t-1.c execution,  -O0 
UNRESOLVED: gcc.c-torture/execute/wchar_t-1.c execution,  -O1 
UNRESOLVED: gcc.c-torture/execute/wchar_t-1.c execution,  -O2 
UNRESOLVED: gcc.c-torture/execute/wchar_t-1.c execution,  -O3 -fomit-frame-pointer 
UNRESOLVED: gcc.c-torture/execute/wchar_t-1.c execution,  -O3 -g 
UNRESOLVED: gcc.c-torture/execute/wchar_t-1.c execution,  -Os 
FAIL: gcc.dg/compat/struct-by-value-11 c_compat_x_tst.o-c_compat_y_tst.o execute 
FAIL: gcc.dg/compat/struct-by-value-12 c_compat_x_tst.o-c_compat_y_tst.o execute 
FAIL: gcc.dg/compat/struct-by-value-2 c_compat_x_tst.o-c_compat_y_tst.o execute 
FAIL: gcc.dg/compat/struct-by-value-3 c_compat_x_tst.o-c_compat_y_tst.o execute 
FAIL: gcc.dg/compat/struct-by-value-4 c_compat_x_tst.o-c_compat_y_tst.o execute 
FAIL: gcc.dg/compat/struct-by-value-5 c_compat_x_tst.o-c_compat_y_tst.o execute 
FAIL: gcc.dg/compat/struct-by-value-8 c_compat_x_tst.o-c_compat_y_tst.o execute 
FAIL: gcc.dg/compat/struct-by-value-9 c_compat_x_tst.o-c_compat_y_tst.o execute 
FAIL: gcc.dg/compat/struct-return-2 c_compat_x_tst.o-c_compat_y_tst.o execute 
FAIL: gcc.dg/compat/struct-return-3 c_compat_x_tst.o-c_compat_y_tst.o execute 
FAIL: gcc.dg/compat/vector-1 c_compat_x_tst.o compile
FAIL: gcc.dg/compat/vector-1 c_compat_y_tst.o compile
UNRESOLVED: gcc.dg/compat/vector-1 c_compat_x_tst.o-c_compat_y_tst.o link 
UNRESOLVED: gcc.dg/compat/vector-1 c_compat_x_tst.o-c_compat_y_tst.o execute 
FAIL: gcc.dg/compat/vector-2 c_compat_x_tst.o compile
FAIL: gcc.dg/compat/vector-2 c_compat_y_tst.o compile
UNRESOLVED: gcc.dg/compat/vector-2 c_compat_x_tst.o-c_compat_y_tst.o link 
UNRESOLVED: gcc.dg/compat/vector-2 c_compat_x_tst.o-c_compat_y_tst.o execute 
FAIL: gcc.dg/cpp/19990228-1.c scan-file-not [^\\n]#
FAIL: gcc.dg/cpp/_Pragma4.c scan-file (^|\\n)#pragma bar(\$|\\n)
FAIL: gcc.dg/cpp/avoidpaste2.c scan-file (^|\\n): : : - > - >
FAIL: gcc.dg/cpp/avoidpaste2.c scan-file (^|\\n):2: :22 22:
FAIL: gcc.dg/cpp/cmdlne-M.c (test for excess errors)
FAIL: gcc.dg/cpp/cmdlne-dD-M.c (test for excess errors)
ERROR: gcc.dg/cpp/cmdlne-dD-M.c: error executing dg-final: couldn't open "cmdlne-dD-M.i": no such file or directory
UNRESOLVED: gcc.dg/cpp/cmdlne-dD-M.c: error executing dg-final: couldn't open "cmdlne-dD-M.i": no such file or directory
FAIL: gcc.dg/cpp/cmdlne-dD-dM.c scan-file (^|\\n)#define foo bar(\$|\\n)
FAIL: gcc.dg/cpp/cmdlne-dI-M.c (test for excess errors)
ERROR: gcc.dg/cpp/cmdlne-dI-M.c: error executing dg-final: couldn't open "cmdlne-dI-M.i": no such file or directory
UNRESOLVED: gcc.dg/cpp/cmdlne-dI-M.c: error executing dg-final: couldn't open "cmdlne-dI-M.i": no such file or directory
FAIL: gcc.dg/cpp/cmdlne-dM-M.c (test for excess errors)
ERROR: gcc.dg/cpp/cmdlne-dM-M.c: error executing dg-final: couldn't open "cmdlne-dM-M.i": no such file or directory
UNRESOLVED: gcc.dg/cpp/cmdlne-dM-M.c: error executing dg-final: couldn't open "cmdlne-dM-M.i": no such file or directory
FAIL: gcc.dg/cpp/cmdlne-dM-dD.c scan-file (^|\\n)#define foo bar(\$|\\n)
FAIL: gcc.dg/cpp/cmdlne-dN-M.c (test for excess errors)
ERROR: gcc.dg/cpp/cmdlne-dN-M.c: error executing dg-final: couldn't open "cmdlne-dN-M.i": no such file or directory
UNRESOLVED: gcc.dg/cpp/cmdlne-dN-M.c: error executing dg-final: couldn't open "cmdlne-dN-M.i": no such file or directory
FAIL: gcc.dg/cpp/maccom1.c scan-file (^|\\n)passed
FAIL: gcc.dg/20010516-1.c (test for excess errors)
FAIL: gcc.dg/20020304-1.c (test for excess errors)
WARNING: gcc.dg/20021014-1.c compilation failed to produce executable
FAIL: gcc.dg/20030331-2.c (test for excess errors)
FAIL: gcc.dg/Wunreachable-2.c (test for excess errors)
FAIL: gcc.dg/Wunreachable-4.c (test for excess errors)
FAIL: gcc.dg/asm-7.c  (test for warnings, line 12)
FAIL: gcc.dg/asm-7.c  (test for warnings, line 15)
FAIL: gcc.dg/asm-7.c  (test for warnings, line 16)
FAIL: gcc.dg/asm-7.c  (test for warnings, line 25)
FAIL: gcc.dg/asm-7.c (test for excess errors)
FAIL: gcc.dg/builtins-10.c (test for excess errors)
FAIL: gcc.dg/builtins-18.c (test for excess errors)
FAIL: gcc.dg/builtins-20.c (test for excess errors)
FAIL: gcc.dg/builtins-26.c (test for excess errors)
FAIL: gcc.dg/builtins-7.c (test for excess errors)
ERROR: gcc.dg/const-elim-2.c: error executing dg-final: bad switch "-inline": must be -indices, -nocase, or --
UNRESOLVED: gcc.dg/const-elim-2.c: error executing dg-final: bad switch "-inline": must be -indices, -nocase, or --
WARNING: gcc.dg/nest.c compilation failed to produce executable
XPASS: gcc.dg/sibcall-3.c execution test
XPASS: gcc.dg/sibcall-4.c execution test
XPASS: gcc.dg/uninit-2.c uninitialized variable warning (test for bogus messages, line 28)
XPASS: gcc.dg/uninit-4.c uninitialized variable warning (test for bogus messages, line 26)
XPASS: gcc.dg/uninit-5.c uninitialized variable warning (test for bogus messages, line 13)
XPASS: gcc.dg/uninit-5.c uninitialized variable warning (test for bogus messages, line 27)
XPASS: gcc.dg/uninit-8.c uninitialized variable warning (test for bogus messages, line 14)
FAIL: gcc.dg/unused-5.c scan-assembler string_to_look_for
FAIL: gcc.dg/warn-1.c  (test for warnings, line 8)
FAIL: gcc.dg/warn-1.c  (test for warnings, line 15)
FAIL: gcc.dg/warn-1.c (test for excess errors)
FAIL: gcc.dg/pch/static-1.c  -O0  assembly comparison
FAIL: gcc.dg/pch/static-1.c  -O1  assembly comparison
FAIL: gcc.dg/pch/static-1.c  -O2  assembly comparison
FAIL: gcc.dg/pch/static-1.c  -Os  assembly comparison
FAIL: gcc.dg/pch/static-2.c  -O0  assembly comparison
FAIL: gcc.dg/pch/static-2.c  -O1  assembly comparison
FAIL: gcc.dg/pch/static-2.c  -O2  assembly comparison
FAIL: gcc.dg/pch/static-2.c  -Os  assembly comparison
FAIL: gcc.dg/pch/static-3.c  -O0  assembly comparison
FAIL: gcc.dg/pch/static-3.c  -O1  assembly comparison
FAIL: gcc.dg/pch/static-3.c  -O2  assembly comparison
FAIL: gcc.dg/pch/static-3.c  -Os  assembly comparison
FAIL: gcc.dg/special/wkali-2.c (test for excess errors)
FAIL: gcc.dg/special/wkali-2.c execution test
ERROR: gcc.dg/tree-ssa/20030530-2.c: error executing dg-final: bad switch "-inline": must be -indices, -nocase, or --
UNRESOLVED: gcc.dg/tree-ssa/20030530-2.c: error executing dg-final: bad switch "-inline": must be -indices, -nocase, or --
ERROR: gcc.dg/tree-ssa/20030611-1.c: error executing dg-final: bad switch "-inline": must be -indices, -nocase, or --
UNRESOLVED: gcc.dg/tree-ssa/20030611-1.c: error executing dg-final: bad switch "-inline": must be -indices, -nocase, or --
ERROR: gcc.dg/tree-ssa/20030703-1.c: error executing dg-final: bad switch "-inline": must be -indices, -nocase, or --
UNRESOLVED: gcc.dg/tree-ssa/20030703-1.c: error executing dg-final: bad switch "-inline": must be -indices, -nocase, or --
ERROR: gcc.dg/tree-ssa/20030703-2.c: error executing dg-final: bad switch "-inline": must be -indices, -nocase, or --
UNRESOLVED: gcc.dg/tree-ssa/20030703-2.c: error executing dg-final: bad switch "-inline": must be -indices, -nocase, or --
ERROR: gcc.dg/tree-ssa/20030708-1.c: error executing dg-final: bad switch "-inline": must be -indices, -nocase, or --
UNRESOLVED: gcc.dg/tree-ssa/20030708-1.c: error executing dg-final: bad switch "-inline": must be -indices, -nocase, or --
ERROR: gcc.dg/tree-ssa/20030709-1.c: error executing dg-final: bad switch "-inline": must be -indices, -nocase, or --
UNRESOLVED: gcc.dg/tree-ssa/20030709-1.c: error executing dg-final: bad switch "-inline": must be -indices, -nocase, or --
ERROR: gcc.dg/tree-ssa/20030709-2.c: error executing dg-final: bad switch "-inline": must be -indices, -nocase, or --
UNRESOLVED: gcc.dg/tree-ssa/20030709-2.c: error executing dg-final: bad switch "-inline": must be -indices, -nocase, or --
ERROR: gcc.dg/tree-ssa/20030709-3.c: error executing dg-final: bad switch "-inline": must be -indices, -nocase, or --
UNRESOLVED: gcc.dg/tree-ssa/20030709-3.c: error executing dg-final: bad switch "-inline": must be -indices, -nocase, or --
ERROR: gcc.dg/tree-ssa/20030710-1.c: error executing dg-final: bad switch "-inline": must be -indices, -nocase, or --
UNRESOLVED: gcc.dg/tree-ssa/20030710-1.c: error executing dg-final: bad switch "-inline": must be -indices, -nocase, or --
ERROR: gcc.dg/tree-ssa/20030711-1.c: error executing dg-final: bad switch "-inline": must be -indices, -nocase, or --
UNRESOLVED: gcc.dg/tree-ssa/20030711-1.c: error executing dg-final: bad switch "-inline": must be -indices, -nocase, or --
ERROR: gcc.dg/tree-ssa/20030711-2.c: error executing dg-final: bad switch "-inline": must be -indices, -nocase, or --
UNRESOLVED: gcc.dg/tree-ssa/20030711-2.c: error executing dg-final: bad switch "-inline": must be -indices, -nocase, or --
ERROR: gcc.dg/tree-ssa/20030711-3.c: error executing dg-final: bad switch "-inline": must be -indices, -nocase, or --
UNRESOLVED: gcc.dg/tree-ssa/20030711-3.c: error executing dg-final: bad switch "-inline": must be -indices, -nocase, or --
ERROR: gcc.dg/tree-ssa/20030714-1.c: error executing dg-final: bad switch "-inline": must be -indices, -nocase, or --
UNRESOLVED: gcc.dg/tree-ssa/20030714-1.c: error executing dg-final: bad switch "-inline": must be -indices, -nocase, or --
ERROR: gcc.dg/tree-ssa/20030728-1.c: error executing dg-final: bad switch "-inline": must be -indices, -nocase, or --
UNRESOLVED: gcc.dg/tree-ssa/20030728-1.c: error executing dg-final: bad switch "-inline": must be -indices, -nocase, or --
ERROR: gcc.dg/tree-ssa/20030729-1.c: error executing dg-final: bad switch "-inline": must be -indices, -nocase, or --
UNRESOLVED: gcc.dg/tree-ssa/20030729-1.c: error executing dg-final: bad switch "-inline": must be -indices, -nocase, or --
ERROR: gcc.dg/tree-ssa/20030730-1.c: error executing dg-final: bad switch "-inline": must be -indices, -nocase, or --
UNRESOLVED: gcc.dg/tree-ssa/20030730-1.c: error executing dg-final: bad switch "-inline": must be -indices, -nocase, or --
ERROR: gcc.dg/tree-ssa/20030730-2.c: error executing dg-final: bad switch "-inline": must be -indices, -nocase, or --
UNRESOLVED: gcc.dg/tree-ssa/20030730-2.c: error executing dg-final: bad switch "-inline": must be -indices, -nocase, or --
ERROR: gcc.dg/tree-ssa/20030731-2.c: error executing dg-final: bad switch "-inline": must be -indices, -nocase, or --
UNRESOLVED: gcc.dg/tree-ssa/20030731-2.c: error executing dg-final: bad switch "-inline": must be -indices, -nocase, or --
ERROR: gcc.dg/tree-ssa/ssa-ccp-1.c: error executing dg-final: bad switch "-inline": must be -indices, -nocase, or --
UNRESOLVED: gcc.dg/tree-ssa/ssa-ccp-1.c: error executing dg-final: bad switch "-inline": must be -indices, -nocase, or --
ERROR: gcc.dg/tree-ssa/ssa-ccp-2.c: error executing dg-final: bad switch "-inline": must be -indices, -nocase, or --
UNRESOLVED: gcc.dg/tree-ssa/ssa-ccp-2.c: error executing dg-final: bad switch "-inline": must be -indices, -nocase, or --
ERROR: gcc.dg/tree-ssa/ssa-ccp-3.c: error executing dg-final: bad switch "-inline": must be -indices, -nocase, or --
UNRESOLVED: gcc.dg/tree-ssa/ssa-ccp-3.c: error executing dg-final: bad switch "-inline": must be -indices, -nocase, or --
ERROR: gcc.dg/tree-ssa/ssa-ccp-4.c: error executing dg-final: bad switch "-inline": must be -indices, -nocase, or --
UNRESOLVED: gcc.dg/tree-ssa/ssa-ccp-4.c: error executing dg-final: bad switch "-inline": must be -indices, -nocase, or --
ERROR: gcc.dg/tree-ssa/ssa-ccp-5.c: error executing dg-final: bad switch "-inline": must be -indices, -nocase, or --
UNRESOLVED: gcc.dg/tree-ssa/ssa-ccp-5.c: error executing dg-final: bad switch "-inline": must be -indices, -nocase, or --
ERROR: gcc.dg/tree-ssa/ssa-ccp-6.c: error executing dg-final: bad switch "-inline": must be -indices, -nocase, or --
UNRESOLVED: gcc.dg/tree-ssa/ssa-ccp-6.c: error executing dg-final: bad switch "-inline": must be -indices, -nocase, or --
ERROR: gcc.dg/tree-ssa/ssa-ccp-7.c: error executing dg-final: bad switch "-inline": must be -indices, -nocase, or --
UNRESOLVED: gcc.dg/tree-ssa/ssa-ccp-7.c: error executing dg-final: bad switch "-inline": must be -indices, -nocase, or --
ERROR: gcc.dg/tree-ssa/ssa-ccp-8.c: error executing dg-final: bad switch "-inline": must be -indices, -nocase, or --
UNRESOLVED: gcc.dg/tree-ssa/ssa-ccp-8.c: error executing dg-final: bad switch "-inline": must be -indices, -nocase, or --
ERROR: gcc.dg/tree-ssa/ssa-ccp-9.c: error executing dg-final: bad switch "-inline": must be -indices, -nocase, or --
UNRESOLVED: gcc.dg/tree-ssa/ssa-ccp-9.c: error executing dg-final: bad switch "-inline": must be -indices, -nocase, or --

		=== gcc Summary ===

# of expected passes		22696
# of unexpected failures	101
# of unexpected successes	13
# of expected failures		75
# of unresolved testcases	42
# of unsupported tests		235
/disk4/billingd/obj/gcc-tree-ssa/gcc/xgcc version 3.5-tree-ssa 20030807 (merged 20030722)

		=== gfortran tests ===


Running target unix
FAIL: gfortran.fortran-torture/execute/args.f90 compilation,  -O0 
FAIL: gfortran.fortran-torture/execute/args.f90 compilation,  -O1 
FAIL: gfortran.fortran-torture/execute/args.f90 compilation,  -O2 
FAIL: gfortran.fortran-torture/execute/args.f90 compilation,  -O2 -fomit-frame-pointer -finline-functions 
FAIL: gfortran.fortran-torture/execute/args.f90 compilation,  -O2 -fomit-frame-pointer -finline-functions -funroll-loops 
FAIL: gfortran.fortran-torture/execute/args.f90 compilation,  -O2 -fomit-frame-pointer -finline-functions -funroll-all-loops 
FAIL: gfortran.fortran-torture/execute/args.f90 compilation,  -O2 -fno-repack-arrays 
FAIL: gfortran.fortran-torture/execute/args.f90 compilation,  -O2 -fg77-calls 
FAIL: gfortran.fortran-torture/execute/args.f90 compilation,  -O3 -g 
FAIL: gfortran.fortran-torture/execute/args.f90 compilation,  -Os 
FAIL: gfortran.fortran-torture/execute/arithmeticif.f90 compilation,  -O0 
FAIL: gfortran.fortran-torture/execute/arithmeticif.f90 compilation,  -O1 
FAIL: gfortran.fortran-torture/execute/arithmeticif.f90 compilation,  -O2 
FAIL: gfortran.fortran-torture/execute/arithmeticif.f90 compilation,  -O2 -fomit-frame-pointer -finline-functions 
FAIL: gfortran.fortran-torture/execute/arithmeticif.f90 compilation,  -O2 -fomit-frame-pointer -finline-functions -funroll-loops 
FAIL: gfortran.fortran-torture/execute/arithmeticif.f90 compilation,  -O2 -fomit-frame-pointer -finline-functions -funroll-all-loops 
FAIL: gfortran.fortran-torture/execute/arithmeticif.f90 compilation,  -O2 -fno-repack-arrays 
FAIL: gfortran.fortran-torture/execute/arithmeticif.f90 compilation,  -O2 -fg77-calls 
FAIL: gfortran.fortran-torture/execute/arithmeticif.f90 compilation,  -O3 -g 
FAIL: gfortran.fortran-torture/execute/arithmeticif.f90 compilation,  -Os 
FAIL: gfortran.fortran-torture/execute/arrayarg.f90 compilation,  -O0 
FAIL: gfortran.fortran-torture/execute/arrayarg.f90 compilation,  -O1 
FAIL: gfortran.fortran-torture/execute/arrayarg.f90 compilation,  -O2 
FAIL: gfortran.fortran-torture/execute/arrayarg.f90 compilation,  -O2 -fomit-frame-pointer -finline-functions 
FAIL: gfortran.fortran-torture/execute/arrayarg.f90 compilation,  -O2 -fomit-frame-pointer -finline-functions -funroll-loops 
FAIL: gfortran.fortran-torture/execute/arrayarg.f90 compilation,  -O2 -fomit-frame-pointer -finline-functions -funroll-all-loops 
FAIL: gfortran.fortran-torture/execute/arrayarg.f90 compilation,  -O2 -fno-repack-arrays 
FAIL: gfortran.fortran-torture/execute/arrayarg.f90 compilation,  -O2 -fg77-calls 
FAIL: gfortran.fortran-torture/execute/arrayarg.f90 compilation,  -O3 -g 
FAIL: gfortran.fortran-torture/execute/arrayarg.f90 compilation,  -Os 
FAIL: gfortran.fortran-torture/execute/arrayarg2.f90 compilation,  -O0 
FAIL: gfortran.fortran-torture/execute/arrayarg2.f90 compilation,  -O1 
FAIL: gfortran.fortran-torture/execute/arrayarg2.f90 compilation,  -O2 
FAIL: gfortran.fortran-torture/execute/arrayarg2.f90 compilation,  -O2 -fomit-frame-pointer -finline-functions 
FAIL: gfortran.fortran-torture/execute/arrayarg2.f90 compilation,  -O2 -fomit-frame-pointer -finline-functions -funroll-loops 
FAIL: gfortran.fortran-torture/execute/arrayarg2.f90 compilation,  -O2 -fomit-frame-pointer -finline-functions -funroll-all-loops 
FAIL: gfortran.fortran-torture/execute/arrayarg2.f90 compilation,  -O2 -fno-repack-arrays 
FAIL: gfortran.fortran-torture/execute/arrayarg2.f90 compilation,  -O2 -fg77-calls 
FAIL: gfortran.fortran-torture/execute/arrayarg2.f90 compilation,  -O3 -g 
FAIL: gfortran.fortran-torture/execute/arrayarg2.f90 compilation,  -Os 
FAIL: gfortran.fortran-torture/execute/arraysave.f90 compilation,  -O0 
FAIL: gfortran.fortran-torture/execute/arraysave.f90 compilation,  -O1 
FAIL: gfortran.fortran-torture/execute/arraysave.f90 compilation,  -O2 
FAIL: gfortran.fortran-torture/execute/arraysave.f90 compilation,  -O2 -fomit-frame-pointer -finline-functions 
FAIL: gfortran.fortran-torture/execute/arraysave.f90 compilation,  -O2 -fomit-frame-pointer -finline-functions -funroll-loops 
FAIL: gfortran.fortran-torture/execute/arraysave.f90 compilation,  -O2 -fomit-frame-pointer -finline-functions -funroll-all-loops 
FAIL: gfortran.fortran-torture/execute/arraysave.f90 compilation,  -O2 -fno-repack-arrays 
FAIL: gfortran.fortran-torture/execute/arraysave.f90 compilation,  -O2 -fg77-calls 
FAIL: gfortran.fortran-torture/execute/arraysave.f90 compilation,  -O3 -g 
FAIL: gfortran.fortran-torture/execute/arraysave.f90 compilation,  -Os 
FAIL: gfortran.fortran-torture/execute/assumed_size.f90 compilation,  -O0 
FAIL: gfortran.fortran-torture/execute/assumed_size.f90 compilation,  -O1 
FAIL: gfortran.fortran-torture/execute/assumed_size.f90 compilation,  -O2 
FAIL: gfortran.fortran-torture/execute/assumed_size.f90 compilation,  -O2 -fomit-frame-pointer -finline-functions 
FAIL: gfortran.fortran-torture/execute/assumed_size.f90 compilation,  -O2 -fomit-frame-pointer -finline-functions -funroll-loops 
FAIL: gfortran.fortran-torture/execute/assumed_size.f90 compilation,  -O2 -fomit-frame-pointer -finline-functions -funroll-all-loops 
FAIL: gfortran.fortran-torture/execute/assumed_size.f90 compilation,  -O2 -fno-repack-arrays 
FAIL: gfortran.fortran-torture/execute/assumed_size.f90 compilation,  -O2 -fg77-calls 
FAIL: gfortran.fortran-torture/execute/assumed_size.f90 compilation,  -O3 -g 
FAIL: gfortran.fortran-torture/execute/assumed_size.f90 compilation,  -Os 
FAIL: gfortran.fortran-torture/execute/bounds.f90 compilation,  -O0 
FAIL: gfortran.fortran-torture/execute/bounds.f90 compilation,  -O1 
FAIL: gfortran.fortran-torture/execute/bounds.f90 compilation,  -O2 
FAIL: gfortran.fortran-torture/execute/bounds.f90 compilation,  -O2 -fomit-frame-pointer -finline-functions 
FAIL: gfortran.fortran-torture/execute/bounds.f90 compilation,  -O2 -fomit-frame-pointer -finline-functions -funroll-loops 
FAIL: gfortran.fortran-torture/execute/bounds.f90 compilation,  -O2 -fomit-frame-pointer -finline-functions -funroll-all-loops 
FAIL: gfortran.fortran-torture/execute/bounds.f90 compilation,  -O2 -fno-repack-arrays 
FAIL: gfortran.fortran-torture/execute/bounds.f90 compilation,  -O2 -fg77-calls 
FAIL: gfortran.fortran-torture/execute/bounds.f90 compilation,  -O3 -g 
FAIL: gfortran.fortran-torture/execute/bounds.f90 compilation,  -Os 
FAIL: gfortran.fortran-torture/execute/character_select_1.f90 compilation,  -O0 
FAIL: gfortran.fortran-torture/execute/character_select_1.f90 compilation,  -O1 
FAIL: gfortran.fortran-torture/execute/character_select_1.f90 compilation,  -O2 
FAIL: gfortran.fortran-torture/execute/character_select_1.f90 compilation,  -O2 -fomit-frame-pointer -finline-functions 
FAIL: gfortran.fortran-torture/execute/character_select_1.f90 compilation,  -O2 -fomit-frame-pointer -finline-functions -funroll-loops 
FAIL: gfortran.fortran-torture/execute/character_select_1.f90 compilation,  -O2 -fomit-frame-pointer -finline-functions -funroll-all-loops 
FAIL: gfortran.fortran-torture/execute/character_select_1.f90 compilation,  -O2 -fno-repack-arrays 
FAIL: gfortran.fortran-torture/execute/character_select_1.f90 compilation,  -O2 -fg77-calls 
FAIL: gfortran.fortran-torture/execute/character_select_1.f90 compilation,  -O3 -g 
FAIL: gfortran.fortran-torture/execute/character_select_1.f90 compilation,  -Os 
FAIL: gfortran.fortran-torture/execute/cmplx.f90 compilation,  -O0 
FAIL: gfortran.fortran-torture/execute/cmplx.f90 compilation,  -O1 
FAIL: gfortran.fortran-torture/execute/cmplx.f90 compilation,  -O2 
FAIL: gfortran.fortran-torture/execute/cmplx.f90 compilation,  -O2 -fomit-frame-pointer -finline-functions 
FAIL: gfortran.fortran-torture/execute/cmplx.f90 compilation,  -O2 -fomit-frame-pointer -finline-functions -funroll-loops 
FAIL: gfortran.fortran-torture/execute/cmplx.f90 compilation,  -O2 -fomit-frame-pointer -finline-functions -funroll-all-loops 
FAIL: gfortran.fortran-torture/execute/cmplx.f90 compilation,  -O2 -fno-repack-arrays 
FAIL: gfortran.fortran-torture/execute/cmplx.f90 compilation,  -O2 -fg77-calls 
FAIL: gfortran.fortran-torture/execute/cmplx.f90 compilation,  -O3 -g 
FAIL: gfortran.fortran-torture/execute/cmplx.f90 compilation,  -Os 
FAIL: gfortran.fortran-torture/execute/constructor.f90 compilation,  -O0 
FAIL: gfortran.fortran-torture/execute/constructor.f90 compilation,  -O1 
FAIL: gfortran.fortran-torture/execute/constructor.f90 compilation,  -O2 
FAIL: gfortran.fortran-torture/execute/constructor.f90 compilation,  -O2 -fomit-frame-pointer -finline-functions 
FAIL: gfortran.fortran-torture/execute/constructor.f90 compilation,  -O2 -fomit-frame-pointer -finline-functions -funroll-loops 
FAIL: gfortran.fortran-torture/execute/constructor.f90 compilation,  -O2 -fomit-frame-pointer -finline-functions -funroll-all-loops 
FAIL: gfortran.fortran-torture/execute/constructor.f90 compilation,  -O2 -fno-repack-arrays 
FAIL: gfortran.fortran-torture/execute/constructor.f90 compilation,  -O2 -fg77-calls 
FAIL: gfortran.fortran-torture/execute/constructor.f90 compilation,  -O3 -g 
FAIL: gfortran.fortran-torture/execute/constructor.f90 compilation,  -Os 
FAIL: gfortran.fortran-torture/execute/contained.f90 compilation,  -O0 
FAIL: gfortran.fortran-torture/execute/contained.f90 compilation,  -O1 
FAIL: gfortran.fortran-torture/execute/contained.f90 compilation,  -O2 
FAIL: gfortran.fortran-torture/execute/contained.f90 compilation,  -O2 -fomit-frame-pointer -finline-functions 
FAIL: gfortran.fortran-torture/execute/contained.f90 compilation,  -O2 -fomit-frame-pointer -finline-functions -funroll-loops 
FAIL: gfortran.fortran-torture/execute/contained.f90 compilation,  -O2 -fomit-frame-pointer -finline-functions -funroll-all-loops 
FAIL: gfortran.fortran-torture/execute/contained.f90 compilation,  -O2 -fno-repack-arrays 
FAIL: gfortran.fortran-torture/execute/contained.f90 compilation,  -O2 -fg77-calls 
FAIL: gfortran.fortran-torture/execute/contained.f90 compilation,  -O3 -g 
FAIL: gfortran.fortran-torture/execute/contained.f90 compilation,  -Os 
FAIL: gfortran.fortran-torture/execute/contained2.f90 compilation,  -O0 
FAIL: gfortran.fortran-torture/execute/contained2.f90 compilation,  -O1 
FAIL: gfortran.fortran-torture/execute/contained2.f90 compilation,  -O2 
FAIL: gfortran.fortran-torture/execute/contained2.f90 compilation,  -O2 -fomit-frame-pointer -finline-functions 
FAIL: gfortran.fortran-torture/execute/contained2.f90 compilation,  -O2 -fomit-frame-pointer -finline-functions -funroll-loops 
FAIL: gfortran.fortran-torture/execute/contained2.f90 compilation,  -O2 -fomit-frame-pointer -finline-functions -funroll-all-loops 
FAIL: gfortran.fortran-torture/execute/contained2.f90 compilation,  -O2 -fno-repack-arrays 
FAIL: gfortran.fortran-torture/execute/contained2.f90 compilation,  -O2 -fg77-calls 
FAIL: gfortran.fortran-torture/execute/contained2.f90 compilation,  -O3 -g 
FAIL: gfortran.fortran-torture/execute/contained2.f90 compilation,  -Os 
FAIL: gfortran.fortran-torture/execute/dep_fails.f90 compilation,  -O0 
FAIL: gfortran.fortran-torture/execute/dep_fails.f90 compilation,  -O1 
FAIL: gfortran.fortran-torture/execute/dep_fails.f90 compilation,  -O2 
FAIL: gfortran.fortran-torture/execute/dep_fails.f90 compilation,  -O2 -fomit-frame-pointer -finline-functions 
FAIL: gfortran.fortran-torture/execute/dep_fails.f90 compilation,  -O2 -fomit-frame-pointer -finline-functions -funroll-loops 
FAIL: gfortran.fortran-torture/execute/dep_fails.f90 compilation,  -O2 -fomit-frame-pointer -finline-functions -funroll-all-loops 
FAIL: gfortran.fortran-torture/execute/dep_fails.f90 compilation,  -O2 -fno-repack-arrays 
FAIL: gfortran.fortran-torture/execute/dep_fails.f90 compilation,  -O2 -fg77-calls 
FAIL: gfortran.fortran-torture/execute/dep_fails.f90 compilation,  -O3 -g 
FAIL: gfortran.fortran-torture/execute/dep_fails.f90 compilation,  -Os 
FAIL: gfortran.fortran-torture/execute/der_init.f90 compilation,  -O0 
FAIL: gfortran.fortran-torture/execute/der_init.f90 compilation,  -O1 
FAIL: gfortran.fortran-torture/execute/der_init.f90 compilation,  -O2 
FAIL: gfortran.fortran-torture/execute/der_init.f90 compilation,  -O2 -fomit-frame-pointer -finline-functions 
FAIL: gfortran.fortran-torture/execute/der_init.f90 compilation,  -O2 -fomit-frame-pointer -finline-functions -funroll-loops 
FAIL: gfortran.fortran-torture/execute/der_init.f90 compilation,  -O2 -fomit-frame-pointer -finline-functions -funroll-all-loops 
FAIL: gfortran.fortran-torture/execute/der_init.f90 compilation,  -O2 -fno-repack-arrays 
FAIL: gfortran.fortran-torture/execute/der_init.f90 compilation,  -O2 -fg77-calls 
FAIL: gfortran.fortran-torture/execute/der_init.f90 compilation,  -O3 -g 
FAIL: gfortran.fortran-torture/execute/der_init.f90 compilation,  -Os 
FAIL: gfortran.fortran-torture/execute/der_point.f90 compilation,  -O0 
FAIL: gfortran.fortran-torture/execute/der_point.f90 compilation,  -O1 
FAIL: gfortran.fortran-torture/execute/der_point.f90 compilation,  -O2 
FAIL: gfortran.fortran-torture/execute/der_point.f90 compilation,  -O2 -fomit-frame-pointer -finline-functions 
FAIL: gfortran.fortran-torture/execute/der_point.f90 compilation,  -O2 -fomit-frame-pointer -finline-functions -funroll-loops 
FAIL: gfortran.fortran-torture/execute/der_point.f90 compilation,  -O2 -fomit-frame-pointer -finline-functions -funroll-all-loops 
FAIL: gfortran.fortran-torture/execute/der_point.f90 compilation,  -O2 -fno-repack-arrays 
FAIL: gfortran.fortran-torture/execute/der_point.f90 compilation,  -O2 -fg77-calls 
FAIL: gfortran.fortran-torture/execute/der_point.f90 compilation,  -O3 -g 
FAIL: gfortran.fortran-torture/execute/der_point.f90 compilation,  -Os 
FAIL: gfortran.fortran-torture/execute/der_type.f90 compilation,  -O0 
FAIL: gfortran.fortran-torture/execute/der_type.f90 compilation,  -O1 
FAIL: gfortran.fortran-torture/execute/der_type.f90 compilation,  -O2 
FAIL: gfortran.fortran-torture/execute/der_type.f90 compilation,  -O2 -fomit-frame-pointer -finline-functions 
FAIL: gfortran.fortran-torture/execute/der_type.f90 compilation,  -O2 -fomit-frame-pointer -finline-functions -funroll-loops 
FAIL: gfortran.fortran-torture/execute/der_type.f90 compilation,  -O2 -fomit-frame-pointer -finline-functions -funroll-all-loops 
FAIL: gfortran.fortran-torture/execute/der_type.f90 compilation,  -O2 -fno-repack-arrays 
FAIL: gfortran.fortran-torture/execute/der_type.f90 compilation,  -O2 -fg77-calls 
FAIL: gfortran.fortran-torture/execute/der_type.f90 compilation,  -O3 -g 
FAIL: gfortran.fortran-torture/execute/der_type.f90 compilation,  -Os 
FAIL: gfortran.fortran-torture/execute/elemental.f90 compilation,  -O0 
FAIL: gfortran.fortran-torture/execute/elemental.f90 compilation,  -O1 
FAIL: gfortran.fortran-torture/execute/elemental.f90 compilation,  -O2 
FAIL: gfortran.fortran-torture/execute/elemental.f90 compilation,  -O2 -fomit-frame-pointer -finline-functions 
FAIL: gfortran.fortran-torture/execute/elemental.f90 compilation,  -O2 -fomit-frame-pointer -finline-functions -funroll-loops 
FAIL: gfortran.fortran-torture/execute/elemental.f90 compilation,  -O2 -fomit-frame-pointer -finline-functions -funroll-all-loops 
FAIL: gfortran.fortran-torture/execute/elemental.f90 compilation,  -O2 -fno-repack-arrays 
FAIL: gfortran.fortran-torture/execute/elemental.f90 compilation,  -O2 -fg77-calls 
FAIL: gfortran.fortran-torture/execute/elemental.f90 compilation,  -O3 -g 
FAIL: gfortran.fortran-torture/execute/elemental.f90 compilation,  -Os 
FAIL: gfortran.fortran-torture/execute/forall.f90 compilation,  -O0 
FAIL: gfortran.fortran-torture/execute/forall.f90 compilation,  -O1 
FAIL: gfortran.fortran-torture/execute/forall.f90 compilation,  -O2 
FAIL: gfortran.fortran-torture/execute/forall.f90 compilation,  -O2 -fomit-frame-pointer -finline-functions 
FAIL: gfortran.fortran-torture/execute/forall.f90 compilation,  -O2 -fomit-frame-pointer -finline-functions -funroll-loops 
FAIL: gfortran.fortran-torture/execute/forall.f90 compilation,  -O2 -fomit-frame-pointer -finline-functions -funroll-all-loops 
FAIL: gfortran.fortran-torture/execute/forall.f90 compilation,  -O2 -fno-repack-arrays 
FAIL: gfortran.fortran-torture/execute/forall.f90 compilation,  -O2 -fg77-calls 
FAIL: gfortran.fortran-torture/execute/forall.f90 compilation,  -O3 -g 
FAIL: gfortran.fortran-torture/execute/forall.f90 compilation,  -Os 
FAIL: gfortran.fortran-torture/execute/forall_1.f90 compilation,  -O0 
FAIL: gfortran.fortran-torture/execute/forall_1.f90 compilation,  -O1 
FAIL: gfortran.fortran-torture/execute/forall_1.f90 compilation,  -O2 
FAIL: gfortran.fortran-torture/execute/forall_1.f90 compilation,  -O2 -fomit-frame-pointer -finline-functions 
FAIL: gfortran.fortran-torture/execute/forall_1.f90 compilation,  -O2 -fomit-frame-pointer -finline-functions -funroll-loops 
FAIL: gfortran.fortran-torture/execute/forall_1.f90 compilation,  -O2 -fomit-frame-pointer -finline-functions -funroll-all-loops 
FAIL: gfortran.fortran-torture/execute/forall_1.f90 compilation,  -O2 -fno-repack-arrays 
FAIL: gfortran.fortran-torture/execute/forall_1.f90 compilation,  -O2 -fg77-calls 
FAIL: gfortran.fortran-torture/execute/forall_1.f90 compilation,  -O3 -g 
FAIL: gfortran.fortran-torture/execute/forall_1.f90 compilation,  -Os 
FAIL: gfortran.fortran-torture/execute/forall_2.f90 compilation,  -O0 
FAIL: gfortran.fortran-torture/execute/forall_2.f90 compilation,  -O1 
FAIL: gfortran.fortran-torture/execute/forall_2.f90 compilation,  -O2 
FAIL: gfortran.fortran-torture/execute/forall_2.f90 compilation,  -O2 -fomit-frame-pointer -finline-functions 
FAIL: gfortran.fortran-torture/execute/forall_2.f90 compilation,  -O2 -fomit-frame-pointer -finline-functions -funroll-loops 
FAIL: gfortran.fortran-torture/execute/forall_2.f90 compilation,  -O2 -fomit-frame-pointer -finline-functions -funroll-all-loops 
FAIL: gfortran.fortran-torture/execute/forall_2.f90 compilation,  -O2 -fno-repack-arrays 
FAIL: gfortran.fortran-torture/execute/forall_2.f90 compilation,  -O2 -fg77-calls 
FAIL: gfortran.fortran-torture/execute/forall_2.f90 compilation,  -O3 -g 
FAIL: gfortran.fortran-torture/execute/forall_2.f90 compilation,  -Os 
FAIL: gfortran.fortran-torture/execute/forall_3.f90 compilation,  -O0 
FAIL: gfortran.fortran-torture/execute/forall_3.f90 compilation,  -O1 
FAIL: gfortran.fortran-torture/execute/forall_3.f90 compilation,  -O2 
FAIL: gfortran.fortran-torture/execute/forall_3.f90 compilation,  -O2 -fomit-frame-pointer -finline-functions 
FAIL: gfortran.fortran-torture/execute/forall_3.f90 compilation,  -O2 -fomit-frame-pointer -finline-functions -funroll-loops 
FAIL: gfortran.fortran-torture/execute/forall_3.f90 compilation,  -O2 -fomit-frame-pointer -finline-functions -funroll-all-loops 
FAIL: gfortran.fortran-torture/execute/forall_3.f90 compilation,  -O2 -fno-repack-arrays 
FAIL: gfortran.fortran-torture/execute/forall_3.f90 compilation,  -O2 -fg77-calls 
FAIL: gfortran.fortran-torture/execute/forall_3.f90 compilation,  -O3 -g 
FAIL: gfortran.fortran-torture/execute/forall_3.f90 compilation,  -Os 
FAIL: gfortran.fortran-torture/execute/forall_4.f90 compilation,  -O0 
FAIL: gfortran.fortran-torture/execute/forall_4.f90 compilation,  -O1 
FAIL: gfortran.fortran-torture/execute/forall_4.f90 compilation,  -O2 
FAIL: gfortran.fortran-torture/execute/forall_4.f90 compilation,  -O2 -fomit-frame-pointer -finline-functions 
FAIL: gfortran.fortran-torture/execute/forall_4.f90 compilation,  -O2 -fomit-frame-pointer -finline-functions -funroll-loops 
FAIL: gfortran.fortran-torture/execute/forall_4.f90 compilation,  -O2 -fomit-frame-pointer -finline-functions -funroll-all-loops 
FAIL: gfortran.fortran-torture/execute/forall_4.f90 compilation,  -O2 -fno-repack-arrays 
FAIL: gfortran.fortran-torture/execute/forall_4.f90 compilation,  -O2 -fg77-calls 
FAIL: gfortran.fortran-torture/execute/forall_4.f90 compilation,  -O3 -g 
FAIL: gfortran.fortran-torture/execute/forall_4.f90 compilation,  -Os 
FAIL: gfortran.fortran-torture/execute/forall_5.f90 compilation,  -O0 
FAIL: gfortran.fortran-torture/execute/forall_5.f90 compilation,  -O1 
FAIL: gfortran.fortran-torture/execute/forall_5.f90 compilation,  -O2 
FAIL: gfortran.fortran-torture/execute/forall_5.f90 compilation,  -O2 -fomit-frame-pointer -finline-functions 
FAIL: gfortran.fortran-torture/execute/forall_5.f90 compilation,  -O2 -fomit-frame-pointer -finline-functions -funroll-loops 
FAIL: gfortran.fortran-torture/execute/forall_5.f90 compilation,  -O2 -fomit-frame-pointer -finline-functions -funroll-all-loops 
FAIL: gfortran.fortran-torture/execute/forall_5.f90 compilation,  -O2 -fno-repack-arrays 
FAIL: gfortran.fortran-torture/execute/forall_5.f90 compilation,  -O2 -fg77-calls 
FAIL: gfortran.fortran-torture/execute/forall_5.f90 compilation,  -O3 -g 
FAIL: gfortran.fortran-torture/execute/forall_5.f90 compilation,  -Os 
FAIL: gfortran.fortran-torture/execute/forall_6.f90 compilation,  -O0 
FAIL: gfortran.fortran-torture/execute/forall_6.f90 compilation,  -O1 
FAIL: gfortran.fortran-torture/execute/forall_6.f90 compilation,  -O2 
FAIL: gfortran.fortran-torture/execute/forall_6.f90 compilation,  -O2 -fomit-frame-pointer -finline-functions 
FAIL: gfortran.fortran-torture/execute/forall_6.f90 compilation,  -O2 -fomit-frame-pointer -finline-functions -funroll-loops 
FAIL: gfortran.fortran-torture/execute/forall_6.f90 compilation,  -O2 -fomit-frame-pointer -finline-functions -funroll-all-loops 
FAIL: gfortran.fortran-torture/execute/forall_6.f90 compilation,  -O2 -fno-repack-arrays 
FAIL: gfortran.fortran-torture/execute/forall_6.f90 compilation,  -O2 -fg77-calls 
FAIL: gfortran.fortran-torture/execute/forall_6.f90 compilation,  -O3 -g 
FAIL: gfortran.fortran-torture/execute/forall_6.f90 compilation,  -Os 
FAIL: gfortran.fortran-torture/execute/function_module_1.f90 compilation,  -O0 
FAIL: gfortran.fortran-torture/execute/function_module_1.f90 compilation,  -O1 
FAIL: gfortran.fortran-torture/execute/function_module_1.f90 compilation,  -O2 
FAIL: gfortran.fortran-torture/execute/function_module_1.f90 compilation,  -O2 -fomit-frame-pointer -finline-functions 
FAIL: gfortran.fortran-torture/execute/function_module_1.f90 compilation,  -O2 -fomit-frame-pointer -finline-functions -funroll-loops 
FAIL: gfortran.fortran-torture/execute/function_module_1.f90 compilation,  -O2 -fomit-frame-pointer -finline-functions -funroll-all-loops 
FAIL: gfortran.fortran-torture/execute/function_module_1.f90 compilation,  -O2 -fno-repack-arrays 
FAIL: gfortran.fortran-torture/execute/function_module_1.f90 compilation,  -O2 -fg77-calls 
FAIL: gfortran.fortran-torture/execute/function_module_1.f90 compilation,  -O3 -g 
FAIL: gfortran.fortran-torture/execute/function_module_1.f90 compilation,  -Os 
FAIL: gfortran.fortran-torture/execute/initializer.f90 compilation,  -O0 
FAIL: gfortran.fortran-torture/execute/initializer.f90 compilation,  -O1 
FAIL: gfortran.fortran-torture/execute/initializer.f90 compilation,  -O2 
FAIL: gfortran.fortran-torture/execute/initializer.f90 compilation,  -O2 -fomit-frame-pointer -finline-functions 
FAIL: gfortran.fortran-torture/execute/initializer.f90 compilation,  -O2 -fomit-frame-pointer -finline-functions -funroll-loops 
FAIL: gfortran.fortran-torture/execute/initializer.f90 compilation,  -O2 -fomit-frame-pointer -finline-functions -funroll-all-loops 
FAIL: gfortran.fortran-torture/execute/initializer.f90 compilation,  -O2 -fno-repack-arrays 
FAIL: gfortran.fortran-torture/execute/initializer.f90 compilation,  -O2 -fg77-calls 
FAIL: gfortran.fortran-torture/execute/initializer.f90 compilation,  -O3 -g 
FAIL: gfortran.fortran-torture/execute/initializer.f90 compilation,  -Os 
FAIL: gfortran.fortran-torture/execute/integer_select.f90 compilation,  -O0 
FAIL: gfortran.fortran-torture/execute/integer_select.f90 compilation,  -O1 
FAIL: gfortran.fortran-torture/execute/integer_select.f90 compilation,  -O2 
FAIL: gfortran.fortran-torture/execute/integer_select.f90 compilation,  -O2 -fomit-frame-pointer -finline-functions 
FAIL: gfortran.fortran-torture/execute/integer_select.f90 compilation,  -O2 -fomit-frame-pointer -finline-functions -funroll-loops 
FAIL: gfortran.fortran-torture/execute/integer_select.f90 compilation,  -O2 -fomit-frame-pointer -finline-functions -funroll-all-loops 
FAIL: gfortran.fortran-torture/execute/integer_select.f90 compilation,  -O2 -fno-repack-arrays 
FAIL: gfortran.fortran-torture/execute/integer_select.f90 compilation,  -O2 -fg77-calls 
FAIL: gfortran.fortran-torture/execute/integer_select.f90 compilation,  -O3 -g 
FAIL: gfortran.fortran-torture/execute/integer_select.f90 compilation,  -Os 
FAIL: gfortran.fortran-torture/execute/integer_select_1.f90 compilation,  -O0 
FAIL: gfortran.fortran-torture/execute/integer_select_1.f90 compilation,  -O1 
FAIL: gfortran.fortran-torture/execute/integer_select_1.f90 compilation,  -O2 
FAIL: gfortran.fortran-torture/execute/integer_select_1.f90 compilation,  -O2 -fomit-frame-pointer -finline-functions 
FAIL: gfortran.fortran-torture/execute/integer_select_1.f90 compilation,  -O2 -fomit-frame-pointer -finline-functions -funroll-loops 
FAIL: gfortran.fortran-torture/execute/integer_select_1.f90 compilation,  -O2 -fomit-frame-pointer -finline-functions -funroll-all-loops 
FAIL: gfortran.fortran-torture/execute/integer_select_1.f90 compilation,  -O2 -fno-repack-arrays 
FAIL: gfortran.fortran-torture/execute/integer_select_1.f90 compilation,  -O2 -fg77-calls 
FAIL: gfortran.fortran-torture/execute/integer_select_1.f90 compilation,  -O3 -g 
FAIL: gfortran.fortran-torture/execute/integer_select_1.f90 compilation,  -Os 
FAIL: gfortran.fortran-torture/execute/intrinsic_abs.f90 compilation,  -O0 
FAIL: gfortran.fortran-torture/execute/intrinsic_abs.f90 compilation,  -O1 
FAIL: gfortran.fortran-torture/execute/intrinsic_abs.f90 compilation,  -O2 
FAIL: gfortran.fortran-torture/execute/intrinsic_abs.f90 compilation,  -O2 -fomit-frame-pointer -finline-functions 
FAIL: gfortran.fortran-torture/execute/intrinsic_abs.f90 compilation,  -O2 -fomit-frame-pointer -finline-functions -funroll-loops 
FAIL: gfortran.fortran-torture/execute/intrinsic_abs.f90 compilation,  -O2 -fomit-frame-pointer -finline-functions -funroll-all-loops 
FAIL: gfortran.fortran-torture/execute/intrinsic_abs.f90 compilation,  -O2 -fno-repack-arrays 
FAIL: gfortran.fortran-torture/execute/intrinsic_abs.f90 compilation,  -O2 -fg77-calls 
FAIL: gfortran.fortran-torture/execute/intrinsic_abs.f90 compilation,  -O3 -g 
FAIL: gfortran.fortran-torture/execute/intrinsic_abs.f90 compilation,  -Os 
FAIL: gfortran.fortran-torture/execute/intrinsic_anyall.f90 compilation,  -O0 
FAIL: gfortran.fortran-torture/execute/intrinsic_anyall.f90 compilation,  -O1 
FAIL: gfortran.fortran-torture/execute/intrinsic_anyall.f90 compilation,  -O2 
FAIL: gfortran.fortran-torture/execute/intrinsic_anyall.f90 compilation,  -O2 -fomit-frame-pointer -finline-functions 
FAIL: gfortran.fortran-torture/execute/intrinsic_anyall.f90 compilation,  -O2 -fomit-frame-pointer -finline-functions -funroll-loops 
FAIL: gfortran.fortran-torture/execute/intrinsic_anyall.f90 compilation,  -O2 -fomit-frame-pointer -finline-functions -funroll-all-loops 
FAIL: gfortran.fortran-torture/execute/intrinsic_anyall.f90 compilation,  -O2 -fno-repack-arrays 
FAIL: gfortran.fortran-torture/execute/intrinsic_anyall.f90 compilation,  -O2 -fg77-calls 
FAIL: gfortran.fortran-torture/execute/intrinsic_anyall.f90 compilation,  -O3 -g 
FAIL: gfortran.fortran-torture/execute/intrinsic_anyall.f90 compilation,  -Os 
FAIL: gfortran.fortran-torture/execute/intrinsic_associated.f90 compilation,  -O0 
FAIL: gfortran.fortran-torture/execute/intrinsic_associated.f90 compilation,  -O1 
FAIL: gfortran.fortran-torture/execute/intrinsic_associated.f90 compilation,  -O2 
FAIL: gfortran.fortran-torture/execute/intrinsic_associated.f90 compilation,  -O2 -fomit-frame-pointer -finline-functions 
FAIL: gfortran.fortran-torture/execute/intrinsic_associated.f90 compilation,  -O2 -fomit-frame-pointer -finline-functions -funroll-loops 
FAIL: gfortran.fortran-torture/execute/intrinsic_associated.f90 compilation,  -O2 -fomit-frame-pointer -finline-functions -funroll-all-loops 
FAIL: gfortran.fortran-torture/execute/intrinsic_associated.f90 compilation,  -O2 -fno-repack-arrays 
FAIL: gfortran.fortran-torture/execute/intrinsic_associated.f90 compilation,  -O2 -fg77-calls 
FAIL: gfortran.fortran-torture/execute/intrinsic_associated.f90 compilation,  -O3 -g 
FAIL: gfortran.fortran-torture/execute/intrinsic_associated.f90 compilation,  -Os 
FAIL: gfortran.fortran-torture/execute/intrinsic_associated_2.f90 compilation,  -O0 
FAIL: gfortran.fortran-torture/execute/intrinsic_associated_2.f90 compilation,  -O1 
FAIL: gfortran.fortran-torture/execute/intrinsic_associated_2.f90 compilation,  -O2 
FAIL: gfortran.fortran-torture/execute/intrinsic_associated_2.f90 compilation,  -O2 -fomit-frame-pointer -finline-functions 
FAIL: gfortran.fortran-torture/execute/intrinsic_associated_2.f90 compilation,  -O2 -fomit-frame-pointer -finline-functions -funroll-loops 
FAIL: gfortran.fortran-torture/execute/intrinsic_associated_2.f90 compilation,  -O2 -fomit-frame-pointer -finline-functions -funroll-all-loops 
FAIL: gfortran.fortran-torture/execute/intrinsic_associated_2.f90 compilation,  -O2 -fno-repack-arrays 
FAIL: gfortran.fortran-torture/execute/intrinsic_associated_2.f90 compilation,  -O2 -fg77-calls 
FAIL: gfortran.fortran-torture/execute/intrinsic_associated_2.f90 compilation,  -O3 -g 
FAIL: gfortran.fortran-torture/execute/intrinsic_associated_2.f90 compilation,  -Os 
FAIL: gfortran.fortran-torture/execute/intrinsic_bitops.f90 compilation,  -O0 
FAIL: gfortran.fortran-torture/execute/intrinsic_bitops.f90 compilation,  -O1 
FAIL: gfortran.fortran-torture/execute/intrinsic_bitops.f90 compilation,  -O2 
FAIL: gfortran.fortran-torture/execute/intrinsic_bitops.f90 compilation,  -O2 -fomit-frame-pointer -finline-functions 
FAIL: gfortran.fortran-torture/execute/intrinsic_bitops.f90 compilation,  -O2 -fomit-frame-pointer -finline-functions -funroll-loops 
FAIL: gfortran.fortran-torture/execute/intrinsic_bitops.f90 compilation,  -O2 -fomit-frame-pointer -finline-functions -funroll-all-loops 
FAIL: gfortran.fortran-torture/execute/intrinsic_bitops.f90 compilation,  -O2 -fno-repack-arrays 
FAIL: gfortran.fortran-torture/execute/intrinsic_bitops.f90 compilation,  -O2 -fg77-calls 
FAIL: gfortran.fortran-torture/execute/intrinsic_bitops.f90 compilation,  -O3 -g 
FAIL: gfortran.fortran-torture/execute/intrinsic_bitops.f90 compilation,  -Os 
FAIL: gfortran.fortran-torture/execute/intrinsic_count.f90 compilation,  -O0 
FAIL: gfortran.fortran-torture/execute/intrinsic_count.f90 compilation,  -O1 
FAIL: gfortran.fortran-torture/execute/intrinsic_count.f90 compilation,  -O2 
FAIL: gfortran.fortran-torture/execute/intrinsic_count.f90 compilation,  -O2 -fomit-frame-pointer -finline-functions 
FAIL: gfortran.fortran-torture/execute/intrinsic_count.f90 compilation,  -O2 -fomit-frame-pointer -finline-functions -funroll-loops 
FAIL: gfortran.fortran-torture/execute/intrinsic_count.f90 compilation,  -O2 -fomit-frame-pointer -finline-functions -funroll-all-loops 
FAIL: gfortran.fortran-torture/execute/intrinsic_count.f90 compilation,  -O2 -fno-repack-arrays 
FAIL: gfortran.fortran-torture/execute/intrinsic_count.f90 compilation,  -O2 -fg77-calls 
FAIL: gfortran.fortran-torture/execute/intrinsic_count.f90 compilation,  -O3 -g 
FAIL: gfortran.fortran-torture/execute/intrinsic_count.f90 compilation,  -Os 
FAIL: gfortran.fortran-torture/execute/intrinsic_dim.f90 compilation,  -O0 
FAIL: gfortran.fortran-torture/execute/intrinsic_dim.f90 compilation,  -O1 
FAIL: gfortran.fortran-torture/execute/intrinsic_dim.f90 compilation,  -O2 
FAIL: gfortran.fortran-torture/execute/intrinsic_dim.f90 compilation,  -O2 -fomit-frame-pointer -finline-functions 
FAIL: gfortran.fortran-torture/execute/intrinsic_dim.f90 compilation,  -O2 -fomit-frame-pointer -finline-functions -funroll-loops 
FAIL: gfortran.fortran-torture/execute/intrinsic_dim.f90 compilation,  -O2 -fomit-frame-pointer -finline-functions -funroll-all-loops 
FAIL: gfortran.fortran-torture/execute/intrinsic_dim.f90 compilation,  -O2 -fno-repack-arrays 
FAIL: gfortran.fortran-torture/execute/intrinsic_dim.f90 compilation,  -O2 -fg77-calls 
FAIL: gfortran.fortran-torture/execute/intrinsic_dim.f90 compilation,  -O3 -g 
FAIL: gfortran.fortran-torture/execute/intrinsic_dim.f90 compilation,  -Os 
FAIL: gfortran.fortran-torture/execute/intrinsic_dotprod.f90 compilation,  -O0 
FAIL: gfortran.fortran-torture/execute/intrinsic_dotprod.f90 compilation,  -O1 
FAIL: gfortran.fortran-torture/execute/intrinsic_dotprod.f90 compilation,  -O2 
FAIL: gfortran.fortran-torture/execute/intrinsic_dotprod.f90 compilation,  -O2 -fomit-frame-pointer -finline-functions 
FAIL: gfortran.fortran-torture/execute/intrinsic_dotprod.f90 compilation,  -O2 -fomit-frame-pointer -finline-functions -funroll-loops 
FAIL: gfortran.fortran-torture/execute/intrinsic_dotprod.f90 compilation,  -O2 -fomit-frame-pointer -finline-functions -funroll-all-loops 
FAIL: gfortran.fortran-torture/execute/intrinsic_dotprod.f90 compilation,  -O2 -fno-repack-arrays 
FAIL: gfortran.fortran-torture/execute/intrinsic_dotprod.f90 compilation,  -O2 -fg77-calls 
FAIL: gfortran.fortran-torture/execute/intrinsic_dotprod.f90 compilation,  -O3 -g 
FAIL: gfortran.fortran-torture/execute/intrinsic_dotprod.f90 compilation,  -Os 
FAIL: gfortran.fortran-torture/execute/intrinsic_dprod.f90 compilation,  -O0 
FAIL: gfortran.fortran-torture/execute/intrinsic_dprod.f90 compilation,  -O1 
FAIL: gfortran.fortran-torture/execute/intrinsic_dprod.f90 compilation,  -O2 
FAIL: gfortran.fortran-torture/execute/intrinsic_dprod.f90 compilation,  -O2 -fomit-frame-pointer -finline-functions 
FAIL: gfortran.fortran-torture/execute/intrinsic_dprod.f90 compilation,  -O2 -fomit-frame-pointer -finline-functions -funroll-loops 
FAIL: gfortran.fortran-torture/execute/intrinsic_dprod.f90 compilation,  -O2 -fomit-frame-pointer -finline-functions -funroll-all-loops 
FAIL: gfortran.fortran-torture/execute/intrinsic_dprod.f90 compilation,  -O2 -fno-repack-arrays 
FAIL: gfortran.fortran-torture/execute/intrinsic_dprod.f90 compilation,  -O2 -fg77-calls 
FAIL: gfortran.fortran-torture/execute/intrinsic_dprod.f90 compilation,  -O3 -g 
FAIL: gfortran.fortran-torture/execute/intrinsic_dprod.f90 compilation,  -Os 
FAIL: gfortran.fortran-torture/execute/intrinsic_dummy.f90 compilation,  -O0 
FAIL: gfortran.fortran-torture/execute/intrinsic_dummy.f90 compilation,  -O1 
FAIL: gfortran.fortran-torture/execute/intrinsic_dummy.f90 compilation,  -O2 
FAIL: gfortran.fortran-torture/execute/intrinsic_dummy.f90 compilation,  -O2 -fomit-frame-pointer -finline-functions 
FAIL: gfortran.fortran-torture/execute/intrinsic_dummy.f90 compilation,  -O2 -fomit-frame-pointer -finline-functions -funroll-loops 
FAIL: gfortran.fortran-torture/execute/intrinsic_dummy.f90 compilation,  -O2 -fomit-frame-pointer -finline-functions -funroll-all-loops 
FAIL: gfortran.fortran-torture/execute/intrinsic_dummy.f90 compilation,  -O2 -fno-repack-arrays 
FAIL: gfortran.fortran-torture/execute/intrinsic_dummy.f90 compilation,  -O2 -fg77-calls 
FAIL: gfortran.fortran-torture/execute/intrinsic_dummy.f90 compilation,  -O3 -g 
FAIL: gfortran.fortran-torture/execute/intrinsic_dummy.f90 compilation,  -Os 
FAIL: gfortran.fortran-torture/execute/intrinsic_eoshift.f90 compilation,  -O0 
FAIL: gfortran.fortran-torture/execute/intrinsic_eoshift.f90 compilation,  -O1 
FAIL: gfortran.fortran-torture/execute/intrinsic_eoshift.f90 compilation,  -O2 
FAIL: gfortran.fortran-torture/execute/intrinsic_eoshift.f90 compilation,  -O2 -fomit-frame-pointer -finline-functions 
FAIL: gfortran.fortran-torture/execute/intrinsic_eoshift.f90 compilation,  -O2 -fomit-frame-pointer -finline-functions -funroll-loops 
FAIL: gfortran.fortran-torture/execute/intrinsic_eoshift.f90 compilation,  -O2 -fomit-frame-pointer -finline-functions -funroll-all-loops 
FAIL: gfortran.fortran-torture/execute/intrinsic_eoshift.f90 compilation,  -O2 -fno-repack-arrays 
FAIL: gfortran.fortran-torture/execute/intrinsic_eoshift.f90 compilation,  -O2 -fg77-calls 
FAIL: gfortran.fortran-torture/execute/intrinsic_eoshift.f90 compilation,  -O3 -g 
FAIL: gfortran.fortran-torture/execute/intrinsic_eoshift.f90 compilation,  -Os 
FAIL: gfortran.fortran-torture/execute/intrinsic_integer.f90 compilation,  -O0 
FAIL: gfortran.fortran-torture/execute/intrinsic_integer.f90 compilation,  -O1 
FAIL: gfortran.fortran-torture/execute/intrinsic_integer.f90 compilation,  -O2 
FAIL: gfortran.fortran-torture/execute/intrinsic_integer.f90 compilation,  -O2 -fomit-frame-pointer -finline-functions 
FAIL: gfortran.fortran-torture/execute/intrinsic_integer.f90 compilation,  -O2 -fomit-frame-pointer -finline-functions -funroll-loops 
FAIL: gfortran.fortran-torture/execute/intrinsic_integer.f90 compilation,  -O2 -fomit-frame-pointer -finline-functions -funroll-all-loops 
FAIL: gfortran.fortran-torture/execute/intrinsic_integer.f90 compilation,  -O2 -fno-repack-arrays 
FAIL: gfortran.fortran-torture/execute/intrinsic_integer.f90 compilation,  -O2 -fg77-calls 
FAIL: gfortran.fortran-torture/execute/intrinsic_integer.f90 compilation,  -O3 -g 
FAIL: gfortran.fortran-torture/execute/intrinsic_integer.f90 compilation,  -Os 
FAIL: gfortran.fortran-torture/execute/intrinsic_matmul.f90 compilation,  -O0 
FAIL: gfortran.fortran-torture/execute/intrinsic_matmul.f90 compilation,  -O1 
FAIL: gfortran.fortran-torture/execute/intrinsic_matmul.f90 compilation,  -O2 
FAIL: gfortran.fortran-torture/execute/intrinsic_matmul.f90 compilation,  -O2 -fomit-frame-pointer -finline-functions 
FAIL: gfortran.fortran-torture/execute/intrinsic_matmul.f90 compilation,  -O2 -fomit-frame-pointer -finline-functions -funroll-loops 
FAIL: gfortran.fortran-torture/execute/intrinsic_matmul.f90 compilation,  -O2 -fomit-frame-pointer -finline-functions -funroll-all-loops 
FAIL: gfortran.fortran-torture/execute/intrinsic_matmul.f90 compilation,  -O2 -fno-repack-arrays 
FAIL: gfortran.fortran-torture/execute/intrinsic_matmul.f90 compilation,  -O2 -fg77-calls 
FAIL: gfortran.fortran-torture/execute/intrinsic_matmul.f90 compilation,  -O3 -g 
FAIL: gfortran.fortran-torture/execute/intrinsic_matmul.f90 compilation,  -Os 
FAIL: gfortran.fortran-torture/execute/intrinsic_merge.f90 compilation,  -O0 
FAIL: gfortran.fortran-torture/execute/intrinsic_merge.f90 compilation,  -O1 
FAIL: gfortran.fortran-torture/execute/intrinsic_merge.f90 compilation,  -O2 
FAIL: gfortran.fortran-torture/execute/intrinsic_merge.f90 compilation,  -O2 -fomit-frame-pointer -finline-functions 
FAIL: gfortran.fortran-torture/execute/intrinsic_merge.f90 compilation,  -O2 -fomit-frame-pointer -finline-functions -funroll-loops 
FAIL: gfortran.fortran-torture/execute/intrinsic_merge.f90 compilation,  -O2 -fomit-frame-pointer -finline-functions -funroll-all-loops 
FAIL: gfortran.fortran-torture/execute/intrinsic_merge.f90 compilation,  -O2 -fno-repack-arrays 
FAIL: gfortran.fortran-torture/execute/intrinsic_merge.f90 compilation,  -O2 -fg77-calls 
FAIL: gfortran.fortran-torture/execute/intrinsic_merge.f90 compilation,  -O3 -g 
FAIL: gfortran.fortran-torture/execute/intrinsic_merge.f90 compilation,  -Os 
FAIL: gfortran.fortran-torture/execute/intrinsic_minmax.f90 compilation,  -O0 
FAIL: gfortran.fortran-torture/execute/intrinsic_minmax.f90 compilation,  -O1 
FAIL: gfortran.fortran-torture/execute/intrinsic_minmax.f90 compilation,  -O2 
FAIL: gfortran.fortran-torture/execute/intrinsic_minmax.f90 compilation,  -O2 -fomit-frame-pointer -finline-functions 
FAIL: gfortran.fortran-torture/execute/intrinsic_minmax.f90 compilation,  -O2 -fomit-frame-pointer -finline-functions -funroll-loops 
FAIL: gfortran.fortran-torture/execute/intrinsic_minmax.f90 compilation,  -O2 -fomit-frame-pointer -finline-functions -funroll-all-loops 
FAIL: gfortran.fortran-torture/execute/intrinsic_minmax.f90 compilation,  -O2 -fno-repack-arrays 
FAIL: gfortran.fortran-torture/execute/intrinsic_minmax.f90 compilation,  -O2 -fg77-calls 
FAIL: gfortran.fortran-torture/execute/intrinsic_minmax.f90 compilation,  -O3 -g 
FAIL: gfortran.fortran-torture/execute/intrinsic_minmax.f90 compilation,  -Os 
FAIL: gfortran.fortran-torture/execute/intrinsic_mmloc.f90 compilation,  -O0 
FAIL: gfortran.fortran-torture/execute/intrinsic_mmloc.f90 compilation,  -O1 
FAIL: gfortran.fortran-torture/execute/intrinsic_mmloc.f90 compilation,  -O2 
FAIL: gfortran.fortran-torture/execute/intrinsic_mmloc.f90 compilation,  -O2 -fomit-frame-pointer -finline-functions 
FAIL: gfortran.fortran-torture/execute/intrinsic_mmloc.f90 compilation,  -O2 -fomit-frame-pointer -finline-functions -funroll-loops 
FAIL: gfortran.fortran-torture/execute/intrinsic_mmloc.f90 compilation,  -O2 -fomit-frame-pointer -finline-functions -funroll-all-loops 
FAIL: gfortran.fortran-torture/execute/intrinsic_mmloc.f90 compilation,  -O2 -fno-repack-arrays 
FAIL: gfortran.fortran-torture/execute/intrinsic_mmloc.f90 compilation,  -O2 -fg77-calls 
FAIL: gfortran.fortran-torture/execute/intrinsic_mmloc.f90 compilation,  -O3 -g 
FAIL: gfortran.fortran-torture/execute/intrinsic_mmloc.f90 compilation,  -Os 
FAIL: gfortran.fortran-torture/execute/intrinsic_mmval.f90 compilation,  -O0 
FAIL: gfortran.fortran-torture/execute/intrinsic_mmval.f90 compilation,  -O1 
FAIL: gfortran.fortran-torture/execute/intrinsic_mmval.f90 compilation,  -O2 
FAIL: gfortran.fortran-torture/execute/intrinsic_mmval.f90 compilation,  -O2 -fomit-frame-pointer -finline-functions 
FAIL: gfortran.fortran-torture/execute/intrinsic_mmval.f90 compilation,  -O2 -fomit-frame-pointer -finline-functions -funroll-loops 
FAIL: gfortran.fortran-torture/execute/intrinsic_mmval.f90 compilation,  -O2 -fomit-frame-pointer -finline-functions -funroll-all-loops 
FAIL: gfortran.fortran-torture/execute/intrinsic_mmval.f90 compilation,  -O2 -fno-repack-arrays 
FAIL: gfortran.fortran-torture/execute/intrinsic_mmval.f90 compilation,  -O2 -fg77-calls 
FAIL: gfortran.fortran-torture/execute/intrinsic_mmval.f90 compilation,  -O3 -g 
FAIL: gfortran.fortran-torture/execute/intrinsic_mmval.f90 compilation,  -Os 
FAIL: gfortran.fortran-torture/execute/intrinsic_pack.f90 compilation,  -O0 
FAIL: gfortran.fortran-torture/execute/intrinsic_pack.f90 compilation,  -O1 
FAIL: gfortran.fortran-torture/execute/intrinsic_pack.f90 compilation,  -O2 
FAIL: gfortran.fortran-torture/execute/intrinsic_pack.f90 compilation,  -O2 -fomit-frame-pointer -finline-functions 
FAIL: gfortran.fortran-torture/execute/intrinsic_pack.f90 compilation,  -O2 -fomit-frame-pointer -finline-functions -funroll-loops 
FAIL: gfortran.fortran-torture/execute/intrinsic_pack.f90 compilation,  -O2 -fomit-frame-pointer -finline-functions -funroll-all-loops 
FAIL: gfortran.fortran-torture/execute/intrinsic_pack.f90 compilation,  -O2 -fno-repack-arrays 
FAIL: gfortran.fortran-torture/execute/intrinsic_pack.f90 compilation,  -O2 -fg77-calls 
FAIL: gfortran.fortran-torture/execute/intrinsic_pack.f90 compilation,  -O3 -g 
FAIL: gfortran.fortran-torture/execute/intrinsic_pack.f90 compilation,  -Os 
FAIL: gfortran.fortran-torture/execute/intrinsic_present.f90 compilation,  -O0 
FAIL: gfortran.fortran-torture/execute/intrinsic_present.f90 compilation,  -O1 
FAIL: gfortran.fortran-torture/execute/intrinsic_present.f90 compilation,  -O2 
FAIL: gfortran.fortran-torture/execute/intrinsic_present.f90 compilation,  -O2 -fomit-frame-pointer -finline-functions 
FAIL: gfortran.fortran-torture/execute/intrinsic_present.f90 compilation,  -O2 -fomit-frame-pointer -finline-functions -funroll-loops 
FAIL: gfortran.fortran-torture/execute/intrinsic_present.f90 compilation,  -O2 -fomit-frame-pointer -finline-functions -funroll-all-loops 
FAIL: gfortran.fortran-torture/execute/intrinsic_present.f90 compilation,  -O2 -fno-repack-arrays 
FAIL: gfortran.fortran-torture/execute/intrinsic_present.f90 compilation,  -O2 -fg77-calls 
FAIL: gfortran.fortran-torture/execute/intrinsic_present.f90 compilation,  -O3 -g 
FAIL: gfortran.fortran-torture/execute/intrinsic_present.f90 compilation,  -Os 
FAIL: gfortran.fortran-torture/execute/intrinsic_product.f90 compilation,  -O0 
FAIL: gfortran.fortran-torture/execute/intrinsic_product.f90 compilation,  -O1 
FAIL: gfortran.fortran-torture/execute/intrinsic_product.f90 compilation,  -O2 
FAIL: gfortran.fortran-torture/execute/intrinsic_product.f90 compilation,  -O2 -fomit-frame-pointer -finline-functions 
FAIL: gfortran.fortran-torture/execute/intrinsic_product.f90 compilation,  -O2 -fomit-frame-pointer -finline-functions -funroll-loops 
FAIL: gfortran.fortran-torture/execute/intrinsic_product.f90 compilation,  -O2 -fomit-frame-pointer -finline-functions -funroll-all-loops 
FAIL: gfortran.fortran-torture/execute/intrinsic_product.f90 compilation,  -O2 -fno-repack-arrays 
FAIL: gfortran.fortran-torture/execute/intrinsic_product.f90 compilation,  -O2 -fg77-calls 
FAIL: gfortran.fortran-torture/execute/intrinsic_product.f90 compilation,  -O3 -g 
FAIL: gfortran.fortran-torture/execute/intrinsic_product.f90 compilation,  -Os 
FAIL: gfortran.fortran-torture/execute/intrinsic_shape.f90 compilation,  -O0 
FAIL: gfortran.fortran-torture/execute/intrinsic_shape.f90 compilation,  -O1 
FAIL: gfortran.fortran-torture/execute/intrinsic_shape.f90 compilation,  -O2 
FAIL: gfortran.fortran-torture/execute/intrinsic_shape.f90 compilation,  -O2 -fomit-frame-pointer -finline-functions 
FAIL: gfortran.fortran-torture/execute/intrinsic_shape.f90 compilation,  -O2 -fomit-frame-pointer -finline-functions -funroll-loops 
FAIL: gfortran.fortran-torture/execute/intrinsic_shape.f90 compilation,  -O2 -fomit-frame-pointer -finline-functions -funroll-all-loops 
FAIL: gfortran.fortran-torture/execute/intrinsic_shape.f90 compilation,  -O2 -fno-repack-arrays 
FAIL: gfortran.fortran-torture/execute/intrinsic_shape.f90 compilation,  -O2 -fg77-calls 
FAIL: gfortran.fortran-torture/execute/intrinsic_shape.f90 compilation,  -O3 -g 
FAIL: gfortran.fortran-torture/execute/intrinsic_shape.f90 compilation,  -Os 
FAIL: gfortran.fortran-torture/execute/intrinsic_sign.f90 compilation,  -O0 
FAIL: gfortran.fortran-torture/execute/intrinsic_sign.f90 compilation,  -O1 
FAIL: gfortran.fortran-torture/execute/intrinsic_sign.f90 compilation,  -O2 
FAIL: gfortran.fortran-torture/execute/intrinsic_sign.f90 compilation,  -O2 -fomit-frame-pointer -finline-functions 
FAIL: gfortran.fortran-torture/execute/intrinsic_sign.f90 compilation,  -O2 -fomit-frame-pointer -finline-functions -funroll-loops 
FAIL: gfortran.fortran-torture/execute/intrinsic_sign.f90 compilation,  -O2 -fomit-frame-pointer -finline-functions -funroll-all-loops 
FAIL: gfortran.fortran-torture/execute/intrinsic_sign.f90 compilation,  -O2 -fno-repack-arrays 
FAIL: gfortran.fortran-torture/execute/intrinsic_sign.f90 compilation,  -O2 -fg77-calls 
FAIL: gfortran.fortran-torture/execute/intrinsic_sign.f90 compilation,  -O3 -g 
FAIL: gfortran.fortran-torture/execute/intrinsic_sign.f90 compilation,  -Os 
FAIL: gfortran.fortran-torture/execute/intrinsic_size.f90 compilation,  -O0 
FAIL: gfortran.fortran-torture/execute/intrinsic_size.f90 compilation,  -O1 
FAIL: gfortran.fortran-torture/execute/intrinsic_size.f90 compilation,  -O2 
FAIL: gfortran.fortran-torture/execute/intrinsic_size.f90 compilation,  -O2 -fomit-frame-pointer -finline-functions 
FAIL: gfortran.fortran-torture/execute/intrinsic_size.f90 compilation,  -O2 -fomit-frame-pointer -finline-functions -funroll-loops 
FAIL: gfortran.fortran-torture/execute/intrinsic_size.f90 compilation,  -O2 -fomit-frame-pointer -finline-functions -funroll-all-loops 
FAIL: gfortran.fortran-torture/execute/intrinsic_size.f90 compilation,  -O2 -fno-repack-arrays 
FAIL: gfortran.fortran-torture/execute/intrinsic_size.f90 compilation,  -O2 -fg77-calls 
FAIL: gfortran.fortran-torture/execute/intrinsic_size.f90 compilation,  -O3 -g 
FAIL: gfortran.fortran-torture/execute/intrinsic_size.f90 compilation,  -Os 
FAIL: gfortran.fortran-torture/execute/intrinsic_spread.f90 compilation,  -O0 
FAIL: gfortran.fortran-torture/execute/intrinsic_spread.f90 compilation,  -O1 
FAIL: gfortran.fortran-torture/execute/intrinsic_spread.f90 compilation,  -O2 
FAIL: gfortran.fortran-torture/execute/intrinsic_spread.f90 compilation,  -O2 -fomit-frame-pointer -finline-functions 
FAIL: gfortran.fortran-torture/execute/intrinsic_spread.f90 compilation,  -O2 -fomit-frame-pointer -finline-functions -funroll-loops 
FAIL: gfortran.fortran-torture/execute/intrinsic_spread.f90 compilation,  -O2 -fomit-frame-pointer -finline-functions -funroll-all-loops 
FAIL: gfortran.fortran-torture/execute/intrinsic_spread.f90 compilation,  -O2 -fno-repack-arrays 
FAIL: gfortran.fortran-torture/execute/intrinsic_spread.f90 compilation,  -O2 -fg77-calls 
FAIL: gfortran.fortran-torture/execute/intrinsic_spread.f90 compilation,  -O3 -g 
FAIL: gfortran.fortran-torture/execute/intrinsic_spread.f90 compilation,  -Os 
FAIL: gfortran.fortran-torture/execute/intrinsic_sum.f90 compilation,  -O0 
FAIL: gfortran.fortran-torture/execute/intrinsic_sum.f90 compilation,  -O1 
FAIL: gfortran.fortran-torture/execute/intrinsic_sum.f90 compilation,  -O2 
FAIL: gfortran.fortran-torture/execute/intrinsic_sum.f90 compilation,  -O2 -fomit-frame-pointer -finline-functions 
FAIL: gfortran.fortran-torture/execute/intrinsic_sum.f90 compilation,  -O2 -fomit-frame-pointer -finline-functions -funroll-loops 
FAIL: gfortran.fortran-torture/execute/intrinsic_sum.f90 compilation,  -O2 -fomit-frame-pointer -finline-functions -funroll-all-loops 
FAIL: gfortran.fortran-torture/execute/intrinsic_sum.f90 compilation,  -O2 -fno-repack-arrays 
FAIL: gfortran.fortran-torture/execute/intrinsic_sum.f90 compilation,  -O2 -fg77-calls 
FAIL: gfortran.fortran-torture/execute/intrinsic_sum.f90 compilation,  -O3 -g 
FAIL: gfortran.fortran-torture/execute/intrinsic_sum.f90 compilation,  -Os 
FAIL: gfortran.fortran-torture/execute/intrinsic_transpose.f90 compilation,  -O0 
FAIL: gfortran.fortran-torture/execute/intrinsic_transpose.f90 compilation,  -O1 
FAIL: gfortran.fortran-torture/execute/intrinsic_transpose.f90 compilation,  -O2 
FAIL: gfortran.fortran-torture/execute/intrinsic_transpose.f90 compilation,  -O2 -fomit-frame-pointer -finline-functions 
FAIL: gfortran.fortran-torture/execute/intrinsic_transpose.f90 compilation,  -O2 -fomit-frame-pointer -finline-functions -funroll-loops 
FAIL: gfortran.fortran-torture/execute/intrinsic_transpose.f90 compilation,  -O2 -fomit-frame-pointer -finline-functions -funroll-all-loops 
FAIL: gfortran.fortran-torture/execute/intrinsic_transpose.f90 compilation,  -O2 -fno-repack-arrays 
FAIL: gfortran.fortran-torture/execute/intrinsic_transpose.f90 compilation,  -O2 -fg77-calls 
FAIL: gfortran.fortran-torture/execute/intrinsic_transpose.f90 compilation,  -O3 -g 
FAIL: gfortran.fortran-torture/execute/intrinsic_transpose.f90 compilation,  -Os 
FAIL: gfortran.fortran-torture/execute/intrinsic_unpack.f90 compilation,  -O0 
FAIL: gfortran.fortran-torture/execute/intrinsic_unpack.f90 compilation,  -O1 
FAIL: gfortran.fortran-torture/execute/intrinsic_unpack.f90 compilation,  -O2 
FAIL: gfortran.fortran-torture/execute/intrinsic_unpack.f90 compilation,  -O2 -fomit-frame-pointer -finline-functions 
FAIL: gfortran.fortran-torture/execute/intrinsic_unpack.f90 compilation,  -O2 -fomit-frame-pointer -finline-functions -funroll-loops 
FAIL: gfortran.fortran-torture/execute/intrinsic_unpack.f90 compilation,  -O2 -fomit-frame-pointer -finline-functions -funroll-all-loops 
FAIL: gfortran.fortran-torture/execute/intrinsic_unpack.f90 compilation,  -O2 -fno-repack-arrays 
FAIL: gfortran.fortran-torture/execute/intrinsic_unpack.f90 compilation,  -O2 -fg77-calls 
FAIL: gfortran.fortran-torture/execute/intrinsic_unpack.f90 compilation,  -O3 -g 
FAIL: gfortran.fortran-torture/execute/intrinsic_unpack.f90 compilation,  -Os 
FAIL: gfortran.fortran-torture/execute/logical_select_1.f90 compilation,  -O0 
FAIL: gfortran.fortran-torture/execute/logical_select_1.f90 compilation,  -O1 
FAIL: gfortran.fortran-torture/execute/logical_select_1.f90 compilation,  -O2 
FAIL: gfortran.fortran-torture/execute/logical_select_1.f90 compilation,  -O2 -fomit-frame-pointer -finline-functions 
FAIL: gfortran.fortran-torture/execute/logical_select_1.f90 compilation,  -O2 -fomit-frame-pointer -finline-functions -funroll-loops 
FAIL: gfortran.fortran-torture/execute/logical_select_1.f90 compilation,  -O2 -fomit-frame-pointer -finline-functions -funroll-all-loops 
FAIL: gfortran.fortran-torture/execute/logical_select_1.f90 compilation,  -O2 -fno-repack-arrays 
FAIL: gfortran.fortran-torture/execute/logical_select_1.f90 compilation,  -O2 -fg77-calls 
FAIL: gfortran.fortran-torture/execute/logical_select_1.f90 compilation,  -O3 -g 
FAIL: gfortran.fortran-torture/execute/logical_select_1.f90 compilation,  -Os 
FAIL: gfortran.fortran-torture/execute/mainsub.f90 compilation,  -O0 
FAIL: gfortran.fortran-torture/execute/mainsub.f90 compilation,  -O1 
FAIL: gfortran.fortran-torture/execute/mainsub.f90 compilation,  -O2 
FAIL: gfortran.fortran-torture/execute/mainsub.f90 compilation,  -O2 -fomit-frame-pointer -finline-functions 
FAIL: gfortran.fortran-torture/execute/mainsub.f90 compilation,  -O2 -fomit-frame-pointer -finline-functions -funroll-loops 
FAIL: gfortran.fortran-torture/execute/mainsub.f90 compilation,  -O2 -fomit-frame-pointer -finline-functions -funroll-all-loops 
FAIL: gfortran.fortran-torture/execute/mainsub.f90 compilation,  -O2 -fno-repack-arrays 
FAIL: gfortran.fortran-torture/execute/mainsub.f90 compilation,  -O2 -fg77-calls 
FAIL: gfortran.fortran-torture/execute/mainsub.f90 compilation,  -O3 -g 
FAIL: gfortran.fortran-torture/execute/mainsub.f90 compilation,  -Os 
FAIL: gfortran.fortran-torture/execute/math.f90 compilation,  -O0 
FAIL: gfortran.fortran-torture/execute/math.f90 compilation,  -O1 
FAIL: gfortran.fortran-torture/execute/math.f90 compilation,  -O2 
FAIL: gfortran.fortran-torture/execute/math.f90 compilation,  -O2 -fomit-frame-pointer -finline-functions 
FAIL: gfortran.fortran-torture/execute/math.f90 compilation,  -O2 -fomit-frame-pointer -finline-functions -funroll-loops 
FAIL: gfortran.fortran-torture/execute/math.f90 compilation,  -O2 -fomit-frame-pointer -finline-functions -funroll-all-loops 
FAIL: gfortran.fortran-torture/execute/math.f90 compilation,  -O2 -fno-repack-arrays 
FAIL: gfortran.fortran-torture/execute/math.f90 compilation,  -O2 -fg77-calls 
FAIL: gfortran.fortran-torture/execute/math.f90 compilation,  -O3 -g 
FAIL: gfortran.fortran-torture/execute/math.f90 compilation,  -Os 
FAIL: gfortran.fortran-torture/execute/nestcons.f90 compilation,  -O0 
FAIL: gfortran.fortran-torture/execute/nestcons.f90 compilation,  -O1 
FAIL: gfortran.fortran-torture/execute/nestcons.f90 compilation,  -O2 
FAIL: gfortran.fortran-torture/execute/nestcons.f90 compilation,  -O2 -fomit-frame-pointer -finline-functions 
FAIL: gfortran.fortran-torture/execute/nestcons.f90 compilation,  -O2 -fomit-frame-pointer -finline-functions -funroll-loops 
FAIL: gfortran.fortran-torture/execute/nestcons.f90 compilation,  -O2 -fomit-frame-pointer -finline-functions -funroll-all-loops 
FAIL: gfortran.fortran-torture/execute/nestcons.f90 compilation,  -O2 -fno-repack-arrays 
FAIL: gfortran.fortran-torture/execute/nestcons.f90 compilation,  -O2 -fg77-calls 
FAIL: gfortran.fortran-torture/execute/nestcons.f90 compilation,  -O3 -g 
FAIL: gfortran.fortran-torture/execute/nestcons.f90 compilation,  -Os 
FAIL: gfortran.fortran-torture/execute/parameter_1.f90 compilation,  -O0 
FAIL: gfortran.fortran-torture/execute/parameter_1.f90 compilation,  -O1 
FAIL: gfortran.fortran-torture/execute/parameter_1.f90 compilation,  -O2 
FAIL: gfortran.fortran-torture/execute/parameter_1.f90 compilation,  -O2 -fomit-frame-pointer -finline-functions 
FAIL: gfortran.fortran-torture/execute/parameter_1.f90 compilation,  -O2 -fomit-frame-pointer -finline-functions -funroll-loops 
FAIL: gfortran.fortran-torture/execute/parameter_1.f90 compilation,  -O2 -fomit-frame-pointer -finline-functions -funroll-all-loops 
FAIL: gfortran.fortran-torture/execute/parameter_1.f90 compilation,  -O2 -fno-repack-arrays 
FAIL: gfortran.fortran-torture/execute/parameter_1.f90 compilation,  -O2 -fg77-calls 
FAIL: gfortran.fortran-torture/execute/parameter_1.f90 compilation,  -O3 -g 
FAIL: gfortran.fortran-torture/execute/parameter_1.f90 compilation,  -Os 
FAIL: gfortran.fortran-torture/execute/partparm.f90 compilation,  -O0 
FAIL: gfortran.fortran-torture/execute/partparm.f90 compilation,  -O1 
FAIL: gfortran.fortran-torture/execute/partparm.f90 compilation,  -O2 
FAIL: gfortran.fortran-torture/execute/partparm.f90 compilation,  -O2 -fomit-frame-pointer -finline-functions 
FAIL: gfortran.fortran-torture/execute/partparm.f90 compilation,  -O2 -fomit-frame-pointer -finline-functions -funroll-loops 
FAIL: gfortran.fortran-torture/execute/partparm.f90 compilation,  -O2 -fomit-frame-pointer -finline-functions -funroll-all-loops 
FAIL: gfortran.fortran-torture/execute/partparm.f90 compilation,  -O2 -fno-repack-arrays 
FAIL: gfortran.fortran-torture/execute/partparm.f90 compilation,  -O2 -fg77-calls 
FAIL: gfortran.fortran-torture/execute/partparm.f90 compilation,  -O3 -g 
FAIL: gfortran.fortran-torture/execute/partparm.f90 compilation,  -Os 
FAIL: gfortran.fortran-torture/execute/power.f90 compilation,  -O0 
FAIL: gfortran.fortran-torture/execute/power.f90 compilation,  -O1 
FAIL: gfortran.fortran-torture/execute/power.f90 compilation,  -O2 
FAIL: gfortran.fortran-torture/execute/power.f90 compilation,  -O2 -fomit-frame-pointer -finline-functions 
FAIL: gfortran.fortran-torture/execute/power.f90 compilation,  -O2 -fomit-frame-pointer -finline-functions -funroll-loops 
FAIL: gfortran.fortran-torture/execute/power.f90 compilation,  -O2 -fomit-frame-pointer -finline-functions -funroll-all-loops 
FAIL: gfortran.fortran-torture/execute/power.f90 compilation,  -O2 -fno-repack-arrays 
FAIL: gfortran.fortran-torture/execute/power.f90 compilation,  -O2 -fg77-calls 
FAIL: gfortran.fortran-torture/execute/power.f90 compilation,  -O3 -g 
FAIL: gfortran.fortran-torture/execute/power.f90 compilation,  -Os 
FAIL: gfortran.fortran-torture/execute/procarg.f90 compilation,  -O0 
FAIL: gfortran.fortran-torture/execute/procarg.f90 compilation,  -O1 
FAIL: gfortran.fortran-torture/execute/procarg.f90 compilation,  -O2 
FAIL: gfortran.fortran-torture/execute/procarg.f90 compilation,  -O2 -fomit-frame-pointer -finline-functions 
FAIL: gfortran.fortran-torture/execute/procarg.f90 compilation,  -O2 -fomit-frame-pointer -finline-functions -funroll-loops 
FAIL: gfortran.fortran-torture/execute/procarg.f90 compilation,  -O2 -fomit-frame-pointer -finline-functions -funroll-all-loops 
FAIL: gfortran.fortran-torture/execute/procarg.f90 compilation,  -O2 -fno-repack-arrays 
FAIL: gfortran.fortran-torture/execute/procarg.f90 compilation,  -O2 -fg77-calls 
FAIL: gfortran.fortran-torture/execute/procarg.f90 compilation,  -O3 -g 
FAIL: gfortran.fortran-torture/execute/procarg.f90 compilation,  -Os 
FAIL: gfortran.fortran-torture/execute/ptr.f90 compilation,  -O0 
FAIL: gfortran.fortran-torture/execute/ptr.f90 compilation,  -O1 
FAIL: gfortran.fortran-torture/execute/ptr.f90 compilation,  -O2 
FAIL: gfortran.fortran-torture/execute/ptr.f90 compilation,  -O2 -fomit-frame-pointer -finline-functions 
FAIL: gfortran.fortran-torture/execute/ptr.f90 compilation,  -O2 -fomit-frame-pointer -finline-functions -funroll-loops 
FAIL: gfortran.fortran-torture/execute/ptr.f90 compilation,  -O2 -fomit-frame-pointer -finline-functions -funroll-all-loops 
FAIL: gfortran.fortran-torture/execute/ptr.f90 compilation,  -O2 -fno-repack-arrays 
FAIL: gfortran.fortran-torture/execute/ptr.f90 compilation,  -O2 -fg77-calls 
FAIL: gfortran.fortran-torture/execute/ptr.f90 compilation,  -O3 -g 
FAIL: gfortran.fortran-torture/execute/ptr.f90 compilation,  -Os 
FAIL: gfortran.fortran-torture/execute/retarray.f90 compilation,  -O0 
FAIL: gfortran.fortran-torture/execute/retarray.f90 compilation,  -O1 
FAIL: gfortran.fortran-torture/execute/retarray.f90 compilation,  -O2 
FAIL: gfortran.fortran-torture/execute/retarray.f90 compilation,  -O2 -fomit-frame-pointer -finline-functions 
FAIL: gfortran.fortran-torture/execute/retarray.f90 compilation,  -O2 -fomit-frame-pointer -finline-functions -funroll-loops 
FAIL: gfortran.fortran-torture/execute/retarray.f90 compilation,  -O2 -fomit-frame-pointer -finline-functions -funroll-all-loops 
FAIL: gfortran.fortran-torture/execute/retarray.f90 compilation,  -O2 -fno-repack-arrays 
FAIL: gfortran.fortran-torture/execute/retarray.f90 compilation,  -O2 -fg77-calls 
FAIL: gfortran.fortran-torture/execute/retarray.f90 compilation,  -O3 -g 
FAIL: gfortran.fortran-torture/execute/retarray.f90 compilation,  -Os 
FAIL: gfortran.fortran-torture/execute/scalarize.f90 compilation,  -O0 
FAIL: gfortran.fortran-torture/execute/scalarize.f90 compilation,  -O1 
FAIL: gfortran.fortran-torture/execute/scalarize.f90 compilation,  -O2 
FAIL: gfortran.fortran-torture/execute/scalarize.f90 compilation,  -O2 -fomit-frame-pointer -finline-functions 
FAIL: gfortran.fortran-torture/execute/scalarize.f90 compilation,  -O2 -fomit-frame-pointer -finline-functions -funroll-loops 
FAIL: gfortran.fortran-torture/execute/scalarize.f90 compilation,  -O2 -fomit-frame-pointer -finline-functions -funroll-all-loops 
FAIL: gfortran.fortran-torture/execute/scalarize.f90 compilation,  -O2 -fno-repack-arrays 
FAIL: gfortran.fortran-torture/execute/scalarize.f90 compilation,  -O2 -fg77-calls 
FAIL: gfortran.fortran-torture/execute/scalarize.f90 compilation,  -O3 -g 
FAIL: gfortran.fortran-torture/execute/scalarize.f90 compilation,  -Os 
FAIL: gfortran.fortran-torture/execute/scalarize2.f90 compilation,  -O0 
FAIL: gfortran.fortran-torture/execute/scalarize2.f90 compilation,  -O1 
FAIL: gfortran.fortran-torture/execute/scalarize2.f90 compilation,  -O2 
FAIL: gfortran.fortran-torture/execute/scalarize2.f90 compilation,  -O2 -fomit-frame-pointer -finline-functions 
FAIL: gfortran.fortran-torture/execute/scalarize2.f90 compilation,  -O2 -fomit-frame-pointer -finline-functions -funroll-loops 
FAIL: gfortran.fortran-torture/execute/scalarize2.f90 compilation,  -O2 -fomit-frame-pointer -finline-functions -funroll-all-loops 
FAIL: gfortran.fortran-torture/execute/scalarize2.f90 compilation,  -O2 -fno-repack-arrays 
FAIL: gfortran.fortran-torture/execute/scalarize2.f90 compilation,  -O2 -fg77-calls 
FAIL: gfortran.fortran-torture/execute/scalarize2.f90 compilation,  -O3 -g 
FAIL: gfortran.fortran-torture/execute/scalarize2.f90 compilation,  -Os 
FAIL: gfortran.fortran-torture/execute/scalarize3.f90 compilation,  -O0 
FAIL: gfortran.fortran-torture/execute/scalarize3.f90 compilation,  -O1 
FAIL: gfortran.fortran-torture/execute/scalarize3.f90 compilation,  -O2 
FAIL: gfortran.fortran-torture/execute/scalarize3.f90 compilation,  -O2 -fomit-frame-pointer -finline-functions 
FAIL: gfortran.fortran-torture/execute/scalarize3.f90 compilation,  -O2 -fomit-frame-pointer -finline-functions -funroll-loops 
FAIL: gfortran.fortran-torture/execute/scalarize3.f90 compilation,  -O2 -fomit-frame-pointer -finline-functions -funroll-all-loops 
FAIL: gfortran.fortran-torture/execute/scalarize3.f90 compilation,  -O2 -fno-repack-arrays 
FAIL: gfortran.fortran-torture/execute/scalarize3.f90 compilation,  -O2 -fg77-calls 
FAIL: gfortran.fortran-torture/execute/scalarize3.f90 compilation,  -O3 -g 
FAIL: gfortran.fortran-torture/execute/scalarize3.f90 compilation,  -Os 
FAIL: gfortran.fortran-torture/execute/strcmp.f90 compilation,  -O0 
FAIL: gfortran.fortran-torture/execute/strcmp.f90 compilation,  -O1 
FAIL: gfortran.fortran-torture/execute/strcmp.f90 compilation,  -O2 
FAIL: gfortran.fortran-torture/execute/strcmp.f90 compilation,  -O2 -fomit-frame-pointer -finline-functions 
FAIL: gfortran.fortran-torture/execute/strcmp.f90 compilation,  -O2 -fomit-frame-pointer -finline-functions -funroll-loops 
FAIL: gfortran.fortran-torture/execute/strcmp.f90 compilation,  -O2 -fomit-frame-pointer -finline-functions -funroll-all-loops 
FAIL: gfortran.fortran-torture/execute/strcmp.f90 compilation,  -O2 -fno-repack-arrays 
FAIL: gfortran.fortran-torture/execute/strcmp.f90 compilation,  -O2 -fg77-calls 
FAIL: gfortran.fortran-torture/execute/strcmp.f90 compilation,  -O3 -g 
FAIL: gfortran.fortran-torture/execute/strcmp.f90 compilation,  -Os 
FAIL: gfortran.fortran-torture/execute/string.f90 compilation,  -O0 
FAIL: gfortran.fortran-torture/execute/string.f90 compilation,  -O1 
FAIL: gfortran.fortran-torture/execute/string.f90 compilation,  -O2 
FAIL: gfortran.fortran-torture/execute/string.f90 compilation,  -O2 -fomit-frame-pointer -finline-functions 
FAIL: gfortran.fortran-torture/execute/string.f90 compilation,  -O2 -fomit-frame-pointer -finline-functions -funroll-loops 
FAIL: gfortran.fortran-torture/execute/string.f90 compilation,  -O2 -fomit-frame-pointer -finline-functions -funroll-all-loops 
FAIL: gfortran.fortran-torture/execute/string.f90 compilation,  -O2 -fno-repack-arrays 
FAIL: gfortran.fortran-torture/execute/string.f90 compilation,  -O2 -fg77-calls 
FAIL: gfortran.fortran-torture/execute/string.f90 compilation,  -O3 -g 
FAIL: gfortran.fortran-torture/execute/string.f90 compilation,  -Os 
FAIL: gfortran.fortran-torture/execute/strlen.f90 compilation,  -O0 
FAIL: gfortran.fortran-torture/execute/strlen.f90 compilation,  -O1 
FAIL: gfortran.fortran-torture/execute/strlen.f90 compilation,  -O2 
FAIL: gfortran.fortran-torture/execute/strlen.f90 compilation,  -O2 -fomit-frame-pointer -finline-functions 
FAIL: gfortran.fortran-torture/execute/strlen.f90 compilation,  -O2 -fomit-frame-pointer -finline-functions -funroll-loops 
FAIL: gfortran.fortran-torture/execute/strlen.f90 compilation,  -O2 -fomit-frame-pointer -finline-functions -funroll-all-loops 
FAIL: gfortran.fortran-torture/execute/strlen.f90 compilation,  -O2 -fno-repack-arrays 
FAIL: gfortran.fortran-torture/execute/strlen.f90 compilation,  -O2 -fg77-calls 
FAIL: gfortran.fortran-torture/execute/strlen.f90 compilation,  -O3 -g 
FAIL: gfortran.fortran-torture/execute/strlen.f90 compilation,  -Os 
FAIL: gfortran.fortran-torture/execute/strret.f90 compilation,  -O0 
FAIL: gfortran.fortran-torture/execute/strret.f90 compilation,  -O1 
FAIL: gfortran.fortran-torture/execute/strret.f90 compilation,  -O2 
FAIL: gfortran.fortran-torture/execute/strret.f90 compilation,  -O2 -fomit-frame-pointer -finline-functions 
FAIL: gfortran.fortran-torture/execute/strret.f90 compilation,  -O2 -fomit-frame-pointer -finline-functions -funroll-loops 
FAIL: gfortran.fortran-torture/execute/strret.f90 compilation,  -O2 -fomit-frame-pointer -finline-functions -funroll-all-loops 
FAIL: gfortran.fortran-torture/execute/strret.f90 compilation,  -O2 -fno-repack-arrays 
FAIL: gfortran.fortran-torture/execute/strret.f90 compilation,  -O2 -fg77-calls 
FAIL: gfortran.fortran-torture/execute/strret.f90 compilation,  -O3 -g 
FAIL: gfortran.fortran-torture/execute/strret.f90 compilation,  -Os 
FAIL: gfortran.fortran-torture/execute/userop.f90 compilation,  -O0 
FAIL: gfortran.fortran-torture/execute/userop.f90 compilation,  -O1 
FAIL: gfortran.fortran-torture/execute/userop.f90 compilation,  -O2 
FAIL: gfortran.fortran-torture/execute/userop.f90 compilation,  -O2 -fomit-frame-pointer -finline-functions 
FAIL: gfortran.fortran-torture/execute/userop.f90 compilation,  -O2 -fomit-frame-pointer -finline-functions -funroll-loops 
FAIL: gfortran.fortran-torture/execute/userop.f90 compilation,  -O2 -fomit-frame-pointer -finline-functions -funroll-all-loops 
FAIL: gfortran.fortran-torture/execute/userop.f90 compilation,  -O2 -fno-repack-arrays 
FAIL: gfortran.fortran-torture/execute/userop.f90 compilation,  -O2 -fg77-calls 
FAIL: gfortran.fortran-torture/execute/userop.f90 compilation,  -O3 -g 
FAIL: gfortran.fortran-torture/execute/userop.f90 compilation,  -Os 
FAIL: gfortran.fortran-torture/execute/where_1.f90 compilation,  -O0 
FAIL: gfortran.fortran-torture/execute/where_1.f90 compilation,  -O1 
FAIL: gfortran.fortran-torture/execute/where_1.f90 compilation,  -O2 
FAIL: gfortran.fortran-torture/execute/where_1.f90 compilation,  -O2 -fomit-frame-pointer -finline-functions 
FAIL: gfortran.fortran-torture/execute/where_1.f90 compilation,  -O2 -fomit-frame-pointer -finline-functions -funroll-loops 
FAIL: gfortran.fortran-torture/execute/where_1.f90 compilation,  -O2 -fomit-frame-pointer -finline-functions -funroll-all-loops 
FAIL: gfortran.fortran-torture/execute/where_1.f90 compilation,  -O2 -fno-repack-arrays 
FAIL: gfortran.fortran-torture/execute/where_1.f90 compilation,  -O2 -fg77-calls 
FAIL: gfortran.fortran-torture/execute/where_1.f90 compilation,  -O3 -g 
FAIL: gfortran.fortran-torture/execute/where_1.f90 compilation,  -Os 
FAIL: gfortran.fortran-torture/execute/where_2.f90 compilation,  -O0 
FAIL: gfortran.fortran-torture/execute/where_2.f90 compilation,  -O1 
FAIL: gfortran.fortran-torture/execute/where_2.f90 compilation,  -O2 
FAIL: gfortran.fortran-torture/execute/where_2.f90 compilation,  -O2 -fomit-frame-pointer -finline-functions 
FAIL: gfortran.fortran-torture/execute/where_2.f90 compilation,  -O2 -fomit-frame-pointer -finline-functions -funroll-loops 
FAIL: gfortran.fortran-torture/execute/where_2.f90 compilation,  -O2 -fomit-frame-pointer -finline-functions -funroll-all-loops 
FAIL: gfortran.fortran-torture/execute/where_2.f90 compilation,  -O2 -fno-repack-arrays 
FAIL: gfortran.fortran-torture/execute/where_2.f90 compilation,  -O2 -fg77-calls 
FAIL: gfortran.fortran-torture/execute/where_2.f90 compilation,  -O3 -g 
FAIL: gfortran.fortran-torture/execute/where_2.f90 compilation,  -Os 
FAIL: gfortran.fortran-torture/execute/where_3.f90 compilation,  -O0 
FAIL: gfortran.fortran-torture/execute/where_3.f90 compilation,  -O1 
FAIL: gfortran.fortran-torture/execute/where_3.f90 compilation,  -O2 
FAIL: gfortran.fortran-torture/execute/where_3.f90 compilation,  -O2 -fomit-frame-pointer -finline-functions 
FAIL: gfortran.fortran-torture/execute/where_3.f90 compilation,  -O2 -fomit-frame-pointer -finline-functions -funroll-loops 
FAIL: gfortran.fortran-torture/execute/where_3.f90 compilation,  -O2 -fomit-frame-pointer -finline-functions -funroll-all-loops 
FAIL: gfortran.fortran-torture/execute/where_3.f90 compilation,  -O2 -fno-repack-arrays 
FAIL: gfortran.fortran-torture/execute/where_3.f90 compilation,  -O2 -fg77-calls 
FAIL: gfortran.fortran-torture/execute/where_3.f90 compilation,  -O3 -g 
FAIL: gfortran.fortran-torture/execute/where_3.f90 compilation,  -Os 
FAIL: gfortran.fortran-torture/execute/where_4.f90 compilation,  -O0 
FAIL: gfortran.fortran-torture/execute/where_4.f90 compilation,  -O1 
FAIL: gfortran.fortran-torture/execute/where_4.f90 compilation,  -O2 
FAIL: gfortran.fortran-torture/execute/where_4.f90 compilation,  -O2 -fomit-frame-pointer -finline-functions 
FAIL: gfortran.fortran-torture/execute/where_4.f90 compilation,  -O2 -fomit-frame-pointer -finline-functions -funroll-loops 
FAIL: gfortran.fortran-torture/execute/where_4.f90 compilation,  -O2 -fomit-frame-pointer -finline-functions -funroll-all-loops 
FAIL: gfortran.fortran-torture/execute/where_4.f90 compilation,  -O2 -fno-repack-arrays 
FAIL: gfortran.fortran-torture/execute/where_4.f90 compilation,  -O2 -fg77-calls 
FAIL: gfortran.fortran-torture/execute/where_4.f90 compilation,  -O3 -g 
FAIL: gfortran.fortran-torture/execute/where_4.f90 compilation,  -Os 
FAIL: gfortran.fortran-torture/execute/where_5.f90 compilation,  -O0 
FAIL: gfortran.fortran-torture/execute/where_5.f90 compilation,  -O1 
FAIL: gfortran.fortran-torture/execute/where_5.f90 compilation,  -O2 
FAIL: gfortran.fortran-torture/execute/where_5.f90 compilation,  -O2 -fomit-frame-pointer -finline-functions 
FAIL: gfortran.fortran-torture/execute/where_5.f90 compilation,  -O2 -fomit-frame-pointer -finline-functions -funroll-loops 
FAIL: gfortran.fortran-torture/execute/where_5.f90 compilation,  -O2 -fomit-frame-pointer -finline-functions -funroll-all-loops 
FAIL: gfortran.fortran-torture/execute/where_5.f90 compilation,  -O2 -fno-repack-arrays 
FAIL: gfortran.fortran-torture/execute/where_5.f90 compilation,  -O2 -fg77-calls 
FAIL: gfortran.fortran-torture/execute/where_5.f90 compilation,  -O3 -g 
FAIL: gfortran.fortran-torture/execute/where_5.f90 compilation,  -Os 
FAIL: gfortran.fortran-torture/execute/where_6.f90 compilation,  -O0 
FAIL: gfortran.fortran-torture/execute/where_6.f90 compilation,  -O1 
FAIL: gfortran.fortran-torture/execute/where_6.f90 compilation,  -O2 
FAIL: gfortran.fortran-torture/execute/where_6.f90 compilation,  -O2 -fomit-frame-pointer -finline-functions 
FAIL: gfortran.fortran-torture/execute/where_6.f90 compilation,  -O2 -fomit-frame-pointer -finline-functions -funroll-loops 
FAIL: gfortran.fortran-torture/execute/where_6.f90 compilation,  -O2 -fomit-frame-pointer -finline-functions -funroll-all-loops 
FAIL: gfortran.fortran-torture/execute/where_6.f90 compilation,  -O2 -fno-repack-arrays 
FAIL: gfortran.fortran-torture/execute/where_6.f90 compilation,  -O2 -fg77-calls 
FAIL: gfortran.fortran-torture/execute/where_6.f90 compilation,  -O3 -g 
FAIL: gfortran.fortran-torture/execute/where_6.f90 compilation,  -Os 

		=== gfortran Summary ===

# of expected passes		230
# of unexpected failures	790
# of untested testcases		790
/disk4/billingd/obj/gcc-tree-ssa/gcc/testsuite/../gfortran version 3.5-tree-ssa 20030807 (merged 20030722)

		=== objc tests ===


Running target unix

		=== objc Summary ===

# of expected passes		1156
/disk4/billingd/obj/gcc-tree-ssa/gcc/xgcc version 3.5-tree-ssa 20030807 (merged 20030722)

		=== libstdc++-v3 tests ===


Running target unix
FAIL: 22_locale/ctype/cons/char/1.cc execution test
FAIL: 26_numerics/c99_classification_macros_c++.cc (test for excess errors)
FAIL: 26_numerics/c99_classification_macros_c.cc (test for excess errors)
FAIL: 27_io/basic_filebuf/sgetn/char/1-in.cc execution test
FAIL: 27_io/basic_filebuf/sgetn/char/1-io.cc execution test
FAIL: 27_io/basic_filebuf/sgetn/char/2-in.cc execution test
FAIL: 27_io/basic_filebuf/sgetn/char/2-io.cc execution test
FAIL: 27_io/basic_istream/readsome/char/6746-2.cc execution test

		=== libstdc++-v3 Summary ===

# of expected passes		2002
# of unexpected failures	8
# of expected failures		9
# of unsupported tests		7

Compiler version: 3.5-tree-ssa 20030807 (merged 20030722) 
Platform: mips-sgi-irix6.5
configure flags: --enable-shared --enable-haifa --disable-libgcj --enable-languages=c,c++,f77,objc,f95 --enable-threads=single --disable-nls --enable-c-mbchar --enable-werror=no --disable-libmudflap --disable-multilib --prefix=/disk4/billingd/tmp/gcc-tree-ssa --with-libbanshee
Counting all warnings,
there are 25 warnings in stage3 of this bootstrap.

Number of warnings per file:
  10 gcc/config/mips/mips.md
   4 gcc/gcc.c
   2 insn-conditions.c
   2 gcc/reload1.c
   2 gcc/objc/lang-specs.h
   2 gcc/f/sta.c
   2 /usr/local/share/bison/bison.simple
   1 gcc/expr.c

Number of warning types:
   7 string length \`???' is greater than the length \`???' ISO C89 compilers are required to support
   6 operand 1 missing mode?
   4 \`???' might be used uninitialized in this function
   3 operand 0 missing mode?
   2 label \`???' defined but not used
   2 dereferencing type-punned pointer will break strict-aliasing rules
   1 source missing a mode?


Index Nav: [Date Index] [Subject Index] [Author Index] [Thread Index]
Message Nav: [Date Prev] [Date Next] [Thread Prev] [Thread Next]