This is the mail archive of the gcc-testresults@gcc.gnu.org mailing list for the GCC project.


Index Nav: [Date Index] [Subject Index] [Author Index] [Thread Index]
Message Nav: [Date Prev] [Date Next] [Thread Prev] [Thread Next]
Other format: [Raw text]

Results for 3.4 20030807 (experimental) testsuite on mips-sgi-irix6.5


This run on Origin 300 cru300 under Irix 6.5.20m
LAST_UPDATED: Thu Aug  7 09:06:48 GMT 2003

Native configuration is mips-sgi-irix6.5

		=== g++ tests ===


Running target unix
FAIL: g++.dg/abi/mangle2.C execution test
FAIL: g++.dg/ext/pretty1.C scan-assembler int bar\\(T\\).*with T = int
FAIL: g++.dg/ext/pretty1.C scan-assembler top level
FAIL: g++.dg/ext/pretty1.C scan-assembler int main\\(\\)
FAIL: g++.dg/ext/pretty1.C scan-assembler int bar\\(T\\).*with T = double
FAIL: g++.dg/ext/pretty1.C scan-assembler int bar\\(T\\).*with T = unsigned char*
FAIL: g++.dg/ext/pretty2.C (test for excess errors)
WARNING: g++.dg/ext/pretty2.C compilation failed to produce executable
FAIL: g++.dg/init/array10.C (test for excess errors)
FAIL: g++.dg/pch/system-1.C -g assembly comparison
FAIL: g++.dg/pch/system-1.C -O2 -g assembly comparison
FAIL: g++.dg/pch/system-1.C -O2 assembly comparison
FAIL: g++.dg/pch/system-2.C -g assembly comparison
FAIL: g++.dg/pch/system-2.C -O2 -g assembly comparison
FAIL: g++.dg/pch/system-2.C -O2 assembly comparison
WARNING: g++.old-deja/g++.jason/thunk3.C compilation failed to produce executable
FAIL: g++.old-deja/g++.law/profile1.C (test for excess errors)
WARNING: g++.old-deja/g++.law/profile1.C compilation failed to produce executable
WARNING: g++.old-deja/g++.mike/p10769a.C compilation failed to produce executable
FAIL: g++.old-deja/g++.other/comdat1.C (test for excess errors)
WARNING: g++.old-deja/g++.other/comdat1.C compilation failed to produce executable
FAIL: g++.old-deja/g++.other/comdat2.C (test for excess errors)
WARNING: g++.old-deja/g++.other/comdat2.C compilation failed to produce executable
FAIL: g++.old-deja/g++.other/comdat3.C (test for excess errors)
WARNING: g++.old-deja/g++.other/comdat3.C compilation failed to produce executable
FAIL: g++.old-deja/g++.other/ctor1.C (test for excess errors)
WARNING: g++.old-deja/g++.other/ctor1.C compilation failed to produce executable
WARNING: g++.old-deja/g++.other/enum5.C compilation failed to produce executable
WARNING: g++.old-deja/g++.pt/friend44.C compilation failed to produce executable
FAIL: g++.old-deja/g++.pt/instantiate5.C (test for excess errors)

		=== g++ Summary for unix ===

# of expected passes		8483
# of unexpected failures	20
# of expected failures		66
# of unsupported tests		56

Running target unix/-mabi=64
FAIL: g++.dg/abi/mangle2.C execution test
FAIL: g++.dg/ext/pretty1.C scan-assembler int bar\\(T\\).*with T = int
FAIL: g++.dg/ext/pretty1.C scan-assembler top level
FAIL: g++.dg/ext/pretty1.C scan-assembler int main\\(\\)
FAIL: g++.dg/ext/pretty1.C scan-assembler int bar\\(T\\).*with T = double
FAIL: g++.dg/ext/pretty1.C scan-assembler int bar\\(T\\).*with T = unsigned char*
FAIL: g++.dg/ext/pretty2.C (test for excess errors)
WARNING: g++.dg/ext/pretty2.C compilation failed to produce executable
FAIL: g++.dg/init/array10.C (test for excess errors)
FAIL: g++.dg/pch/system-1.C -g assembly comparison
FAIL: g++.dg/pch/system-1.C -O2 -g assembly comparison
FAIL: g++.dg/pch/system-1.C -O2 assembly comparison
FAIL: g++.dg/pch/system-2.C -g assembly comparison
FAIL: g++.dg/pch/system-2.C -O2 -g assembly comparison
FAIL: g++.dg/pch/system-2.C -O2 assembly comparison
WARNING: g++.old-deja/g++.jason/thunk3.C compilation failed to produce executable
FAIL: g++.old-deja/g++.law/profile1.C (test for excess errors)
WARNING: g++.old-deja/g++.law/profile1.C compilation failed to produce executable
WARNING: g++.old-deja/g++.mike/p10769a.C compilation failed to produce executable
FAIL: g++.old-deja/g++.other/comdat1.C (test for excess errors)
WARNING: g++.old-deja/g++.other/comdat1.C compilation failed to produce executable
FAIL: g++.old-deja/g++.other/comdat2.C (test for excess errors)
WARNING: g++.old-deja/g++.other/comdat2.C compilation failed to produce executable
FAIL: g++.old-deja/g++.other/comdat3.C (test for excess errors)
WARNING: g++.old-deja/g++.other/comdat3.C compilation failed to produce executable
FAIL: g++.old-deja/g++.other/ctor1.C (test for excess errors)
WARNING: g++.old-deja/g++.other/ctor1.C compilation failed to produce executable
WARNING: g++.old-deja/g++.other/enum5.C compilation failed to produce executable
WARNING: g++.old-deja/g++.pt/friend44.C compilation failed to produce executable
FAIL: g++.old-deja/g++.pt/instantiate5.C (test for excess errors)

		=== g++ Summary for unix/-mabi=64 ===

# of expected passes		8483
# of unexpected failures	20
# of expected failures		66
# of unsupported tests		56

		=== g++ Summary ===

# of expected passes		16966
# of unexpected failures	40
# of expected failures		132
# of unsupported tests		112
/disk4/billingd/obj/gcc/gcc/testsuite/../g++ version 3.4 20030807 (experimental)

		=== g77 tests ===


Running target unix
FAIL: g77.f-torture/execute/980520-1.f compilation,  -O0 

		=== g77 Summary for unix ===

# of expected passes		1746
# of unexpected failures	1
# of untested testcases		1
# of unsupported tests		6

Running target unix/-mabi=64
ERROR: tcl error sourcing /disk4/billingd/src/gcc/gcc/testsuite/g77.dg/dg.exp.
ERROR: couldn't compile regular expression pattern: unmatched ()
FAIL: g77.f-torture/execute/980520-1.f compilation,  -O0 

		=== g77 Summary for unix/-mabi=64 ===

# of expected passes		1244
# of unexpected failures	1
# of untested testcases		1

		=== g77 Summary ===

# of expected passes		2990
# of unexpected failures	2
# of untested testcases		2
# of unsupported tests		6
/disk4/billingd/obj/gcc/gcc/testsuite/../g77 version 3.4 20030807 (experimental)

		=== gcc tests ===


Running target unix
FAIL: gcc.c-torture/compile/mipscop-1.c (test for excess errors)
FAIL: gcc.c-torture/compile/mipscop-1.c (test for excess errors)
FAIL: gcc.c-torture/compile/mipscop-1.c (test for excess errors)
FAIL: gcc.c-torture/compile/mipscop-1.c (test for excess errors)
FAIL: gcc.c-torture/compile/mipscop-1.c (test for excess errors)
FAIL: gcc.c-torture/compile/mipscop-1.c (test for excess errors)
FAIL: gcc.c-torture/compile/mipscop-2.c (test for excess errors)
FAIL: gcc.c-torture/compile/mipscop-2.c (test for excess errors)
FAIL: gcc.c-torture/compile/mipscop-2.c (test for excess errors)
FAIL: gcc.c-torture/compile/mipscop-2.c (test for excess errors)
FAIL: gcc.c-torture/compile/mipscop-2.c (test for excess errors)
FAIL: gcc.c-torture/compile/mipscop-2.c (test for excess errors)
FAIL: gcc.c-torture/compile/mipscop-3.c (test for excess errors)
FAIL: gcc.c-torture/compile/mipscop-3.c (test for excess errors)
FAIL: gcc.c-torture/compile/mipscop-3.c (test for excess errors)
FAIL: gcc.c-torture/compile/mipscop-3.c (test for excess errors)
FAIL: gcc.c-torture/compile/mipscop-3.c (test for excess errors)
FAIL: gcc.c-torture/compile/mipscop-3.c (test for excess errors)
FAIL: gcc.c-torture/compile/mipscop-4.c (test for excess errors)
FAIL: gcc.c-torture/compile/mipscop-4.c (test for excess errors)
FAIL: gcc.c-torture/compile/mipscop-4.c (test for excess errors)
FAIL: gcc.c-torture/compile/mipscop-4.c (test for excess errors)
FAIL: gcc.c-torture/compile/mipscop-4.c (test for excess errors)
FAIL: gcc.c-torture/compile/mipscop-4.c (test for excess errors)
FAIL: gcc.c-torture/compile/simd-5.c (test for excess errors)
FAIL: gcc.c-torture/compile/simd-5.c (test for excess errors)
FAIL: gcc.c-torture/compile/simd-5.c (test for excess errors)
FAIL: gcc.c-torture/compile/simd-5.c (test for excess errors)
FAIL: gcc.c-torture/execute/20020412-1.c execution,  -O0 
FAIL: gcc.c-torture/execute/20020412-1.c execution,  -O1 
FAIL: gcc.c-torture/execute/20020412-1.c execution,  -O2 
FAIL: gcc.c-torture/execute/20020412-1.c execution,  -O3 -fomit-frame-pointer 
FAIL: gcc.c-torture/execute/20020412-1.c execution,  -O3 -fomit-frame-pointer -funroll-loops 
FAIL: gcc.c-torture/execute/20020412-1.c execution,  -O3 -fomit-frame-pointer -funroll-all-loops -finline-functions 
FAIL: gcc.c-torture/execute/20020412-1.c execution,  -O3 -g 
FAIL: gcc.c-torture/execute/20020412-1.c execution,  -Os 
UNRESOLVED: gcc.c-torture/execute/wchar_t-1.c execution,  -O0 
UNRESOLVED: gcc.c-torture/execute/wchar_t-1.c execution,  -O1 
UNRESOLVED: gcc.c-torture/execute/wchar_t-1.c execution,  -O2 
UNRESOLVED: gcc.c-torture/execute/wchar_t-1.c execution,  -O3 -fomit-frame-pointer 
UNRESOLVED: gcc.c-torture/execute/wchar_t-1.c execution,  -O3 -g 
UNRESOLVED: gcc.c-torture/execute/wchar_t-1.c execution,  -Os 
FAIL: gcc.dg/compat/struct-by-value-11 c_compat_x_tst.o-c_compat_y_tst.o execute 
FAIL: gcc.dg/compat/struct-by-value-12 c_compat_x_tst.o-c_compat_y_tst.o execute 
FAIL: gcc.dg/compat/struct-by-value-2 c_compat_x_tst.o-c_compat_y_tst.o execute 
FAIL: gcc.dg/compat/struct-by-value-3 c_compat_x_tst.o-c_compat_y_tst.o execute 
FAIL: gcc.dg/compat/struct-by-value-4 c_compat_x_tst.o-c_compat_y_tst.o execute 
FAIL: gcc.dg/compat/struct-by-value-5 c_compat_x_tst.o-c_compat_y_tst.o execute 
FAIL: gcc.dg/compat/struct-by-value-8 c_compat_x_tst.o-c_compat_y_tst.o execute 
FAIL: gcc.dg/compat/struct-by-value-9 c_compat_x_tst.o-c_compat_y_tst.o execute 
FAIL: gcc.dg/compat/struct-return-2 c_compat_x_tst.o-c_compat_y_tst.o execute 
FAIL: gcc.dg/compat/struct-return-3 c_compat_x_tst.o-c_compat_y_tst.o execute 
FAIL: gcc.dg/compat/vector-1 c_compat_x_tst.o compile
FAIL: gcc.dg/compat/vector-1 c_compat_y_tst.o compile
UNRESOLVED: gcc.dg/compat/vector-1 c_compat_x_tst.o-c_compat_y_tst.o link 
UNRESOLVED: gcc.dg/compat/vector-1 c_compat_x_tst.o-c_compat_y_tst.o execute 
FAIL: gcc.dg/compat/vector-2 c_compat_x_tst.o compile
FAIL: gcc.dg/compat/vector-2 c_compat_y_tst.o compile
UNRESOLVED: gcc.dg/compat/vector-2 c_compat_x_tst.o-c_compat_y_tst.o link 
UNRESOLVED: gcc.dg/compat/vector-2 c_compat_x_tst.o-c_compat_y_tst.o execute 
FAIL: gcc.dg/cpp/19990228-1.c scan-file-not [^\\n]#
FAIL: gcc.dg/cpp/_Pragma4.c scan-file (^|\\n)#pragma bar(\$|\\n)
FAIL: gcc.dg/cpp/avoidpaste2.c scan-file (^|\\n): : : - > - >
FAIL: gcc.dg/cpp/avoidpaste2.c scan-file (^|\\n):2: :22 22:
FAIL: gcc.dg/cpp/cmdlne-dD-dM.c scan-file (^|\\n)#define foo bar(\$|\\n)
FAIL: gcc.dg/cpp/cmdlne-dM-M.c scan-file (^|\\n)#define foo bar(\$|\\n)
FAIL: gcc.dg/cpp/cmdlne-dM-dD.c scan-file (^|\\n)#define foo bar(\$|\\n)
FAIL: gcc.dg/cpp/maccom1.c scan-file (^|\\n)passed
WARNING: gcc.dg/20021014-1.c compilation failed to produce executable
FAIL: gcc.dg/builtins-18.c (test for excess errors)
FAIL: gcc.dg/builtins-20.c (test for excess errors)
ERROR: gcc.dg/const-elim-2.c: error executing dg-final: bad switch "-inline": must be -indices, -nocase, or --
UNRESOLVED: gcc.dg/const-elim-2.c: error executing dg-final: bad switch "-inline": must be -indices, -nocase, or --
WARNING: gcc.dg/nest.c compilation failed to produce executable
XPASS: gcc.dg/sibcall-3.c execution test
XPASS: gcc.dg/sibcall-4.c execution test
FAIL: gcc.dg/unused-5.c scan-assembler string_to_look_for
FAIL: gcc.dg/special/wkali-2.c (test for excess errors)
FAIL: gcc.dg/special/wkali-2.c execution test

		=== gcc Summary for unix ===

# of expected passes		22665
# of unexpected failures	63
# of unexpected successes	2
# of expected failures		85
# of unresolved testcases	11
# of unsupported tests		236

Running target unix/-mabi=64
FAIL: gcc.c-torture/compile/20030605-1.c (test for excess errors)
FAIL: gcc.c-torture/compile/20030605-1.c (test for excess errors)
FAIL: gcc.c-torture/compile/20030605-1.c (test for excess errors)
FAIL: gcc.c-torture/compile/20030605-1.c (test for excess errors)
FAIL: gcc.c-torture/compile/20030605-1.c (test for excess errors)
FAIL: gcc.c-torture/compile/mipscop-1.c (test for excess errors)
FAIL: gcc.c-torture/compile/mipscop-1.c (test for excess errors)
FAIL: gcc.c-torture/compile/mipscop-1.c (test for excess errors)
FAIL: gcc.c-torture/compile/mipscop-1.c (test for excess errors)
FAIL: gcc.c-torture/compile/mipscop-1.c (test for excess errors)
FAIL: gcc.c-torture/compile/mipscop-1.c (test for excess errors)
FAIL: gcc.c-torture/compile/mipscop-2.c (test for excess errors)
FAIL: gcc.c-torture/compile/mipscop-2.c (test for excess errors)
FAIL: gcc.c-torture/compile/mipscop-2.c (test for excess errors)
FAIL: gcc.c-torture/compile/mipscop-2.c (test for excess errors)
FAIL: gcc.c-torture/compile/mipscop-2.c (test for excess errors)
FAIL: gcc.c-torture/compile/mipscop-2.c (test for excess errors)
FAIL: gcc.c-torture/compile/mipscop-3.c (test for excess errors)
FAIL: gcc.c-torture/compile/mipscop-3.c (test for excess errors)
FAIL: gcc.c-torture/compile/mipscop-3.c (test for excess errors)
FAIL: gcc.c-torture/compile/mipscop-3.c (test for excess errors)
FAIL: gcc.c-torture/compile/mipscop-3.c (test for excess errors)
FAIL: gcc.c-torture/compile/mipscop-3.c (test for excess errors)
FAIL: gcc.c-torture/compile/mipscop-4.c (test for excess errors)
FAIL: gcc.c-torture/compile/mipscop-4.c (test for excess errors)
FAIL: gcc.c-torture/compile/mipscop-4.c (test for excess errors)
FAIL: gcc.c-torture/compile/mipscop-4.c (test for excess errors)
FAIL: gcc.c-torture/compile/mipscop-4.c (test for excess errors)
FAIL: gcc.c-torture/compile/mipscop-4.c (test for excess errors)
FAIL: gcc.c-torture/compile/simd-5.c (test for excess errors)
FAIL: gcc.c-torture/compile/simd-5.c (test for excess errors)
FAIL: gcc.c-torture/compile/simd-5.c (test for excess errors)
FAIL: gcc.c-torture/compile/simd-5.c (test for excess errors)
FAIL: gcc.c-torture/execute/20020412-1.c execution,  -O0 
FAIL: gcc.c-torture/execute/20020412-1.c execution,  -O1 
FAIL: gcc.c-torture/execute/20020412-1.c execution,  -O2 
FAIL: gcc.c-torture/execute/20020412-1.c execution,  -O3 -fomit-frame-pointer 
FAIL: gcc.c-torture/execute/20020412-1.c execution,  -O3 -fomit-frame-pointer -funroll-loops 
FAIL: gcc.c-torture/execute/20020412-1.c execution,  -O3 -fomit-frame-pointer -funroll-all-loops -finline-functions 
FAIL: gcc.c-torture/execute/20020412-1.c execution,  -O3 -g 
FAIL: gcc.c-torture/execute/20020412-1.c execution,  -Os 
FAIL: gcc.c-torture/execute/950621-1.c execution,  -O3 -fomit-frame-pointer 
FAIL: gcc.c-torture/execute/950621-1.c execution,  -O3 -g 
FAIL: gcc.c-torture/execute/bcp-1.c compilation,  -O2 
UNRESOLVED: gcc.c-torture/execute/bcp-1.c execution,  -O2 
FAIL: gcc.c-torture/execute/bcp-1.c compilation,  -O3 -fomit-frame-pointer 
UNRESOLVED: gcc.c-torture/execute/bcp-1.c execution,  -O3 -fomit-frame-pointer 
FAIL: gcc.c-torture/execute/bcp-1.c compilation,  -O3 -fomit-frame-pointer -funroll-loops 
UNRESOLVED: gcc.c-torture/execute/bcp-1.c execution,  -O3 -fomit-frame-pointer -funroll-loops 
FAIL: gcc.c-torture/execute/bcp-1.c compilation,  -O3 -fomit-frame-pointer -funroll-all-loops -finline-functions 
UNRESOLVED: gcc.c-torture/execute/bcp-1.c execution,  -O3 -fomit-frame-pointer -funroll-all-loops -finline-functions 
FAIL: gcc.c-torture/execute/bcp-1.c compilation,  -O3 -g 
UNRESOLVED: gcc.c-torture/execute/bcp-1.c execution,  -O3 -g 
FAIL: gcc.c-torture/execute/bcp-1.c compilation,  -Os 
UNRESOLVED: gcc.c-torture/execute/bcp-1.c execution,  -Os 
UNRESOLVED: gcc.c-torture/execute/wchar_t-1.c execution,  -O0 
UNRESOLVED: gcc.c-torture/execute/wchar_t-1.c execution,  -O1 
UNRESOLVED: gcc.c-torture/execute/wchar_t-1.c execution,  -O2 
UNRESOLVED: gcc.c-torture/execute/wchar_t-1.c execution,  -O3 -fomit-frame-pointer 
UNRESOLVED: gcc.c-torture/execute/wchar_t-1.c execution,  -O3 -g 
UNRESOLVED: gcc.c-torture/execute/wchar_t-1.c execution,  -Os 
FAIL: gcc.dg/compat/struct-by-value-11 c_compat_x_tst.o-c_compat_y_tst.o execute 
FAIL: gcc.dg/compat/struct-by-value-12 c_compat_x_tst.o-c_compat_y_tst.o execute 
FAIL: gcc.dg/compat/struct-by-value-2 c_compat_x_tst.o-c_compat_y_tst.o execute 
FAIL: gcc.dg/compat/struct-by-value-3 c_compat_x_tst.o-c_compat_y_tst.o execute 
FAIL: gcc.dg/compat/struct-by-value-4 c_compat_x_tst.o-c_compat_y_tst.o execute 
FAIL: gcc.dg/compat/struct-by-value-5 c_compat_x_tst.o-c_compat_y_tst.o execute 
FAIL: gcc.dg/compat/struct-by-value-8 c_compat_x_tst.o-c_compat_y_tst.o execute 
FAIL: gcc.dg/compat/struct-by-value-9 c_compat_x_tst.o-c_compat_y_tst.o execute 
FAIL: gcc.dg/compat/struct-return-2 c_compat_x_tst.o-c_compat_y_tst.o execute 
FAIL: gcc.dg/compat/struct-return-3 c_compat_x_tst.o-c_compat_y_tst.o execute 
FAIL: gcc.dg/compat/vector-1 c_compat_x_tst.o compile
FAIL: gcc.dg/compat/vector-1 c_compat_y_tst.o compile
UNRESOLVED: gcc.dg/compat/vector-1 c_compat_x_tst.o-c_compat_y_tst.o link 
UNRESOLVED: gcc.dg/compat/vector-1 c_compat_x_tst.o-c_compat_y_tst.o execute 
FAIL: gcc.dg/compat/vector-2 c_compat_x_tst.o compile
FAIL: gcc.dg/compat/vector-2 c_compat_y_tst.o compile
UNRESOLVED: gcc.dg/compat/vector-2 c_compat_x_tst.o-c_compat_y_tst.o link 
UNRESOLVED: gcc.dg/compat/vector-2 c_compat_x_tst.o-c_compat_y_tst.o execute 
FAIL: gcc.dg/cpp/19990228-1.c scan-file-not [^\\n]#
FAIL: gcc.dg/cpp/_Pragma4.c scan-file (^|\\n)#pragma bar(\$|\\n)
FAIL: gcc.dg/cpp/avoidpaste2.c scan-file (^|\\n): : : - > - >
FAIL: gcc.dg/cpp/avoidpaste2.c scan-file (^|\\n):2: :22 22:
FAIL: gcc.dg/cpp/cmdlne-dD-dM.c scan-file (^|\\n)#define foo bar(\$|\\n)
FAIL: gcc.dg/cpp/cmdlne-dM-M.c scan-file (^|\\n)#define foo bar(\$|\\n)
FAIL: gcc.dg/cpp/cmdlne-dM-dD.c scan-file (^|\\n)#define foo bar(\$|\\n)
FAIL: gcc.dg/cpp/maccom1.c scan-file (^|\\n)passed
WARNING: gcc.dg/20021014-1.c compilation failed to produce executable
FAIL: gcc.dg/builtins-18.c (test for excess errors)
FAIL: gcc.dg/builtins-20.c (test for excess errors)
ERROR: gcc.dg/const-elim-2.c: error executing dg-final: bad switch "-inline": must be -indices, -nocase, or --
UNRESOLVED: gcc.dg/const-elim-2.c: error executing dg-final: bad switch "-inline": must be -indices, -nocase, or --
FAIL: gcc.dg/funcorder.c scan-assembler-not link_error
WARNING: gcc.dg/nest.c compilation failed to produce executable
XPASS: gcc.dg/sibcall-3.c execution test
XPASS: gcc.dg/sibcall-4.c execution test
FAIL: gcc.dg/unused-5.c scan-assembler string_to_look_for
FAIL: gcc.dg/special/wkali-2.c (test for excess errors)
FAIL: gcc.dg/special/wkali-2.c execution test

		=== gcc Summary for unix/-mabi=64 ===

# of expected passes		22645
# of unexpected failures	77
# of unexpected successes	2
# of expected failures		85
# of unresolved testcases	17
# of unsupported tests		236

		=== gcc Summary ===

# of expected passes		45310
# of unexpected failures	140
# of unexpected successes	4
# of expected failures		170
# of unresolved testcases	28
# of unsupported tests		472
/disk4/billingd/obj/gcc/gcc/xgcc version 3.4 20030807 (experimental)

		=== objc tests ===


Running target unix

		=== objc Summary for unix ===

# of expected passes		1156

Running target unix/-mabi=64

		=== objc Summary for unix/-mabi=64 ===

# of expected passes		1156

		=== objc Summary ===

# of expected passes		2312
/disk4/billingd/obj/gcc/gcc/xgcc version 3.4 20030807 (experimental)

		=== libstdc++ tests ===


Running target unix
FAIL: 22_locale/ctype/cons/char/1.cc execution test
FAIL: 23_containers/vector/bool/6886.cc (test for excess errors)
WARNING: 23_containers/vector/bool/6886.cc compilation failed to produce executable
FAIL: 26_numerics/c99_classification_macros_c++.cc (test for excess errors)
FAIL: 26_numerics/c99_classification_macros_c.cc (test for excess errors)
FAIL: 27_io/basic_filebuf/sgetn/char/1-in.cc execution test
FAIL: 27_io/basic_filebuf/sgetn/char/1-io.cc execution test
FAIL: 27_io/basic_filebuf/sgetn/char/2-in.cc execution test
FAIL: 27_io/basic_filebuf/sgetn/char/2-io.cc execution test
FAIL: 27_io/basic_istream/readsome/char/6746-2.cc execution test

		=== libstdc++ Summary for unix ===

# of expected passes		2064
# of unexpected failures	9
# of expected failures		9
# of unsupported tests		7

Running target unix/-mabi=64
FAIL: 22_locale/ctype/cons/char/1.cc execution test
FAIL: 26_numerics/c99_classification_macros_c++.cc (test for excess errors)
FAIL: 26_numerics/c99_classification_macros_c.cc (test for excess errors)
FAIL: 27_io/basic_filebuf/sgetn/char/1-in.cc execution test
FAIL: 27_io/basic_filebuf/sgetn/char/1-io.cc execution test
FAIL: 27_io/basic_filebuf/sgetn/char/2-in.cc execution test
FAIL: 27_io/basic_filebuf/sgetn/char/2-io.cc execution test
FAIL: 27_io/basic_istream/readsome/char/6746-2.cc execution test

		=== libstdc++ Summary for unix/-mabi=64 ===

# of expected passes		2066
# of unexpected failures	8
# of expected failures		9
# of unsupported tests		7

		=== libstdc++ Summary ===

# of expected passes		4130
# of unexpected failures	17
# of expected failures		18
# of unsupported tests		14

Compiler version: 3.4 20030807 (experimental) 
Platform: mips-sgi-irix6.5
configure flags: --enable-shared --enable-haifa --enable-threads=single --enable-libjava --disable-nls --prefix=/disk4/billingd/tmp/gcc
Counting all warnings,
there are 25 warnings in stage3 of this bootstrap.

Number of warnings per file:
  10 gcc/config/mips/mips.md
   3 gcc/gcc.c
   3 gcc/crtstuff.c
   2 insn-conditions.c
   2 gcc/objc/lang-specs.h
   2 gcc/f/sta.c
   2 /usr/local/share/bison/bison.simple
   1 gcc/java/jvspec.c

Number of warning types:
   8 string length \`???' is greater than the length \`???' ISO C89 compilers are required to support
   6 operand 1 missing mode?
   3 operand 0 missing mode?
   2 label \`???' defined but not used
   2 dereferencing type-punned pointer will break strict-aliasing rules
   1 source missing a mode?
   1 no previous prototype for '__do_global_dtors'
   1 no previous prototype for '__do_global_ctors_1'
   1 no previous prototype for '__do_global_ctors'


Index Nav: [Date Index] [Subject Index] [Author Index] [Thread Index]
Message Nav: [Date Prev] [Date Next] [Thread Prev] [Thread Next]