This is the mail archive of the gcc-testresults@gcc.gnu.org mailing list for the GCC project.


Index Nav: [Date Index] [Subject Index] [Author Index] [Thread Index]
Message Nav: [Date Prev] [Date Next] [Thread Prev] [Thread Next]
Other format: [Raw text]

Results for 3.5-tree-ssa 20030806 (merged 20030722) testsuite on armv5l-unknown-linux-gnu


kernel : 2.4.16-rmk1-xng1
binutils-2.14.90.0.4 + 'default float on arm-linux' patch
glibc-2.2.5 + arm patch

gcc/cfgcleanup.c:merge_blocks : added 'BB_DIRTY' when merging 'non-move'


'make bootstrap' failed with :
LIB2_DIVMOD_FUNCS='_divdi3 _moddi3 _udivdi3 _umoddi3 _udiv_w_sdiv _udivmoddi4' \\
DPBIT='' \\
DPBIT_FUNCS='_pack_df _unpack_df _addsub_df _mul_df _div_df _fpcmp_parts_df _compare_df _eq_df _ne_df _gt_df _ge_df _lt_df _le_df _unord_df _si_to_df _df_to_si _negate_df _make_df _df_to_sf _df_to_tf _thenan_df _df_to_usi _usi_to_df' \\
TPBIT='' \\
TPBIT_FUNCS='_pack_tf _unpack_tf _addsub_tf _mul_tf _div_tf _fpcmp_parts_tf _compare_tf _eq_tf _ne_tf _gt_tf _ge_tf _lt_tf _le_tf _unord_tf _si_to_tf _tf_to_si _negate_tf _make_tf _tf_to_df _tf_to_sf _thenan_tf _tf_to_usi _usi_to_tf' \\
MULTILIBS=\`/usr/src/cvs-others/gcc-trees/gcc-tree-ssa-20020619-branch/build-tmp-0/gcc/xgcc -B/usr/src/cvs-others/gcc-trees/gcc-tree-ssa-20020619-branch/build-tmp-0/gcc/ -B/usr/local/gcc-3.5-cvs/armv5l-unknown-linux-gnu/bin/ -B/usr/local/gcc-3.5-cvs/armv5l-unknown-linux-gnu/lib/ -isystem /usr/local/gcc-3.5-cvs/armv5l-unknown-linux-gnu/include -isystem /usr/local/gcc-3.5-cvs/armv5l-unknown-linux-gnu/sys-include --print-multi-lib\` \\
EXTRA_MULTILIB_PARTS='' \\
SHLIB_LINK='/usr/src/cvs-others/gcc-trees/gcc-tree-ssa-20020619-branch/build-tmp-0/gcc/xgcc -B/usr/src/cvs-others/gcc-trees/gcc-tree-ssa-20020619-branch/build-tmp-0/gcc/ -B/usr/local/gcc-3.5-cvs/armv5l-unknown-linux-gnu/bin/ -B/usr/local/gcc-3.5-cvs/armv5l-unknown-linux-gnu/lib/ -isystem /usr/local/gcc-3.5-cvs/armv5l-unknown-linux-gnu/include -isystem /usr/local/gcc-3.5-cvs/armv5l-unknown-linux-gnu/sys-include -O2  -DIN_GCC    -W -Wall -Wwrite-strings -Wstrict-prototypes -Wmissing-prototypes -isystem ./include  -fomit-frame-pointer -fPIC -g0 -DHAVE_GTHR_DEFAULT -DIN_LIBGCC2 -D__GCC_FLOAT_NOT_NEEDED  -shared -nodefaultlibs -Wl,--soname=@shlib_so_name@.so.1 -Wl,--version-script=@shlib_map_file@ -o @shlib_dir@@shlib_so_name@.so.1 @multilib_flags@ @shlib_objs@ -lc && rm -f @shlib_base_name@.so && ln -s @shlib_dir@@shlib_so_name@.so.1 @shlib_base_name@.so' \\
SHLIB_INSTALL='\$(SHELL) \$(srcdir)/mkinstalldirs \$(DESTDIR)\$(slibdir)@shlib_slibdir_qual@; /bin/install -c -m 644 @shlib_dir@@shlib_so_name@.so.1 \$(DESTDIR)\$(slibdir)@shlib_slibdir_qual@/@shlib_so_name@.so.1; rm -f \$(DESTDIR)\$(slibdir)@shlib_slibdir_qual@/@shlib_base_name@.so; ln -s @shlib_so_name@.so.1 \$(DESTDIR)\$(slibdir)@shlib_slibdir_qual@/@shlib_base_name@.so' \\
SHLIB_EXT='.so' \\
SHLIB_MULTILIB='' \\
SHLIB_MKMAP='../../gcc/gcc/mkmap-symver.awk' \\
SHLIB_MKMAP_OPTS='' \\
SHLIB_MAPFILES='../../gcc/gcc/libgcc-std.ver ../../gcc/gcc/config/libgcc-glibc.ver' \\
SHLIB_NM_FLAGS='-pg' \\
MULTILIB_OSDIRNAMES='' \\
mkinstalldirs='/bin/sh ../../gcc/gcc/mkinstalldirs' \\
  /bin/sh mklibgcc > tmp-libgcc.mk
mv tmp-libgcc.mk libgcc.mk
/usr/src/cvs-others/gcc-trees/gcc-tree-ssa-20020619-branch/build-tmp-0/gcc/xgcc -B/usr/src/cvs-others/gcc-trees/gcc-tree-ssa-20020619-branch/build-tmp-0/gcc/ -B/usr/local/gcc-3.5-cvs/armv5l-unknown-linux-gnu/bin/ -B/usr/local/gcc-3.5-cvs/armv5l-unknown-linux-gnu/lib/ -isystem /usr/local/gcc-3.5-cvs/armv5l-unknown-linux-gnu/include -isystem /usr/local/gcc-3.5-cvs/armv5l-unknown-linux-gnu/sys-include -O2 -DIN_GCC    -W -Wall -Wwrite-strings -Wstrict-prototypes -Wmissing-prototypes -isystem ./include  -I. -I. -I../../gcc/gcc -I../../gcc/gcc/. -I../../gcc/gcc/config -I../../gcc/gcc/../include -I../../gcc/gcc/../libbanshee/libcompat -I../../gcc/gcc/../libbanshee -I../../gcc/gcc/../libbanshee/points-to   -g0 -finhibit-size-directive -fno-inline-functions -fno-exceptions -fno-zero-initialized-in-bss -fno-unit-at-a-time  \\
   -c ../../gcc/gcc/crtstuff.c -DCRT_BEGIN \\
  -o crtbegin.o
xgcc: Internal error: Terminated (program cc1)
Please submit a full bug report.
See <URL:http://gcc.gnu.org/bugs.html> for instructions.
make[2]: *** [crtbegin.o] Error 1
make[2]: Leaving directory \`/usr/src/cvs-others/gcc-trees/gcc-tree-ssa-20020619-branch/build-tmp-0/gcc'
make[1]: *** [stage3_build] Error 2
make[1]: Leaving directory \`/usr/src/cvs-others/gcc-trees/gcc-tree-ssa-20020619-branch/build-tmp-0/gcc'
make: *** [bootstrap] Error 2

build mechanism : 'make'
LAST_UPDATED: Wed Aug  6 19:13:10 UTC 2003

Native configuration is armv5l-unknown-linux-gnu

		=== libmudflap tests ===


Running target unix
FAIL: libmudflap.c++/fail24-frag.cxx (test for excess errors)
WARNING: libmudflap.c++/fail24-frag.cxx compilation failed to produce executable
FAIL: libmudflap.c++/pass27-frag.cxx (test for excess errors)
WARNING: libmudflap.c++/pass27-frag.cxx compilation failed to produce executable
FAIL: libmudflap.c++/pass28-frag.cxx (test for excess errors)
WARNING: libmudflap.c++/pass28-frag.cxx compilation failed to produce executable
FAIL: libmudflap.c++/pass31-frag.cxx (test for excess errors)
WARNING: libmudflap.c++/pass31-frag.cxx compilation failed to produce executable
FAIL: libmudflap.c++/fail24-frag.cxx (-static) (test for excess errors)
WARNING: libmudflap.c++/fail24-frag.cxx (-static) compilation failed to produce executable
FAIL: libmudflap.c++/pass27-frag.cxx (-static) (test for excess errors)
WARNING: libmudflap.c++/pass27-frag.cxx (-static) compilation failed to produce executable
FAIL: libmudflap.c++/pass28-frag.cxx (-static) (test for excess errors)
WARNING: libmudflap.c++/pass28-frag.cxx (-static) compilation failed to produce executable
FAIL: libmudflap.c++/pass31-frag.cxx (-static) (test for excess errors)
WARNING: libmudflap.c++/pass31-frag.cxx (-static) compilation failed to produce executable
FAIL: libmudflap.c++/fail24-frag.cxx (-O2) (test for excess errors)
WARNING: libmudflap.c++/fail24-frag.cxx (-O2) compilation failed to produce executable
FAIL: libmudflap.c++/pass27-frag.cxx (-O2) (test for excess errors)
WARNING: libmudflap.c++/pass27-frag.cxx (-O2) compilation failed to produce executable
FAIL: libmudflap.c++/pass28-frag.cxx (-O2) (test for excess errors)
WARNING: libmudflap.c++/pass28-frag.cxx (-O2) compilation failed to produce executable
FAIL: libmudflap.c++/pass31-frag.cxx (-O2) (test for excess errors)
WARNING: libmudflap.c++/pass31-frag.cxx (-O2) compilation failed to produce executable
FAIL: libmudflap.c++/fail24-frag.cxx (-O3) (test for excess errors)
WARNING: libmudflap.c++/fail24-frag.cxx (-O3) compilation failed to produce executable
FAIL: libmudflap.c++/pass27-frag.cxx (-O3) (test for excess errors)
WARNING: libmudflap.c++/pass27-frag.cxx (-O3) compilation failed to produce executable
FAIL: libmudflap.c++/pass28-frag.cxx (-O3) (test for excess errors)
WARNING: libmudflap.c++/pass28-frag.cxx (-O3) compilation failed to produce executable
FAIL: libmudflap.c++/pass31-frag.cxx (-O3) (test for excess errors)
WARNING: libmudflap.c++/pass31-frag.cxx (-O3) compilation failed to produce executable

		=== libmudflap Summary ===

# of expected passes		952
# of unexpected failures	16
		=== gcc tests ===


Running target unix
WARNING: program timed out.
FAIL: gcc.c-torture/compile/20001226-1.c (test for excess errors)
WARNING: program timed out.
FAIL: gcc.c-torture/compile/20001226-1.c (test for excess errors)
WARNING: program timed out.
FAIL: gcc.c-torture/compile/20001226-1.c (test for excess errors)
XPASS: gcc.c-torture/execute/builtins/string-4.c execution,  -O0 
XPASS: gcc.c-torture/execute/builtins/string-4.c execution,  -O1 
XPASS: gcc.c-torture/execute/builtins/string-4.c execution,  -O2 
XPASS: gcc.c-torture/execute/builtins/string-4.c execution,  -O3 -fomit-frame-pointer 
XPASS: gcc.c-torture/execute/builtins/string-4.c execution,  -O3 -g 
XPASS: gcc.c-torture/execute/builtins/string-4.c execution,  -Os 
XPASS: gcc.c-torture/execute/20020720-1.c compilation,  -O1 
XPASS: gcc.c-torture/execute/20020720-1.c compilation,  -O2 
XPASS: gcc.c-torture/execute/20020720-1.c compilation,  -O3 -fomit-frame-pointer 
XPASS: gcc.c-torture/execute/20020720-1.c compilation,  -O3 -g 
XPASS: gcc.c-torture/execute/20020720-1.c compilation,  -Os 
FAIL: gcc.c-torture/execute/20030125-1.c execution,  -O1 
FAIL: gcc.c-torture/execute/20030125-1.c execution,  -O2 
FAIL: gcc.c-torture/execute/20030125-1.c execution,  -O3 -fomit-frame-pointer 
FAIL: gcc.c-torture/execute/20030125-1.c execution,  -O3 -g 
FAIL: gcc.c-torture/execute/20030125-1.c execution,  -Os 
XPASS: gcc.c-torture/execute/990208-1.c execution,  -O3 -fomit-frame-pointer 
XPASS: gcc.c-torture/execute/990208-1.c execution,  -O3 -g 
FAIL: gcc.c-torture/execute/string-opt-7.c execution,  -O1 
FAIL: gcc.c-torture/execute/string-opt-7.c execution,  -O2 
FAIL: gcc.c-torture/execute/string-opt-7.c execution,  -O3 -fomit-frame-pointer 
FAIL: gcc.c-torture/execute/string-opt-7.c execution,  -O3 -g 
FAIL: gcc.c-torture/execute/string-opt-7.c execution,  -Os 
UNRESOLVED: gcc.c-torture/execute/wchar_t-1.c execution,  -O0 
UNRESOLVED: gcc.c-torture/execute/wchar_t-1.c execution,  -O1 
UNRESOLVED: gcc.c-torture/execute/wchar_t-1.c execution,  -O2 
UNRESOLVED: gcc.c-torture/execute/wchar_t-1.c execution,  -O3 -fomit-frame-pointer 
UNRESOLVED: gcc.c-torture/execute/wchar_t-1.c execution,  -O3 -g 
UNRESOLVED: gcc.c-torture/execute/wchar_t-1.c execution,  -Os 
FAIL: gcc.c-torture/execute/ieee/fp-cmp-8.c compilation,  -O2 
UNRESOLVED: gcc.c-torture/execute/ieee/fp-cmp-8.c execution,  -O2 
FAIL: gcc.c-torture/execute/ieee/fp-cmp-8.c compilation,  -O3 -fomit-frame-pointer 
UNRESOLVED: gcc.c-torture/execute/ieee/fp-cmp-8.c execution,  -O3 -fomit-frame-pointer 
FAIL: gcc.c-torture/execute/ieee/fp-cmp-8.c compilation,  -O3 -fomit-frame-pointer -funroll-loops 
UNRESOLVED: gcc.c-torture/execute/ieee/fp-cmp-8.c execution,  -O3 -fomit-frame-pointer -funroll-loops 
FAIL: gcc.c-torture/execute/ieee/fp-cmp-8.c compilation,  -O3 -fomit-frame-pointer -funroll-all-loops -finline-functions 
UNRESOLVED: gcc.c-torture/execute/ieee/fp-cmp-8.c execution,  -O3 -fomit-frame-pointer -funroll-all-loops -finline-functions 
FAIL: gcc.c-torture/execute/ieee/fp-cmp-8.c compilation,  -O3 -g 
UNRESOLVED: gcc.c-torture/execute/ieee/fp-cmp-8.c execution,  -O3 -g 
FAIL: gcc.c-torture/execute/ieee/fp-cmp-8.c compilation,  -Os 
UNRESOLVED: gcc.c-torture/execute/ieee/fp-cmp-8.c execution,  -Os 
FAIL: gcc.dg/compat/vector-1 c_compat_x_tst.o-c_compat_y_tst.o execute 
FAIL: gcc.dg/compat/vector-2 c_compat_x_tst.o compile
FAIL: gcc.dg/compat/vector-2 c_compat_y_tst.o compile
UNRESOLVED: gcc.dg/compat/vector-2 c_compat_x_tst.o-c_compat_y_tst.o link 
UNRESOLVED: gcc.dg/compat/vector-2 c_compat_x_tst.o-c_compat_y_tst.o execute 
FAIL: gcc.dg/cpp/lexident.c (test for excess errors)
FAIL: gcc.dg/debug/debug-1.c scan-assembler xyzzy
FAIL: gcc.dg/debug/debug-1.c scan-assembler xyzzy
FAIL: gcc.dg/debug/debug-1.c scan-assembler xyzzy
FAIL: gcc.dg/debug/debug-1.c scan-assembler xyzzy
FAIL: gcc.dg/debug/debug-2.c scan-assembler xyzzy
FAIL: gcc.dg/debug/debug-2.c scan-assembler xyzzy
FAIL: gcc.dg/debug/debug-2.c scan-assembler xyzzy
FAIL: gcc.dg/debug/debug-2.c scan-assembler xyzzy
FAIL: gcc.dg/20010516-1.c (test for excess errors)
FAIL: gcc.dg/20020304-1.c (test for excess errors)
FAIL: gcc.dg/20030331-2.c (test for excess errors)
FAIL: gcc.dg/Wunreachable-2.c (test for excess errors)
FAIL: gcc.dg/Wunreachable-4.c (test for excess errors)
FAIL: gcc.dg/asm-7.c  (test for warnings, line 12)
FAIL: gcc.dg/asm-7.c  (test for warnings, line 15)
FAIL: gcc.dg/asm-7.c  (test for warnings, line 16)
FAIL: gcc.dg/asm-7.c  (test for warnings, line 25)
FAIL: gcc.dg/asm-7.c (test for excess errors)
FAIL: gcc.dg/builtins-10.c (test for excess errors)
FAIL: gcc.dg/builtins-20.c (test for excess errors)
FAIL: gcc.dg/builtins-26.c (test for excess errors)
FAIL: gcc.dg/builtins-7.c (test for excess errors)
FAIL: gcc.dg/pack-test-1.c (test for excess errors)
FAIL: gcc.dg/pack-test-2.c  (test for errors, line 7)
FAIL: gcc.dg/pack-test-2.c  (test for errors, line 14)
FAIL: gcc.dg/pack-test-2.c  (test for errors, line 19)
FAIL: gcc.dg/pack-test-2.c (test for excess errors)
XPASS: gcc.dg/uninit-2.c uninitialized variable warning (test for bogus messages, line 28)
XPASS: gcc.dg/uninit-4.c uninitialized variable warning (test for bogus messages, line 26)
XPASS: gcc.dg/uninit-5.c uninitialized variable warning (test for bogus messages, line 13)
XPASS: gcc.dg/uninit-5.c uninitialized variable warning (test for bogus messages, line 27)
XPASS: gcc.dg/uninit-8.c uninitialized variable warning (test for bogus messages, line 14)
FAIL: gcc.dg/warn-1.c  (test for warnings, line 8)
FAIL: gcc.dg/warn-1.c  (test for warnings, line 15)
FAIL: gcc.dg/warn-1.c (test for excess errors)
FAIL: gcc.dg/pch/static-3.c  -O2  assembly comparison
FAIL: gcc.dg/tree-ssa/20030708-1.c scan-tree-dump-times \\(short unsigned int\\) 1
FAIL: gcc.dg/tree-ssa/20030708-1.c scan-tree-dump-times if  2
FAIL: gcc.dg/tree-ssa/20030729-1.c scan-tree-dump-times \\(unsigned int\\) 0
FAIL: gcc.dg/tree-ssa/20030729-1.c scan-tree-dump-times common.code 1
FAIL: gcc.dg/tree-ssa/20030729-1.c scan-tree-dump-times if  1
FAIL: gcc.dg/tree-ssa/ssa-ccp-2.c scan-tree-dump-times link_error 0
FAIL: gcc.dg/tree-ssa/ssa-ccp-3.c scan-tree-dump-times link_error 0
FAIL: gcc.dg/tree-ssa/ssa-ccp-4.c scan-tree-dump-times link_error 0
FAIL: gcc.dg/tree-ssa/ssa-ccp-5.c scan-tree-dump-times link_error 0
FAIL: gcc.dg/tree-ssa/ssa-ccp-6.c scan-tree-dump-times link_error 0
FAIL: gcc.dg/tree-ssa/ssa-ccp-7.c scan-tree-dump-times link_error 0
FAIL: gcc.dg/tree-ssa/ssa-ccp-8.c scan-tree-dump-times link_error 0
FAIL: gcc.dg/tree-ssa/ssa-ccp-9.c scan-tree-dump-times link_error 0
FAIL: 209: expected branch percentages not found: 25
FAIL: gcc.misc-tests/gcov-4b.c gcov: 0 failures in line counts, 1 in branch percentages, 0 in return percentages

		=== gcc Summary ===

# of expected passes		23107
# of unexpected failures	69
# of unexpected successes	18
# of expected failures		73
# of unresolved testcases	14
# of unsupported tests		260
/usr/src/cvs-others/gcc-trees/gcc-tree-ssa-20020619-branch/build-tmp-0/gcc/xgcc version 3.5-tree-ssa 20030806 (merged 20030722)


Compiler version: 3.5-tree-ssa 20030806 (merged 20030722) 
Platform: armv5l-unknown-linux-gnu
configure flags: --prefix=/usr/local/gcc-3.5-cvs --enable-languages=c --disable-werror --with-libbanshee


Index Nav: [Date Index] [Subject Index] [Author Index] [Thread Index]
Message Nav: [Date Prev] [Date Next] [Thread Prev] [Thread Next]