This is the mail archive of the gcc-testresults@gcc.gnu.org mailing list for the GCC project.


Index Nav: [Date Index] [Subject Index] [Author Index] [Thread Index]
Message Nav: [Date Prev] [Date Next] [Thread Prev] [Thread Next]
Other format: [Raw text]

Results for [trunk] 3.420030806(experimental) testsuite on i686-pc-linux-gnu


The configure/build/test log and libstdc++-v3 regression plots can be
found at http://www.devphil.com/build/

Host was specified as athlon_mp-pc-linux-gnu.

This particular run used standard (previously installed) binutils.

- The Autocrasher (Phil's Builder Bot, version 2.0)



LAST_UPDATED: Mon Feb  3 09:55:58 UTC 2003

Native configuration is i686-pc-linux-gnu

		=== gcc tests ===


Running target unix/-fPIC

		=== gcc Summary ===

		=== g++ tests ===


Running target unix
FAIL: g++.dg/eh/simd-2.C (test for excess errors)
WARNING: g++.dg/eh/simd-2.C compilation failed to produce executable
FAIL: g++.dg/ext/pretty1.C scan-assembler top level
FAIL: g++.dg/ext/pretty2.C (test for excess errors)
WARNING: g++.dg/ext/pretty2.C compilation failed to produce executable
FAIL: g++.dg/init/array10.C (test for excess errors)
WARNING: g++.old-deja/g++.mike/p10769a.C compilation failed to produce executable
WARNING: g++.old-deja/g++.other/enum5.C compilation failed to produce executable
XPASS: g++.old-deja/g++.other/init5.C execution test
WARNING: g++.old-deja/g++.pt/friend44.C compilation failed to produce executable

		=== g++ Summary ===

# of expected passes		8882
# of unexpected failures	4
# of unexpected successes	1
# of expected failures		64
# of unsupported tests		25
/mnt/build/build-2003-08-06-trunk/gcc/testsuite/../g++ version 3.4 20030806 (experimental)


		=== libstdc++-v3 check-abi Summary ===

# of added symbols:		 131
# of missing symbols:		 192
# of incompatible symbols:	 196
		=== libstdc++ tests ===


Running target unix

		=== libstdc++ Summary ===

# of expected passes		2087
# of expected failures		10

Compiler version: 3.420030806(experimental) 
Platform: i686-pc-linux-gnu
configure flags: --prefix=/mnt/build/install-2003-08-06-trunk --enable-threads=posix --enable-__cxa_atexit --enable-languages=c++ --with-dwarf2 --enable-cxx-flags=-march=athlon-mp


Index Nav: [Date Index] [Subject Index] [Author Index] [Thread Index]
Message Nav: [Date Prev] [Date Next] [Thread Prev] [Thread Next]