This is the mail archive of the gcc-testresults@gcc.gnu.org mailing list for the GCC project.


Index Nav: [Date Index] [Subject Index] [Author Index] [Thread Index]
Message Nav: [Date Prev] [Date Next] [Thread Prev] [Thread Next]
Other format: [Raw text]

Results for 3.4 20030805 (experimental) testsuite on sh64-unknown-elf


LAST_UPDATED: 2003-08-05 22:00 UTC

Target is sh64-unknown-elf
Host   is i686-pc-linux-gnu

		=== g++ tests ===


Running target sh64
FAIL: g++.dg/compat/eh/unexpected1 cp_compat_x_tst.o-cp_compat_y_tst.o execute 
FAIL: g++.dg/abi/bitfield5.C  (test for warnings, line 10)
FAIL: g++.dg/eh/registers1.C execution test
FAIL: g++.dg/eh/unexpected1.C execution test
FAIL: g++.dg/ext/pretty1.C scan-assembler top level
FAIL: g++.dg/ext/pretty2.C (test for excess errors)
WARNING: g++.dg/ext/pretty2.C compilation failed to produce executable
FAIL: g++.dg/ext/stmtexpr1.C (test for excess errors)
WARNING: g++.dg/ext/stmtexpr1.C compilation failed to produce executable
FAIL: g++.dg/init/array10.C (test for excess errors)
FAIL: g++.dg/other/packed1.C execution test
FAIL: g++.old-deja/g++.abi/cxa_vec.C execution test
FAIL: g++.old-deja/g++.eh/spec2.C execution test
FAIL: g++.old-deja/g++.jason/thunk2.C (test for excess errors)
WARNING: g++.old-deja/g++.jason/thunk2.C compilation failed to produce executable
XPASS: g++.old-deja/g++.jason/thunk3.C execution test
FAIL: g++.old-deja/g++.law/profile1.C (test for excess errors)
FAIL: g++.old-deja/g++.mike/eh33.C execution test
FAIL: g++.old-deja/g++.mike/eh50.C execution test
FAIL: g++.old-deja/g++.mike/eh51.C execution test
WARNING: g++.old-deja/g++.mike/p10769a.C compilation failed to produce executable
WARNING: g++.old-deja/g++.other/enum5.C compilation failed to produce executable
WARNING: g++.old-deja/g++.pt/friend44.C compilation failed to produce executable

		=== g++ Summary for sh64 ===

# of expected passes		8774
# of unexpected failures	16
# of unexpected successes	1
# of expected failures		65
# of unsupported tests		63

Running target sh64/-ml
FAIL: g++.dg/compat/eh/unexpected1 cp_compat_x_tst.o-cp_compat_y_tst.o execute 
FAIL: g++.dg/abi/bitfield5.C  (test for warnings, line 10)
FAIL: g++.dg/eh/forced1.C execution test
FAIL: g++.dg/eh/registers1.C execution test
FAIL: g++.dg/eh/unexpected1.C execution test
FAIL: g++.dg/ext/pretty1.C scan-assembler top level
FAIL: g++.dg/ext/pretty2.C (test for excess errors)
WARNING: g++.dg/ext/pretty2.C compilation failed to produce executable
FAIL: g++.dg/ext/stmtexpr1.C (test for excess errors)
WARNING: g++.dg/ext/stmtexpr1.C compilation failed to produce executable
FAIL: g++.dg/init/array10.C (test for excess errors)
FAIL: g++.dg/other/packed1.C execution test
FAIL: g++.old-deja/g++.abi/cxa_vec.C execution test
FAIL: g++.old-deja/g++.eh/spec2.C execution test
FAIL: g++.old-deja/g++.eh/spec3.C execution test
FAIL: g++.old-deja/g++.jason/thunk2.C (test for excess errors)
WARNING: g++.old-deja/g++.jason/thunk2.C compilation failed to produce executable
XPASS: g++.old-deja/g++.jason/thunk3.C execution test
FAIL: g++.old-deja/g++.law/profile1.C (test for excess errors)
FAIL: g++.old-deja/g++.mike/eh33.C execution test
FAIL: g++.old-deja/g++.mike/eh50.C execution test
FAIL: g++.old-deja/g++.mike/eh51.C execution test
WARNING: g++.old-deja/g++.mike/p10769a.C compilation failed to produce executable
WARNING: g++.old-deja/g++.other/enum5.C compilation failed to produce executable
WARNING: g++.old-deja/g++.pt/friend44.C compilation failed to produce executable

		=== g++ Summary for sh64/-ml ===

# of expected passes		8772
# of unexpected failures	18
# of unexpected successes	1
# of expected failures		65
# of unsupported tests		63

Running target sh64/-m5-compact/-ml
FAIL: g++.dg/compat/eh/ctor1 cp_compat_x_tst.o-cp_compat_y_tst.o execute 
FAIL: g++.dg/compat/eh/ctor2 cp_compat_x_tst.o-cp_compat_y_tst.o execute 
FAIL: g++.dg/compat/eh/dtor1 cp_compat_x_tst.o-cp_compat_y_tst.o execute 
FAIL: g++.dg/compat/eh/filter1 cp_compat_x_tst.o-cp_compat_y_tst.o execute 
FAIL: g++.dg/compat/eh/new1 cp_compat_x_tst.o-cp_compat_y_tst.o execute 
FAIL: g++.dg/compat/eh/nrv1 cp_compat_x_tst.o-cp_compat_y_tst.o execute 
FAIL: g++.dg/compat/eh/spec3 cp_compat_x_tst.o-cp_compat_y_tst.o execute 
FAIL: g++.dg/compat/eh/template1 cp_compat_x_tst.o-cp_compat_y_tst.o execute 
FAIL: g++.dg/compat/eh/unexpected1 cp_compat_x_tst.o-cp_compat_y_tst.o execute 
FAIL: g++.dg/compat/init/array5 cp_compat_x_tst.o-cp_compat_y_tst.o execute 
FAIL: g++.dg/abi/bitfield5.C  (test for warnings, line 10)
FAIL: g++.dg/eh/cond1.C execution test
FAIL: g++.dg/eh/crossjump1.C execution test
FAIL: g++.dg/eh/ctor1.C execution test
FAIL: g++.dg/eh/ctor2.C execution test
FAIL: g++.dg/eh/dtor1.C execution test
FAIL: g++.dg/eh/filter1.C execution test
FAIL: g++.dg/eh/forced1.C execution test
FAIL: g++.dg/eh/forced2.C execution test
FAIL: g++.dg/eh/forced3.C execution test
FAIL: g++.dg/eh/forced4.C execution test
FAIL: g++.dg/eh/loop1.C execution test
FAIL: g++.dg/eh/loop2.C execution test
FAIL: g++.dg/eh/new1.C execution test
FAIL: g++.dg/eh/omit-frame-pointer.C execution test
FAIL: g++.dg/eh/omit-frame-pointer2.C execution test
FAIL: g++.dg/eh/registers1.C execution test
FAIL: g++.dg/eh/simd-1.C execution test
FAIL: g++.dg/eh/simd-2.C execution test
FAIL: g++.dg/eh/spec3.C execution test
FAIL: g++.dg/eh/template1.C execution test
FAIL: g++.dg/eh/unexpected1.C execution test
FAIL: g++.dg/ext/pretty1.C scan-assembler top level
FAIL: g++.dg/ext/pretty2.C (test for excess errors)
WARNING: g++.dg/ext/pretty2.C compilation failed to produce executable
FAIL: g++.dg/ext/stmtexpr1.C (test for excess errors)
WARNING: g++.dg/ext/stmtexpr1.C compilation failed to produce executable
FAIL: g++.dg/init/array10.C (test for excess errors)
FAIL: g++.dg/init/array5.C execution test
FAIL: g++.dg/init/ctor1.C execution test
FAIL: g++.dg/other/packed1.C execution test
FAIL: g++.old-deja/g++.abi/cxa_vec.C execution test
FAIL: g++.old-deja/g++.brendan/eh1.C execution test
FAIL: g++.old-deja/g++.eh/badalloc1.C execution test
FAIL: g++.old-deja/g++.eh/catch11.C execution test
FAIL: g++.old-deja/g++.eh/catch12.C execution test
FAIL: g++.old-deja/g++.eh/catch3.C execution test
FAIL: g++.old-deja/g++.eh/catch3p.C execution test
FAIL: g++.old-deja/g++.eh/catch4.C execution test
FAIL: g++.old-deja/g++.eh/catch4p.C execution test
FAIL: g++.old-deja/g++.eh/catch5.C execution test
FAIL: g++.old-deja/g++.eh/catch5p.C execution test
FAIL: g++.old-deja/g++.eh/catch6.C execution test
FAIL: g++.old-deja/g++.eh/catch6p.C execution test
FAIL: g++.old-deja/g++.eh/catch7.C execution test
FAIL: g++.old-deja/g++.eh/catch7p.C execution test
FAIL: g++.old-deja/g++.eh/catch8.C execution test
FAIL: g++.old-deja/g++.eh/catch8p.C execution test
FAIL: g++.old-deja/g++.eh/catch9.C execution test
FAIL: g++.old-deja/g++.eh/catch9p.C execution test
FAIL: g++.old-deja/g++.eh/catchptr1.C execution test
FAIL: g++.old-deja/g++.eh/cleanup1.C execution test
FAIL: g++.old-deja/g++.eh/cleanup2.C execution test
FAIL: g++.old-deja/g++.eh/flow1.C execution test
FAIL: g++.old-deja/g++.eh/fntry1.C execution test
FAIL: g++.old-deja/g++.eh/ia64-1.C execution test
FAIL: g++.old-deja/g++.eh/inline2.C execution test
FAIL: g++.old-deja/g++.eh/new1.C execution test
FAIL: g++.old-deja/g++.eh/new2.C execution test
FAIL: g++.old-deja/g++.eh/pdel1.C execution test
FAIL: g++.old-deja/g++.eh/pdel2.C execution test
FAIL: g++.old-deja/g++.eh/ptr1.C execution test
FAIL: g++.old-deja/g++.eh/ptrmem1.C execution test
FAIL: g++.old-deja/g++.eh/rethrow1.C execution test
FAIL: g++.old-deja/g++.eh/rethrow2.C execution test
FAIL: g++.old-deja/g++.eh/rethrow3.C execution test
FAIL: g++.old-deja/g++.eh/rethrow4.C execution test
FAIL: g++.old-deja/g++.eh/rethrow5.C execution test
FAIL: g++.old-deja/g++.eh/rethrow6.C execution test
FAIL: g++.old-deja/g++.eh/spec1.C execution test
FAIL: g++.old-deja/g++.eh/spec2.C execution test
FAIL: g++.old-deja/g++.eh/spec3.C execution test
FAIL: g++.old-deja/g++.eh/tmpl1.C execution test
FAIL: g++.old-deja/g++.eh/unwind1.C execution test
FAIL: g++.old-deja/g++.eh/vbase1.C execution test
FAIL: g++.old-deja/g++.eh/vbase2.C execution test
FAIL: g++.old-deja/g++.eh/vbase4.C execution test
XPASS: g++.old-deja/g++.jason/thunk3.C execution test
FAIL: g++.old-deja/g++.law/profile1.C (test for excess errors)
FAIL: g++.old-deja/g++.martin/new1.C execution test
FAIL: g++.old-deja/g++.mike/dyncast1.C execution test
FAIL: g++.old-deja/g++.mike/dyncast2.C execution test
FAIL: g++.old-deja/g++.mike/eh10.C execution test
FAIL: g++.old-deja/g++.mike/eh12.C execution test
FAIL: g++.old-deja/g++.mike/eh14.C execution test
FAIL: g++.old-deja/g++.mike/eh16.C execution test
FAIL: g++.old-deja/g++.mike/eh17.C execution test
FAIL: g++.old-deja/g++.mike/eh18.C execution test
FAIL: g++.old-deja/g++.mike/eh2.C execution test
FAIL: g++.old-deja/g++.mike/eh21.C execution test
FAIL: g++.old-deja/g++.mike/eh24.C execution test
FAIL: g++.old-deja/g++.mike/eh25.C execution test
FAIL: g++.old-deja/g++.mike/eh26.C execution test
FAIL: g++.old-deja/g++.mike/eh27.C execution test
FAIL: g++.old-deja/g++.mike/eh28.C execution test
FAIL: g++.old-deja/g++.mike/eh29.C execution test
FAIL: g++.old-deja/g++.mike/eh3.C execution test
FAIL: g++.old-deja/g++.mike/eh31.C execution test
FAIL: g++.old-deja/g++.mike/eh33.C execution test
FAIL: g++.old-deja/g++.mike/eh34.C execution test
FAIL: g++.old-deja/g++.mike/eh35.C execution test
FAIL: g++.old-deja/g++.mike/eh36.C execution test
FAIL: g++.old-deja/g++.mike/eh37.C execution test
FAIL: g++.old-deja/g++.mike/eh38.C execution test
FAIL: g++.old-deja/g++.mike/eh39.C execution test
FAIL: g++.old-deja/g++.mike/eh40.C execution test
FAIL: g++.old-deja/g++.mike/eh41.C execution test
FAIL: g++.old-deja/g++.mike/eh42.C execution test
FAIL: g++.old-deja/g++.mike/eh44.C execution test
FAIL: g++.old-deja/g++.mike/eh47.C execution test
FAIL: g++.old-deja/g++.mike/eh48.C execution test
FAIL: g++.old-deja/g++.mike/eh49.C execution test
FAIL: g++.old-deja/g++.mike/eh5.C execution test
FAIL: g++.old-deja/g++.mike/eh50.C execution test
FAIL: g++.old-deja/g++.mike/eh51.C execution test
FAIL: g++.old-deja/g++.mike/eh6.C execution test
FAIL: g++.old-deja/g++.mike/eh8.C execution test
WARNING: g++.old-deja/g++.mike/p10769a.C compilation failed to produce executable
FAIL: g++.old-deja/g++.mike/p7912.C execution test
FAIL: g++.old-deja/g++.mike/p9706.C execution test
FAIL: g++.old-deja/g++.oliva/delete3.C execution test
FAIL: g++.old-deja/g++.oliva/new1.C execution test
FAIL: g++.old-deja/g++.other/array1.C execution test
FAIL: g++.old-deja/g++.other/eh3.C execution test
WARNING: g++.old-deja/g++.other/enum5.C compilation failed to produce executable
FAIL: g++.old-deja/g++.other/init7.C execution test
FAIL: g++.old-deja/g++.other/new7.C execution test
FAIL: g++.old-deja/g++.other/singleton.C execution test
FAIL: g++.old-deja/g++.other/vbase2.C execution test
FAIL: g++.old-deja/g++.pt/fntry1.C execution test
WARNING: g++.old-deja/g++.pt/friend44.C compilation failed to produce executable
FAIL: g++.old-deja/g++.robertl/eb31.C execution test
FAIL: g++.old-deja/g++.robertl/eb50.C execution test
FAIL: g++.old-deja/g++.robertl/eb66.C execution test
FAIL: g++.old-deja/g++.robertl/eb88.C execution test
FAIL: g++.old-deja/g++.robertl/eh990323-1.C execution test
FAIL: g++.old-deja/g++.robertl/eh990323-2.C execution test
FAIL: g++.old-deja/g++.robertl/eh990323-3.C execution test
FAIL: g++.old-deja/g++.robertl/eh990323-4.C execution test
FAIL: g++.old-deja/g++.robertl/eh990323-5.C execution test
FAIL: g++.old-deja/g++.robertl/ice990323-2.C execution test

		=== g++ Summary for sh64/-m5-compact/-ml ===

# of expected passes		8646
# of unexpected failures	145
# of unexpected successes	1
# of expected failures		65
# of unsupported tests		63

		=== g++ Summary ===

# of expected passes		26192
# of unexpected failures	179
# of unexpected successes	3
# of expected failures		195
# of unsupported tests		189
/swbuild/nightly/2003-08-05/sh64-elf/gcc/testsuite/../g++ version 3.4 20030805 (experimental)

Host   is i686-pc-linux-gnu

		=== gcc tests ===


Running target sh64
WARNING: program timed out.
FAIL: gcc.c-torture/compile/20001226-1.c  -O3 -fomit-frame-pointer  (test for excess errors)
WARNING: program timed out.
FAIL: gcc.c-torture/compile/20001226-1.c  -O3 -g  (test for excess errors)
UNRESOLVED: gcc.c-torture/execute/wchar_t-1.c execution,  -O0 
UNRESOLVED: gcc.c-torture/execute/wchar_t-1.c execution,  -O1 
UNRESOLVED: gcc.c-torture/execute/wchar_t-1.c execution,  -O2 
UNRESOLVED: gcc.c-torture/execute/wchar_t-1.c execution,  -O3 -fomit-frame-pointer 
UNRESOLVED: gcc.c-torture/execute/wchar_t-1.c execution,  -O3 -g 
UNRESOLVED: gcc.c-torture/execute/wchar_t-1.c execution,  -Os 
FAIL: gcc.dg/compat/vector-2 c_compat_x_tst.o compile
FAIL: gcc.dg/compat/vector-2 c_compat_y_tst.o compile
UNRESOLVED: gcc.dg/compat/vector-2 c_compat_x_tst.o-c_compat_y_tst.o link 
UNRESOLVED: gcc.dg/compat/vector-2 c_compat_x_tst.o-c_compat_y_tst.o execute 
FAIL: gcc.dg/cpp/spacing1.c scan-file g "1 2" bam baz
FAIL: gcc.dg/debug/debug-1.c -gstabs -O scan-assembler xyzzy
FAIL: gcc.dg/debug/debug-1.c -gstabs3 -O scan-assembler xyzzy
FAIL: gcc.dg/debug/debug-1.c -gstabs+ -O scan-assembler xyzzy
FAIL: gcc.dg/debug/debug-1.c -gstabs+3 -O scan-assembler xyzzy
FAIL: gcc.dg/debug/debug-2.c -gstabs -O scan-assembler xyzzy
FAIL: gcc.dg/debug/debug-2.c -gstabs3 -O scan-assembler xyzzy
FAIL: gcc.dg/debug/debug-2.c -gstabs+ -O scan-assembler xyzzy
FAIL: gcc.dg/debug/debug-2.c -gstabs+3 -O scan-assembler xyzzy
FAIL: gcc.dg/20021014-1.c (test for excess errors)
FAIL: gcc.dg/builtins-20.c (test for excess errors)
FAIL: gcc.dg/nest.c (test for excess errors)
FAIL: gcc.dg/uninit-A.c uninitialized variable warning (test for bogus messages, line 52)
FAIL: gcc.dg/uninit-A.c uninitialized variable warning (test for bogus messages, line 53)

		=== gcc Summary for sh64 ===

# of expected passes		23626
# of unexpected failures	18
# of expected failures		85
# of unresolved testcases	8
# of unsupported tests		278

Running target sh64/-ml
WARNING: program timed out.
FAIL: gcc.c-torture/compile/20001226-1.c  -O3 -g  (test for excess errors)
UNRESOLVED: gcc.c-torture/execute/wchar_t-1.c execution,  -O0 
UNRESOLVED: gcc.c-torture/execute/wchar_t-1.c execution,  -O1 
UNRESOLVED: gcc.c-torture/execute/wchar_t-1.c execution,  -O2 
UNRESOLVED: gcc.c-torture/execute/wchar_t-1.c execution,  -O3 -fomit-frame-pointer 
UNRESOLVED: gcc.c-torture/execute/wchar_t-1.c execution,  -O3 -g 
UNRESOLVED: gcc.c-torture/execute/wchar_t-1.c execution,  -Os 
FAIL: gcc.dg/compat/vector-2 c_compat_x_tst.o compile
FAIL: gcc.dg/compat/vector-2 c_compat_y_tst.o compile
UNRESOLVED: gcc.dg/compat/vector-2 c_compat_x_tst.o-c_compat_y_tst.o link 
UNRESOLVED: gcc.dg/compat/vector-2 c_compat_x_tst.o-c_compat_y_tst.o execute 
FAIL: gcc.dg/cpp/spacing1.c scan-file g "1 2" bam baz
FAIL: gcc.dg/debug/debug-1.c -gstabs -O scan-assembler xyzzy
FAIL: gcc.dg/debug/debug-1.c -gstabs3 -O scan-assembler xyzzy
FAIL: gcc.dg/debug/debug-1.c -gstabs+ -O scan-assembler xyzzy
FAIL: gcc.dg/debug/debug-1.c -gstabs+3 -O scan-assembler xyzzy
FAIL: gcc.dg/debug/debug-2.c -gstabs -O scan-assembler xyzzy
FAIL: gcc.dg/debug/debug-2.c -gstabs3 -O scan-assembler xyzzy
FAIL: gcc.dg/debug/debug-2.c -gstabs+ -O scan-assembler xyzzy
FAIL: gcc.dg/debug/debug-2.c -gstabs+3 -O scan-assembler xyzzy
FAIL: gcc.dg/20021014-1.c (test for excess errors)
FAIL: gcc.dg/builtins-20.c (test for excess errors)
FAIL: gcc.dg/nest.c (test for excess errors)
FAIL: gcc.dg/uninit-A.c uninitialized variable warning (test for bogus messages, line 52)
FAIL: gcc.dg/uninit-A.c uninitialized variable warning (test for bogus messages, line 53)

		=== gcc Summary for sh64/-ml ===

# of expected passes		23627
# of unexpected failures	17
# of expected failures		85
# of unresolved testcases	8
# of unsupported tests		278

Running target sh64/-m5-compact/-ml
WARNING: program timed out.
FAIL: gcc.c-torture/compile/20001226-1.c  -O2  (test for excess errors)
WARNING: program timed out.
FAIL: gcc.c-torture/compile/20001226-1.c  -O3 -fomit-frame-pointer  (test for excess errors)
WARNING: program timed out.
FAIL: gcc.c-torture/compile/20001226-1.c  -O3 -g  (test for excess errors)
WARNING: program timed out.
FAIL: gcc.c-torture/compile/20001226-1.c  -Os  (test for excess errors)
XPASS: gcc.c-torture/execute/20020227-1.c execution,  -O0 
XPASS: gcc.c-torture/execute/20020227-1.c execution,  -O1 
XPASS: gcc.c-torture/execute/20020227-1.c execution,  -O2 
XPASS: gcc.c-torture/execute/20020227-1.c execution,  -O3 -fomit-frame-pointer 
XPASS: gcc.c-torture/execute/20020227-1.c execution,  -O3 -g 
XPASS: gcc.c-torture/execute/20020227-1.c execution,  -Os 
FAIL: gcc.c-torture/execute/20020720-1.c compilation,  -O1 
UNRESOLVED: gcc.c-torture/execute/20020720-1.c execution,  -O1 
FAIL: gcc.c-torture/execute/20020720-1.c compilation,  -O2 
UNRESOLVED: gcc.c-torture/execute/20020720-1.c execution,  -O2 
FAIL: gcc.c-torture/execute/20020720-1.c compilation,  -O3 -fomit-frame-pointer 
UNRESOLVED: gcc.c-torture/execute/20020720-1.c execution,  -O3 -fomit-frame-pointer 
FAIL: gcc.c-torture/execute/20020720-1.c compilation,  -O3 -g 
UNRESOLVED: gcc.c-torture/execute/20020720-1.c execution,  -O3 -g 
FAIL: gcc.c-torture/execute/20020720-1.c compilation,  -Os 
UNRESOLVED: gcc.c-torture/execute/20020720-1.c execution,  -Os 
UNRESOLVED: gcc.c-torture/execute/wchar_t-1.c execution,  -O0 
UNRESOLVED: gcc.c-torture/execute/wchar_t-1.c execution,  -O1 
UNRESOLVED: gcc.c-torture/execute/wchar_t-1.c execution,  -O2 
UNRESOLVED: gcc.c-torture/execute/wchar_t-1.c execution,  -O3 -fomit-frame-pointer 
UNRESOLVED: gcc.c-torture/execute/wchar_t-1.c execution,  -O3 -g 
UNRESOLVED: gcc.c-torture/execute/wchar_t-1.c execution,  -Os 
FAIL: gcc.dg/compat/vector-2 c_compat_x_tst.o compile
FAIL: gcc.dg/compat/vector-2 c_compat_y_tst.o compile
UNRESOLVED: gcc.dg/compat/vector-2 c_compat_x_tst.o-c_compat_y_tst.o link 
UNRESOLVED: gcc.dg/compat/vector-2 c_compat_x_tst.o-c_compat_y_tst.o execute 
FAIL: gcc.dg/cpp/spacing1.c scan-file g "1 2" bam baz
FAIL: gcc.dg/20021014-1.c (test for excess errors)
FAIL: gcc.dg/builtins-20.c (test for excess errors)
FAIL: gcc.dg/cleanup-5.c execution test
FAIL: gcc.dg/nest.c (test for excess errors)
XPASS: gcc.dg/uninit-4.c uninitialized variable warning (test for bogus messages, line 26)

		=== gcc Summary for sh64/-m5-compact/-ml ===

# of expected passes		23623
# of unexpected failures	16
# of unexpected successes	7
# of expected failures		78
# of unresolved testcases	13
# of unsupported tests		278

		=== gcc Summary ===

# of expected passes		70876
# of unexpected failures	51
# of unexpected successes	7
# of expected failures		248
# of unresolved testcases	29
# of unsupported tests		834
/swbuild/nightly/2003-08-05/sh64-elf/gcc/xgcc version 3.4 20030805 (experimental)

Host   is i686-pc-linux-gnu

		=== objc tests ===


Running target sh64
FAIL: objc/execute/bf-10.m execution,  -O0 
FAIL: objc/execute/bf-10.m execution,  -O1 
FAIL: objc/execute/bf-10.m execution,  -O2 
FAIL: objc/execute/bf-10.m execution,  -O3 -fomit-frame-pointer 
FAIL: objc/execute/bf-10.m execution,  -O3 -g 
FAIL: objc/execute/bf-10.m execution,  -Os 
FAIL: objc/execute/bf-11.m execution,  -O0 
FAIL: objc/execute/bf-11.m execution,  -O1 
FAIL: objc/execute/bf-11.m execution,  -O2 
FAIL: objc/execute/bf-11.m execution,  -O3 -fomit-frame-pointer 
FAIL: objc/execute/bf-11.m execution,  -O3 -g 
FAIL: objc/execute/bf-11.m execution,  -Os 
FAIL: objc/execute/bf-12.m execution,  -O0 
FAIL: objc/execute/bf-12.m execution,  -O1 
FAIL: objc/execute/bf-12.m execution,  -O2 
FAIL: objc/execute/bf-12.m execution,  -O3 -fomit-frame-pointer 
FAIL: objc/execute/bf-12.m execution,  -O3 -g 
FAIL: objc/execute/bf-12.m execution,  -Os 
FAIL: objc/execute/bf-5.m execution,  -O0 
FAIL: objc/execute/bf-5.m execution,  -O1 
FAIL: objc/execute/bf-5.m execution,  -O2 
FAIL: objc/execute/bf-5.m execution,  -O3 -fomit-frame-pointer 
FAIL: objc/execute/bf-5.m execution,  -O3 -g 
FAIL: objc/execute/bf-5.m execution,  -Os 
FAIL: objc/execute/bf-6.m execution,  -O0 
FAIL: objc/execute/bf-6.m execution,  -O1 
FAIL: objc/execute/bf-6.m execution,  -O2 
FAIL: objc/execute/bf-6.m execution,  -O3 -fomit-frame-pointer 
FAIL: objc/execute/bf-6.m execution,  -O3 -g 
FAIL: objc/execute/bf-6.m execution,  -Os 
FAIL: objc/execute/bf-7.m execution,  -O0 
FAIL: objc/execute/bf-7.m execution,  -O1 
FAIL: objc/execute/bf-7.m execution,  -O2 
FAIL: objc/execute/bf-7.m execution,  -O3 -fomit-frame-pointer 
FAIL: objc/execute/bf-7.m execution,  -O3 -g 
FAIL: objc/execute/bf-7.m execution,  -Os 
FAIL: objc/execute/bf-8.m execution,  -O0 
FAIL: objc/execute/bf-8.m execution,  -O1 
FAIL: objc/execute/bf-8.m execution,  -O2 
FAIL: objc/execute/bf-8.m execution,  -O3 -fomit-frame-pointer 
FAIL: objc/execute/bf-8.m execution,  -O3 -g 
FAIL: objc/execute/bf-8.m execution,  -Os 
FAIL: objc/execute/bf-9.m execution,  -O0 
FAIL: objc/execute/bf-9.m execution,  -O1 
FAIL: objc/execute/bf-9.m execution,  -O2 
FAIL: objc/execute/bf-9.m execution,  -O3 -fomit-frame-pointer 
FAIL: objc/execute/bf-9.m execution,  -O3 -g 
FAIL: objc/execute/bf-9.m execution,  -Os 

		=== objc Summary for sh64 ===

# of expected passes		1108
# of unexpected failures	48

Running target sh64/-ml
FAIL: objc/execute/bf-10.m execution,  -O0 
FAIL: objc/execute/bf-10.m execution,  -O1 
FAIL: objc/execute/bf-10.m execution,  -O2 
FAIL: objc/execute/bf-10.m execution,  -O3 -fomit-frame-pointer 
FAIL: objc/execute/bf-10.m execution,  -O3 -g 
FAIL: objc/execute/bf-10.m execution,  -Os 
FAIL: objc/execute/bf-11.m execution,  -O0 
FAIL: objc/execute/bf-11.m execution,  -O1 
FAIL: objc/execute/bf-11.m execution,  -O2 
FAIL: objc/execute/bf-11.m execution,  -O3 -fomit-frame-pointer 
FAIL: objc/execute/bf-11.m execution,  -O3 -g 
FAIL: objc/execute/bf-11.m execution,  -Os 
FAIL: objc/execute/bf-12.m execution,  -O0 
FAIL: objc/execute/bf-12.m execution,  -O1 
FAIL: objc/execute/bf-12.m execution,  -O2 
FAIL: objc/execute/bf-12.m execution,  -O3 -fomit-frame-pointer 
FAIL: objc/execute/bf-12.m execution,  -O3 -g 
FAIL: objc/execute/bf-12.m execution,  -Os 
FAIL: objc/execute/bf-5.m execution,  -O0 
FAIL: objc/execute/bf-5.m execution,  -O1 
FAIL: objc/execute/bf-5.m execution,  -O2 
FAIL: objc/execute/bf-5.m execution,  -O3 -fomit-frame-pointer 
FAIL: objc/execute/bf-5.m execution,  -O3 -g 
FAIL: objc/execute/bf-5.m execution,  -Os 
FAIL: objc/execute/bf-6.m execution,  -O0 
FAIL: objc/execute/bf-6.m execution,  -O1 
FAIL: objc/execute/bf-6.m execution,  -O2 
FAIL: objc/execute/bf-6.m execution,  -O3 -fomit-frame-pointer 
FAIL: objc/execute/bf-6.m execution,  -O3 -g 
FAIL: objc/execute/bf-6.m execution,  -Os 
FAIL: objc/execute/bf-7.m execution,  -O0 
FAIL: objc/execute/bf-7.m execution,  -O1 
FAIL: objc/execute/bf-7.m execution,  -O2 
FAIL: objc/execute/bf-7.m execution,  -O3 -fomit-frame-pointer 
FAIL: objc/execute/bf-7.m execution,  -O3 -g 
FAIL: objc/execute/bf-7.m execution,  -Os 
FAIL: objc/execute/bf-8.m execution,  -O0 
FAIL: objc/execute/bf-8.m execution,  -O1 
FAIL: objc/execute/bf-8.m execution,  -O2 
FAIL: objc/execute/bf-8.m execution,  -O3 -fomit-frame-pointer 
FAIL: objc/execute/bf-8.m execution,  -O3 -g 
FAIL: objc/execute/bf-8.m execution,  -Os 
FAIL: objc/execute/bf-9.m execution,  -O0 
FAIL: objc/execute/bf-9.m execution,  -O1 
FAIL: objc/execute/bf-9.m execution,  -O2 
FAIL: objc/execute/bf-9.m execution,  -O3 -fomit-frame-pointer 
FAIL: objc/execute/bf-9.m execution,  -O3 -g 
FAIL: objc/execute/bf-9.m execution,  -Os 

		=== objc Summary for sh64/-ml ===

# of expected passes		1108
# of unexpected failures	48

Running target sh64/-m5-compact/-ml
FAIL: objc/execute/bf-10.m execution,  -O0 
FAIL: objc/execute/bf-10.m execution,  -O1 
FAIL: objc/execute/bf-10.m execution,  -O2 
FAIL: objc/execute/bf-10.m execution,  -O3 -fomit-frame-pointer 
FAIL: objc/execute/bf-10.m execution,  -O3 -g 
FAIL: objc/execute/bf-10.m execution,  -Os 
FAIL: objc/execute/bf-11.m execution,  -O0 
FAIL: objc/execute/bf-11.m execution,  -O1 
FAIL: objc/execute/bf-11.m execution,  -O2 
FAIL: objc/execute/bf-11.m execution,  -O3 -fomit-frame-pointer 
FAIL: objc/execute/bf-11.m execution,  -O3 -g 
FAIL: objc/execute/bf-11.m execution,  -Os 
FAIL: objc/execute/bf-12.m execution,  -O0 
FAIL: objc/execute/bf-12.m execution,  -O1 
FAIL: objc/execute/bf-12.m execution,  -O2 
FAIL: objc/execute/bf-12.m execution,  -O3 -fomit-frame-pointer 
FAIL: objc/execute/bf-12.m execution,  -O3 -g 
FAIL: objc/execute/bf-12.m execution,  -Os 
FAIL: objc/execute/bf-5.m execution,  -O0 
FAIL: objc/execute/bf-5.m execution,  -O1 
FAIL: objc/execute/bf-5.m execution,  -O2 
FAIL: objc/execute/bf-5.m execution,  -O3 -fomit-frame-pointer 
FAIL: objc/execute/bf-5.m execution,  -O3 -g 
FAIL: objc/execute/bf-5.m execution,  -Os 
FAIL: objc/execute/bf-6.m execution,  -O0 
FAIL: objc/execute/bf-6.m execution,  -O1 
FAIL: objc/execute/bf-6.m execution,  -O2 
FAIL: objc/execute/bf-6.m execution,  -O3 -fomit-frame-pointer 
FAIL: objc/execute/bf-6.m execution,  -O3 -g 
FAIL: objc/execute/bf-6.m execution,  -Os 
FAIL: objc/execute/bf-7.m execution,  -O0 
FAIL: objc/execute/bf-7.m execution,  -O1 
FAIL: objc/execute/bf-7.m execution,  -O2 
FAIL: objc/execute/bf-7.m execution,  -O3 -fomit-frame-pointer 
FAIL: objc/execute/bf-7.m execution,  -O3 -g 
FAIL: objc/execute/bf-7.m execution,  -Os 
FAIL: objc/execute/bf-8.m execution,  -O0 
FAIL: objc/execute/bf-8.m execution,  -O1 
FAIL: objc/execute/bf-8.m execution,  -O2 
FAIL: objc/execute/bf-8.m execution,  -O3 -fomit-frame-pointer 
FAIL: objc/execute/bf-8.m execution,  -O3 -g 
FAIL: objc/execute/bf-8.m execution,  -Os 
FAIL: objc/execute/bf-9.m execution,  -O0 
FAIL: objc/execute/bf-9.m execution,  -O1 
FAIL: objc/execute/bf-9.m execution,  -O2 
FAIL: objc/execute/bf-9.m execution,  -O3 -fomit-frame-pointer 
FAIL: objc/execute/bf-9.m execution,  -O3 -g 
FAIL: objc/execute/bf-9.m execution,  -Os 

		=== objc Summary for sh64/-m5-compact/-ml ===

# of expected passes		1108
# of unexpected failures	48

		=== objc Summary ===

# of expected passes		3324
# of unexpected failures	144
/swbuild/nightly/2003-08-05/sh64-elf/gcc/xgcc version 3.4 20030805 (experimental)


Compiler version: 3.4 20030805 (experimental) 
Platform: sh64-unknown-elf
configure flags: --cache-file=.././config.cache --build=i686-pc-linux-gnu --host=i686-pc-linux-gnu --target=sh64-elf --with-gnu-as --with-gnu-ld --with-newlib --with-headers --with-newlib --srcdir=../../srcw/gcc


Index Nav: [Date Index] [Subject Index] [Author Index] [Thread Index]
Message Nav: [Date Prev] [Date Next] [Thread Prev] [Thread Next]