This is the mail archive of the gcc-testresults@gcc.gnu.org mailing list for the GCC project.


Index Nav: [Date Index] [Subject Index] [Author Index] [Thread Index]
Message Nav: [Date Prev] [Date Next] [Thread Prev] [Thread Next]
Other format: [Raw text]

Results for 3.4 20030804 (experimental) testsuite on mips-sgi-irix6.2


LAST_UPDATED: 
Native configuration is mips-sgi-irix6.2

		=== g++ tests ===


Running target unix
FAIL: g++.dg/expr/anew1.C execution test
FAIL: g++.dg/expr/anew2.C execution test
FAIL: g++.dg/expr/anew3.C execution test
FAIL: g++.dg/expr/anew4.C execution test
FAIL: g++.dg/ext/pretty1.C scan-assembler int bar\\(T\\).*with T = int
FAIL: g++.dg/ext/pretty1.C scan-assembler top level
FAIL: g++.dg/ext/pretty1.C scan-assembler int main\\(\\)
FAIL: g++.dg/ext/pretty1.C scan-assembler int bar\\(T\\).*with T = double
FAIL: g++.dg/ext/pretty1.C scan-assembler int bar\\(T\\).*with T = unsigned char*
FAIL: g++.dg/ext/pretty2.C (test for excess errors)
WARNING: g++.dg/ext/pretty2.C compilation failed to produce executable
FAIL: g++.dg/init/array10.C (test for excess errors)
WARNING: program timed out.
FAIL: g++.dg/parse/stack1.C (test for excess errors)
FAIL: g++.dg/pch/system-1.C -g assembly comparison
FAIL: g++.dg/pch/system-1.C -O2 -g assembly comparison
FAIL: g++.dg/pch/system-1.C -O2 assembly comparison
FAIL: g++.dg/pch/system-2.C -g assembly comparison
FAIL: g++.dg/pch/system-2.C -O2 -g assembly comparison
FAIL: g++.dg/pch/system-2.C -O2 assembly comparison
FAIL: g++.old-deja/g++.jason/thunk3.C (test for excess errors)
WARNING: g++.old-deja/g++.jason/thunk3.C compilation failed to produce executable
FAIL: g++.old-deja/g++.law/profile1.C (test for excess errors)
WARNING: g++.old-deja/g++.law/profile1.C compilation failed to produce executable
WARNING: g++.old-deja/g++.mike/p10769a.C compilation failed to produce executable
FAIL: g++.old-deja/g++.other/comdat1.C (test for excess errors)
WARNING: g++.old-deja/g++.other/comdat1.C compilation failed to produce executable
FAIL: g++.old-deja/g++.other/comdat2.C (test for excess errors)
WARNING: g++.old-deja/g++.other/comdat2.C compilation failed to produce executable
FAIL: g++.old-deja/g++.other/comdat3.C (test for excess errors)
WARNING: g++.old-deja/g++.other/comdat3.C compilation failed to produce executable
FAIL: g++.old-deja/g++.other/ctor1.C (test for excess errors)
WARNING: g++.old-deja/g++.other/ctor1.C compilation failed to produce executable
WARNING: g++.old-deja/g++.other/enum5.C compilation failed to produce executable
WARNING: g++.old-deja/g++.pt/friend44.C compilation failed to produce executable
FAIL: g++.old-deja/g++.pt/instantiate5.C (test for excess errors)

		=== g++ Summary ===

# of expected passes		8477
# of unexpected failures	25
# of expected failures		66
# of unsupported tests		56
/a/teal/tmpdisk/ghazi/gcc-testing-irix62/build/gcc/testsuite/../g++ version 3.4 20030804 (experimental)

		=== g77 tests ===


Running target unix
FAIL: 238:is -:should be 3
FAIL: 242:is -:should be 9
FAIL: 241: expected branch percentages not found: 25
FAIL: g77.dg/gcov/gcov-1.f gcov: 2 failures in line counts, 1 in branch percentages, 0 in return percentages
FAIL: g77.f-torture/execute/980520-1.f compilation,  -O0 

		=== g77 Summary ===

# of expected passes		1745
# of unexpected failures	5
# of untested testcases		1
# of unsupported tests		6
/a/teal/tmpdisk/ghazi/gcc-testing-irix62/build/gcc/testsuite/../g77 version 3.4 20030804 (experimental)

		=== gcc tests ===


Running target unix
FAIL: gcc.c-torture/compile/mipscop-1.c (test for excess errors)
FAIL: gcc.c-torture/compile/mipscop-1.c (test for excess errors)
FAIL: gcc.c-torture/compile/mipscop-1.c (test for excess errors)
FAIL: gcc.c-torture/compile/mipscop-1.c (test for excess errors)
FAIL: gcc.c-torture/compile/mipscop-1.c (test for excess errors)
FAIL: gcc.c-torture/compile/mipscop-1.c (test for excess errors)
FAIL: gcc.c-torture/compile/mipscop-2.c (test for excess errors)
FAIL: gcc.c-torture/compile/mipscop-2.c (test for excess errors)
FAIL: gcc.c-torture/compile/mipscop-2.c (test for excess errors)
FAIL: gcc.c-torture/compile/mipscop-2.c (test for excess errors)
FAIL: gcc.c-torture/compile/mipscop-2.c (test for excess errors)
FAIL: gcc.c-torture/compile/mipscop-2.c (test for excess errors)
FAIL: gcc.c-torture/compile/mipscop-3.c (test for excess errors)
FAIL: gcc.c-torture/compile/mipscop-3.c (test for excess errors)
FAIL: gcc.c-torture/compile/mipscop-3.c (test for excess errors)
FAIL: gcc.c-torture/compile/mipscop-3.c (test for excess errors)
FAIL: gcc.c-torture/compile/mipscop-3.c (test for excess errors)
FAIL: gcc.c-torture/compile/mipscop-3.c (test for excess errors)
FAIL: gcc.c-torture/compile/mipscop-4.c (test for excess errors)
FAIL: gcc.c-torture/compile/mipscop-4.c (test for excess errors)
FAIL: gcc.c-torture/compile/mipscop-4.c (test for excess errors)
FAIL: gcc.c-torture/compile/mipscop-4.c (test for excess errors)
FAIL: gcc.c-torture/compile/mipscop-4.c (test for excess errors)
FAIL: gcc.c-torture/compile/mipscop-4.c (test for excess errors)
FAIL: gcc.c-torture/execute/20020412-1.c execution,  -O0 
FAIL: gcc.c-torture/execute/20020412-1.c execution,  -O1 
FAIL: gcc.c-torture/execute/20020412-1.c execution,  -O2 
FAIL: gcc.c-torture/execute/20020412-1.c execution,  -O3 -fomit-frame-pointer 
FAIL: gcc.c-torture/execute/20020412-1.c execution,  -O3 -fomit-frame-pointer -funroll-loops 
FAIL: gcc.c-torture/execute/20020412-1.c execution,  -O3 -fomit-frame-pointer -funroll-all-loops -finline-functions 
FAIL: gcc.c-torture/execute/20020412-1.c execution,  -O3 -g 
FAIL: gcc.c-torture/execute/20020412-1.c execution,  -Os 
UNRESOLVED: gcc.c-torture/execute/wchar_t-1.c execution,  -O0 
UNRESOLVED: gcc.c-torture/execute/wchar_t-1.c execution,  -O1 
UNRESOLVED: gcc.c-torture/execute/wchar_t-1.c execution,  -O2 
UNRESOLVED: gcc.c-torture/execute/wchar_t-1.c execution,  -O3 -fomit-frame-pointer 
UNRESOLVED: gcc.c-torture/execute/wchar_t-1.c execution,  -O3 -g 
UNRESOLVED: gcc.c-torture/execute/wchar_t-1.c execution,  -Os 
FAIL: gcc.dg/compat/struct-by-value-11 c_compat_x_tst.o-c_compat_y_tst.o execute 
FAIL: gcc.dg/compat/struct-by-value-12 c_compat_x_tst.o-c_compat_y_tst.o execute 
FAIL: gcc.dg/compat/struct-by-value-2 c_compat_x_tst.o-c_compat_y_tst.o execute 
FAIL: gcc.dg/compat/struct-by-value-3 c_compat_x_tst.o-c_compat_y_tst.o execute 
FAIL: gcc.dg/compat/struct-by-value-4 c_compat_x_tst.o-c_compat_y_tst.o execute 
FAIL: gcc.dg/compat/struct-by-value-5 c_compat_x_tst.o-c_compat_y_tst.o execute 
FAIL: gcc.dg/compat/struct-by-value-8 c_compat_x_tst.o-c_compat_y_tst.o execute 
FAIL: gcc.dg/compat/struct-by-value-9 c_compat_x_tst.o-c_compat_y_tst.o execute 
FAIL: gcc.dg/compat/struct-return-2 c_compat_x_tst.o-c_compat_y_tst.o execute 
FAIL: gcc.dg/compat/struct-return-3 c_compat_x_tst.o-c_compat_y_tst.o execute 
FAIL: gcc.dg/compat/vector-1 c_compat_x_tst.o compile
FAIL: gcc.dg/compat/vector-1 c_compat_y_tst.o compile
UNRESOLVED: gcc.dg/compat/vector-1 c_compat_x_tst.o-c_compat_y_tst.o link 
UNRESOLVED: gcc.dg/compat/vector-1 c_compat_x_tst.o-c_compat_y_tst.o execute 
FAIL: gcc.dg/compat/vector-2 c_compat_x_tst.o compile
FAIL: gcc.dg/compat/vector-2 c_compat_y_tst.o compile
UNRESOLVED: gcc.dg/compat/vector-2 c_compat_x_tst.o-c_compat_y_tst.o link 
UNRESOLVED: gcc.dg/compat/vector-2 c_compat_x_tst.o-c_compat_y_tst.o execute 
FAIL: gcc.dg/cpp/19990228-1.c scan-file-not [^\\n]#
FAIL: gcc.dg/cpp/_Pragma4.c scan-file (^|\\n)#pragma bar(\$|\\n)
FAIL: gcc.dg/cpp/avoidpaste2.c scan-file (^|\\n): : : - > - >
FAIL: gcc.dg/cpp/avoidpaste2.c scan-file (^|\\n):2: :22 22:
FAIL: gcc.dg/cpp/cmdlne-dD-dM.c scan-file (^|\\n)#define foo bar(\$|\\n)
FAIL: gcc.dg/cpp/cmdlne-dM-M.c scan-file (^|\\n)#define foo bar(\$|\\n)
FAIL: gcc.dg/cpp/cmdlne-dM-dD.c scan-file (^|\\n)#define foo bar(\$|\\n)
FAIL: gcc.dg/cpp/maccom1.c scan-file (^|\\n)passed
FAIL: gcc.dg/cpp/spacing1.c scan-file g "1 2" bam baz
WARNING: program timed out.
FAIL: gcc.dg/20020425-1.c (test for excess errors)
WARNING: gcc.dg/20021014-1.c compilation failed to produce executable
FAIL: gcc.dg/builtins-18.c (test for excess errors)
FAIL: gcc.dg/builtins-20.c (test for excess errors)
ERROR: gcc.dg/const-elim-2.c: error executing dg-final: bad switch "-inline": must be -indices, -nocase, or --
UNRESOLVED: gcc.dg/const-elim-2.c: error executing dg-final: bad switch "-inline": must be -indices, -nocase, or --
WARNING: gcc.dg/nest.c compilation failed to produce executable
FAIL: gcc.dg/unused-5.c scan-assembler string_to_look_for
FAIL: gcc.dg/special/wkali-2.c (test for excess errors)
FAIL: gcc.dg/special/wkali-2.c execution test

		=== gcc Summary ===

# of expected passes		22665
# of unexpected failures	61
# of expected failures		87
# of unresolved testcases	11
# of unsupported tests		236
/a/teal/tmpdisk/ghazi/gcc-testing-irix62/build/gcc/xgcc version 3.4 20030804 (experimental)

		=== objc tests ===


Running target unix

		=== objc Summary ===

# of expected passes		1156
/a/teal/tmpdisk/ghazi/gcc-testing-irix62/build/gcc/xgcc version 3.4 20030804 (experimental)

		=== libstdc++-v3 tests ===


Running target unix
FAIL: 19_diagnostics/stdexceptions.cc execution test
FAIL: 23_containers/vector/bool/6886.cc (test for excess errors)
WARNING: 23_containers/vector/bool/6886.cc compilation failed to produce executable
FAIL: 27_io/basic_filebuf/sgetn/char/1-in.cc execution test
FAIL: 27_io/basic_filebuf/sgetn/char/1-io.cc execution test
FAIL: 27_io/basic_filebuf/sgetn/char/2-in.cc execution test
FAIL: 27_io/basic_filebuf/sgetn/char/2-io.cc execution test
FAIL: 27_io/basic_istream/readsome/char/6746-2.cc execution test

		=== libstdc++-v3 Summary ===

# of expected passes		1582
# of unexpected failures	7
# of unsupported tests		7

Compiler version: 3.4 20030804 (experimental) 
Platform: mips-sgi-irix6.2
configure flags: --verbose --enable-languages=c,objc,c++,f77,java


Index Nav: [Date Index] [Subject Index] [Author Index] [Thread Index]
Message Nav: [Date Prev] [Date Next] [Thread Prev] [Thread Next]