This is the mail archive of the gcc-testresults@gcc.gnu.org mailing list for the GCC project.


Index Nav: [Date Index] [Subject Index] [Author Index] [Thread Index]
Message Nav: [Date Prev] [Date Next] [Thread Prev] [Thread Next]
Other format: [Raw text]

Results for 3.3.1 20030804 (prerelease) testsuite on hppa-unknown-linux-gnu


LAST_UPDATED: Mon Aug  4 03:45:03 UTC 2003

Native configuration is hppa-unknown-linux-gnu

		=== g++ tests ===


Running target unix
FAIL: g++.dg/compat/break/bitfield7 x_tst.o compile
UNRESOLVED: g++.dg/compat/break/bitfield7 x_tst.o-y_tst.o link 
UNRESOLVED: g++.dg/compat/break/bitfield7 x_tst.o-y_tst.o execute 
XPASS: g++.dg/other/packed1.C execution test

		=== g++ Summary ===

# of expected passes		8031
# of unexpected failures	1
# of unexpected successes	1
# of expected failures		95
# of unresolved testcases	2
# of untested testcases		23
# of unsupported tests		28
/home/dave/gcc-3.3/objdir/gcc/testsuite/../g++ version 3.3.1 20030804 (prerelease)

		=== g77 tests ===


Running target unix

		=== g77 Summary ===

# of expected passes		1686
# of unsupported tests		8
/home/dave/gcc-3.3/objdir/gcc/testsuite/../g77 version 3.3.1 20030804 (prerelease)

		=== gcc tests ===


Running target unix
FAIL: gcc.dg/duff-2.c (test for excess errors)
FAIL: gcc.dg/uninit-C.c (test for excess errors)

		=== gcc Summary ===

# of expected passes		20865
# of unexpected failures	2
# of expected failures		67
# of unsupported tests		176
/home/dave/gcc-3.3/objdir/gcc/xgcc version 3.3.1 20030804 (prerelease)

		=== objc tests ===


Running target unix

		=== objc Summary ===

# of expected passes		1153
/home/dave/gcc-3.3/objdir/gcc/xgcc version 3.3.1 20030804 (prerelease)


		=== libstdc++-v3 check-abi Summary ===

# of added symbols:		 0
# of missing symbols:		 0
# of incompatible symbols:	 0
		=== libstdc++-v3 tests ===


Running target unix
XPASS: 22_locale/collate_byname.cc execution test
XPASS: 22_locale/collate_members_char.cc execution test
XPASS: 22_locale/collate_members_wchar_t.cc execution test
XPASS: 22_locale/ctype_is_char.cc execution test
XPASS: 22_locale/members.cc execution test
XPASS: 22_locale/money_get_members_char.cc execution test
XPASS: 22_locale/money_get_members_wchar_t.cc execution test
XPASS: 22_locale/money_put_members_char.cc execution test
XPASS: 22_locale/money_put_members_wchar_t.cc execution test
XPASS: 22_locale/moneypunct_byname.cc execution test
XPASS: 22_locale/moneypunct_members_char.cc execution test
XPASS: 22_locale/moneypunct_members_wchar_t.cc execution test
XPASS: 22_locale/num_get_members_char.cc execution test
XPASS: 22_locale/num_get_members_wchar_t.cc execution test
XPASS: 22_locale/num_put_members_char.cc execution test
XPASS: 22_locale/num_put_members_wchar_t.cc execution test
XPASS: 22_locale/numpunct_byname.cc execution test
XPASS: 22_locale/numpunct_members_char.cc execution test
XPASS: 22_locale/numpunct_members_wchar_t.cc execution test
XPASS: 22_locale/time_get_members_char.cc execution test
XPASS: 22_locale/time_get_members_wchar_t.cc execution test
XPASS: 22_locale/time_put_members_char.cc execution test
XPASS: 22_locale/time_put_members_wchar_t.cc execution test

		=== libstdc++-v3 Summary ===

# of expected passes		453
# of unexpected successes	23
# of expected failures		5

Compiler version: 3.3.1 20030804 (prerelease) 
Platform: hppa-unknown-linux-gnu
configure flags: --with-gnu-as --with-as=/home/dave/opt/gnu/bin/as --with-gnu-ld --with-ld=/home/dave/opt/gnu/bin/ld --enable-shared --disable-nls --prefix=/home/dave/opt/gnu/gcc/gcc-3.3.1 --with-local-prefix=/home/dave/opt/gnu --enable-threads=posix --host=hppa-linux


Index Nav: [Date Index] [Subject Index] [Author Index] [Thread Index]
Message Nav: [Date Prev] [Date Next] [Thread Prev] [Thread Next]