This is the mail archive of the gcc-testresults@gcc.gnu.org mailing list for the GCC project.


Index Nav: [Date Index] [Subject Index] [Author Index] [Thread Index]
Message Nav: [Date Prev] [Date Next] [Thread Prev] [Thread Next]
Other format: [Raw text]

Results for 3.3.1 testsuite on i586-pc-sco3.2v5.0


All,

Below are the results on OpenServer. Yeah yeah I know SCO is in the doghouse
but this is a fix to a regression. Anyway the results look pretty good.
These are all produced on my 3.3.1 tree with my 3.4 fixes back-ported.
That patch to follow on the patches list shortly.

The gcc/duff-2.c test looks like a test case error, where a test-case has
not been kept up-to-date with the compiler's warning policy. Almost all
of the libjava failires are becuase libtool is trying to expand the $
in filenames. This is either a weakness in libtool or in how it is being
invoked. I will look into that soon.

Native configuration is i586-pc-sco3.2v5.0

		=== g++ tests ===


Running target unix
FAIL: g++.dg/parse/class1.C (test for excess errors)
FAIL: g++.dg/special/conpr-2.C execution test
FAIL: g++.dg/special/conpr-3.C execution test
FAIL: g++.dg/special/initp1.C execution test
XPASS: g++.other/decl5.C no such type (test for errors, line 60)
XPASS: g++.other/decl5.C no such type (test for errors, line 63)
XPASS: g++.other/decl5.C N::fn not a member of NMS (test for errors, line 66)
XPASS: g++.other/decl5.C extra qualification (test for warnings, line 57)
FAIL: g++.other/decl5.C (test for excess errors)

		=== g++ Summary ===

# of expected passes		8072
# of unexpected failures	5
# of unexpected successes	4
# of expected failures		93
# of untested testcases		15
# of unsupported tests		14
/u1/gcc/3.3-branch/gcc/osr5/gcc/testsuite/../g++ version 3.3.1

		=== g77 tests ===


Running target unix

		=== g77 Summary ===

# of expected passes		1686
# of unsupported tests		8
/u1/gcc/3.3-branch/gcc/osr5/gcc/testsuite/../g77 version 3.3.1

		=== gcc tests ===


Running target unix
FAIL: gcc.dg/duff-2.c (test for excess errors)
WARNING: gcc.dg/nest.c compilation failed to produce executable
FAIL: gcc.dg/uninit-C.c (test for excess errors)

		=== gcc Summary ===

# of expected passes		21531
# of unexpected failures	2
# of expected failures		68
# of unsupported tests		89
/u1/gcc/3.3-branch/gcc/osr5/gcc/xgcc version 3.3.1

		=== objc tests ===


Running target unix

		=== objc Summary ===

# of expected passes		1153
/u1/gcc/3.3-branch/gcc/osr5/gcc/xgcc version 3.3.1

		=== libjava tests ===


Running target unix
FAIL: PR1343 compilation from bytecode
FAIL: PR1343 -O compilation from bytecode
FAIL: PR238 compilation from bytecode
FAIL: PR238 -O compilation from bytecode
FAIL: PR295 compilation from bytecode
FAIL: PR295 -O compilation from bytecode
FAIL: SuperConstr compilation from bytecode
FAIL: SuperConstr -O compilation from bytecode
FAIL: XercesBug compilation from bytecode
FAIL: XercesBug -O compilation from bytecode
FAIL: inner_1 compilation from bytecode
FAIL: inner_1 -O compilation from bytecode
FAIL: inner_data compilation from bytecode
FAIL: inner_data -O compilation from bytecode
FAIL: inner_inherit compilation from bytecode
FAIL: inner_inherit -O compilation from bytecode
FAIL: inner_priv compilation from bytecode
FAIL: inner_priv -O compilation from bytecode
FAIL: inner_pub compilation from bytecode
FAIL: inner_pub -O compilation from bytecode
FAIL: not_a_redef compilation from bytecode
FAIL: not_a_redef -O compilation from bytecode
FAIL: pr172 compilation from bytecode
FAIL: pr172 -O compilation from bytecode
FAIL: pr174 compilation from bytecode
FAIL: pr174 -O compilation from bytecode
FAIL: pr176 compilation from bytecode
FAIL: pr176 -O compilation from bytecode
FAIL: static_2 compilation from bytecode
FAIL: static_2 -O compilation from bytecode
FAIL: static_3 compilation from bytecode
FAIL: static_3 -O compilation from bytecode
FAIL: static_inner compilation from bytecode
FAIL: static_inner -O compilation from bytecode
FAIL: SyncGlobal -O execution - bytecode->native test
FAIL: TLtest compilation from bytecode
FAIL: TLtest -O compilation from bytecode
FAIL: Throw_2 output - source compiled test
FAIL: Throw_2 output - gij test
FAIL: Throw_2 output - bytecode->native test
FAIL: Throw_2 -O output - source compiled test
FAIL: Throw_2 output - gij test
FAIL: Throw_2 -O output - bytecode->native test

		=== libjava Summary ===

# of expected passes		2827
# of unexpected failures	43
# of expected failures		16
# of untested testcases		133
		=== libstdc++-v3 tests ===


Running target unix
FAIL: 26_numerics/c99_classification_macros_c.cc (test for excess errors)
FAIL: 26_numerics/c_math.cc execution test
FAIL: ext/concept_checks.cc (test for excess errors)
WARNING: ext/concept_checks.cc compilation failed to produce executable

		=== libstdc++-v3 Summary ===

# of expected passes		414
# of unexpected failures	3
# of expected failures		17
# of unsupported tests		6

Compiler version: 3.3.1 
Platform: i586-pc-sco3.2v5.0
configure flags: --with-gnu-as --disable-shared --with-system-zlib --host=i586-pc-sco3.2v5.0 --build=i586-pc-sco3.2v5.0
EOF
Mail -s "Results for 3.3.1 testsuite on i586-pc-sco3.2v5.0" gcc-testresults@gcc.gnu.org &&
-- 
J. Kean Johnston  | Occam's Razor: "All other things being equal, the simplest
                  |  answer is usually the correct one" - William of Occam
Engineer, SPG     | 
Santa Cruz, CA    | Darwin's Blade: "All other things being equal, the simplest
                  |  answer is usually the stupidest" - `Darwin Minor'
                  +-----------------------------------------------------------


Index Nav: [Date Index] [Subject Index] [Author Index] [Thread Index]
Message Nav: [Date Prev] [Date Next] [Thread Prev] [Thread Next]