This is the mail archive of the gcc-testresults@gcc.gnu.org mailing list for the GCC project.


Index Nav: [Date Index] [Subject Index] [Author Index] [Thread Index]
Message Nav: [Date Prev] [Date Next] [Thread Prev] [Thread Next]
Other format: [Raw text]

Results for 3.5-tree-ssa 20030805 (merged 20030722) testsuite on x86_64-unknown-linux-gnu


LAST_UPDATED: 
Native configuration is x86_64-unknown-linux-gnu

		=== g++ tests ===


Running target unix
FAIL: g++.dg/ext/pretty1.C scan-assembler top level
FAIL: g++.dg/ext/pretty2.C (test for excess errors)
WARNING: g++.dg/ext/pretty2.C compilation failed to produce executable
FAIL: g++.dg/init/array10.C (test for excess errors)
FAIL: g++.dg/opt/template1.C scan-assembler-not foo1
FAIL: 23:is 2:should be 1
FAIL: g++.dg/gcov/gcov-2.C gcov: 1 failures in line counts, 0 in branch percentages, 0 in return percentages
FAIL: g++.old-deja/g++.brendan/crash13.C  (test for errors, line 34)
FAIL: g++.old-deja/g++.brendan/crash13.C (test for excess errors)
FAIL: g++.old-deja/g++.bugs/900205_03.C  (test for errors, line 21)
FAIL: g++.old-deja/g++.bugs/900205_03.C  (test for errors, line 24)
FAIL: g++.old-deja/g++.bugs/900205_03.C  (test for errors, line 44)
FAIL: g++.old-deja/g++.bugs/900205_03.C  (test for errors, line 47)
FAIL: g++.old-deja/g++.bugs/900205_03.C (test for excess errors)
FAIL: g++.old-deja/g++.law/friend5.C  (test for errors, line 19)
FAIL: g++.old-deja/g++.law/friend5.C  (test for errors, line 24)
FAIL: g++.old-deja/g++.law/friend5.C (test for excess errors)
WARNING: g++.old-deja/g++.mike/p10769a.C compilation failed to produce executable
FAIL: g++.old-deja/g++.mike/p646.C  (test for warnings, line 104)
FAIL: g++.old-deja/g++.mike/p646.C  (test for warnings, line 112)
FAIL: g++.old-deja/g++.mike/p646.C  (test for warnings, line 120)
FAIL: g++.old-deja/g++.mike/p646.C  (test for warnings, line 127)
FAIL: g++.old-deja/g++.mike/p646.C  (test for warnings, line 133)
FAIL: g++.old-deja/g++.mike/p646.C (test for excess errors)
WARNING: g++.old-deja/g++.other/enum5.C compilation failed to produce executable
FAIL: g++.old-deja/g++.other/vaarg3.C  (test for errors, line 23)
FAIL: g++.old-deja/g++.other/vaarg3.C  (test for errors, line 26)
WARNING: g++.old-deja/g++.pt/friend44.C compilation failed to produce executable
FAIL: g++.old-deja/g++.robertl/eb132.C (test for excess errors)

		=== g++ Summary ===

# of expected passes		8739
# of unexpected failures	25
# of expected failures		67
# of unsupported tests		54
/notnfs/dnovillo/sbox/tree-ssa-branch/bld.torrent/gcc/testsuite/../g++ version 3.5-tree-ssa 20030805 (merged 20030722)

		=== g77 tests ===


Running target unix
FAIL: g77.f-torture/execute/980520-1.f compilation,  -O0 

		=== g77 Summary ===

# of expected passes		1746
# of unexpected failures	1
# of untested testcases		1
# of unsupported tests		6
/notnfs/dnovillo/sbox/tree-ssa-branch/bld.torrent/gcc/testsuite/../g77 version 3.5-tree-ssa 20030805 (merged 20030722)

		=== gcc tests ===


Running target unix
XPASS: gcc.c-torture/execute/builtins/string-4.c execution,  -O0 
XPASS: gcc.c-torture/execute/builtins/string-4.c execution,  -O1 
XPASS: gcc.c-torture/execute/builtins/string-4.c execution,  -O2 
XPASS: gcc.c-torture/execute/builtins/string-4.c execution,  -O3 -fomit-frame-pointer 
XPASS: gcc.c-torture/execute/builtins/string-4.c execution,  -O3 -g 
XPASS: gcc.c-torture/execute/builtins/string-4.c execution,  -Os 
XPASS: gcc.c-torture/execute/builtins/string-5.c execution,  -O0 
XPASS: gcc.c-torture/execute/20020227-1.c execution,  -O0 
XPASS: gcc.c-torture/execute/20020227-1.c execution,  -O1 
XPASS: gcc.c-torture/execute/20020227-1.c execution,  -O2 
XPASS: gcc.c-torture/execute/20020227-1.c execution,  -O3 -fomit-frame-pointer 
XPASS: gcc.c-torture/execute/20020227-1.c execution,  -O3 -g 
XPASS: gcc.c-torture/execute/20020227-1.c execution,  -Os 
XPASS: gcc.c-torture/execute/20020720-1.c compilation,  -O1 
XPASS: gcc.c-torture/execute/20020720-1.c compilation,  -O2 
XPASS: gcc.c-torture/execute/20020720-1.c compilation,  -O3 -fomit-frame-pointer 
XPASS: gcc.c-torture/execute/20020720-1.c compilation,  -O3 -g 
XPASS: gcc.c-torture/execute/20020720-1.c compilation,  -Os 
FAIL: gcc.c-torture/execute/string-opt-7.c execution,  -O1 
FAIL: gcc.c-torture/execute/string-opt-7.c execution,  -O2 
FAIL: gcc.c-torture/execute/string-opt-7.c execution,  -O3 -fomit-frame-pointer 
FAIL: gcc.c-torture/execute/string-opt-7.c execution,  -O3 -g 
FAIL: gcc.c-torture/execute/string-opt-7.c execution,  -Os 
UNRESOLVED: gcc.c-torture/execute/wchar_t-1.c execution,  -O0 
UNRESOLVED: gcc.c-torture/execute/wchar_t-1.c execution,  -O1 
UNRESOLVED: gcc.c-torture/execute/wchar_t-1.c execution,  -O2 
UNRESOLVED: gcc.c-torture/execute/wchar_t-1.c execution,  -O3 -fomit-frame-pointer 
UNRESOLVED: gcc.c-torture/execute/wchar_t-1.c execution,  -O3 -g 
UNRESOLVED: gcc.c-torture/execute/wchar_t-1.c execution,  -Os 
FAIL: gcc.dg/compat/vector-1 c_compat_x_tst.o compile
FAIL: gcc.dg/compat/vector-1 c_compat_y_tst.o compile
UNRESOLVED: gcc.dg/compat/vector-1 c_compat_x_tst.o-c_compat_y_tst.o link 
UNRESOLVED: gcc.dg/compat/vector-1 c_compat_x_tst.o-c_compat_y_tst.o execute 
FAIL: gcc.dg/compat/vector-2 c_compat_x_tst.o compile
FAIL: gcc.dg/compat/vector-2 c_compat_y_tst.o compile
UNRESOLVED: gcc.dg/compat/vector-2 c_compat_x_tst.o-c_compat_y_tst.o link 
UNRESOLVED: gcc.dg/compat/vector-2 c_compat_x_tst.o-c_compat_y_tst.o execute 
FAIL: gcc.dg/cpp/cmdlne-M.c (test for excess errors)
FAIL: gcc.dg/cpp/cmdlne-dD-M.c (test for excess errors)
ERROR: gcc.dg/cpp/cmdlne-dD-M.c: error executing dg-final: couldn't open "cmdlne-dD-M.i": no such file or directory
UNRESOLVED: gcc.dg/cpp/cmdlne-dD-M.c: error executing dg-final: couldn't open "cmdlne-dD-M.i": no such file or directory
FAIL: gcc.dg/cpp/cmdlne-dI-M.c (test for excess errors)
ERROR: gcc.dg/cpp/cmdlne-dI-M.c: error executing dg-final: couldn't open "cmdlne-dI-M.i": no such file or directory
UNRESOLVED: gcc.dg/cpp/cmdlne-dI-M.c: error executing dg-final: couldn't open "cmdlne-dI-M.i": no such file or directory
FAIL: gcc.dg/cpp/cmdlne-dM-M.c (test for excess errors)
ERROR: gcc.dg/cpp/cmdlne-dM-M.c: error executing dg-final: couldn't open "cmdlne-dM-M.i": no such file or directory
UNRESOLVED: gcc.dg/cpp/cmdlne-dM-M.c: error executing dg-final: couldn't open "cmdlne-dM-M.i": no such file or directory
FAIL: gcc.dg/cpp/cmdlne-dN-M.c (test for excess errors)
ERROR: gcc.dg/cpp/cmdlne-dN-M.c: error executing dg-final: couldn't open "cmdlne-dN-M.i": no such file or directory
UNRESOLVED: gcc.dg/cpp/cmdlne-dN-M.c: error executing dg-final: couldn't open "cmdlne-dN-M.i": no such file or directory
FAIL: gcc.dg/20010516-1.c (test for excess errors)
FAIL: gcc.dg/20020103-1.c scan-assembler-not LC
FAIL: gcc.dg/20030331-2.c (test for excess errors)
FAIL: gcc.dg/Wunreachable-4.c (test for excess errors)
FAIL: gcc.dg/asm-7.c  (test for warnings, line 12)
FAIL: gcc.dg/asm-7.c  (test for warnings, line 15)
FAIL: gcc.dg/asm-7.c  (test for warnings, line 16)
FAIL: gcc.dg/asm-7.c  (test for warnings, line 25)
FAIL: gcc.dg/asm-7.c (test for excess errors)
FAIL: gcc.dg/builtins-10.c (test for excess errors)
FAIL: gcc.dg/builtins-26.c (test for excess errors)
FAIL: gcc.dg/builtins-7.c (test for excess errors)
FAIL: gcc.dg/i386-local.c scan-assembler magic[^\\n]*eax
FAIL: gcc.dg/i386-pentium4-not-mull.c (test for excess errors)
ERROR: gcc.dg/i386-pentium4-not-mull.c: error executing dg-final: couldn't open "i386-pentium4-not-mull.s": no such file or directory
UNRESOLVED: gcc.dg/i386-pentium4-not-mull.c: error executing dg-final: couldn't open "i386-pentium4-not-mull.s": no such file or directory
XPASS: gcc.dg/uninit-4.c uninitialized variable warning (test for bogus messages, line 26)
XPASS: gcc.dg/uninit-5.c uninitialized variable warning (test for bogus messages, line 13)
XPASS: gcc.dg/uninit-5.c uninitialized variable warning (test for bogus messages, line 27)
XPASS: gcc.dg/uninit-8.c uninitialized variable warning (test for bogus messages, line 14)
FAIL: gcc.dg/warn-1.c  (test for warnings, line 8)
FAIL: gcc.dg/warn-1.c  (test for warnings, line 15)
FAIL: gcc.dg/warn-1.c (test for excess errors)
FAIL: gcc.dg/pch/static-3.c  -O2  assembly comparison
FAIL: gcc.dg/tree-ssa/20030708-1.c scan-tree-dump-times \\(short unsigned int\\) 1
FAIL: gcc.dg/tree-ssa/20030708-1.c scan-tree-dump-times if  2
FAIL: gcc.dg/tree-ssa/20030711-3.c scan-tree-dump-times if  2
FAIL: gcc.dg/tree-ssa/20030711-3.c scan-tree-dump-times decl\\.rtl 1
FAIL: gcc.dg/tree-ssa/20030729-1.c scan-tree-dump-times \\(unsigned int\\) 0
FAIL: gcc.dg/tree-ssa/20030729-1.c scan-tree-dump-times common.code 1
FAIL: gcc.dg/tree-ssa/20030729-1.c scan-tree-dump-times if  1
FAIL: gcc.dg/tree-ssa/20030730-1.c (test for excess errors)
FAIL: gcc.dg/tree-ssa/20030730-2.c (test for excess errors)
FAIL: gcc.dg/tree-ssa/20030730-2.c scan-tree-dump-times if  0
FAIL: gcc.dg/tree-ssa/ssa-ccp-2.c scan-tree-dump-times link_error 0
FAIL: gcc.dg/tree-ssa/ssa-ccp-3.c scan-tree-dump-times link_error 0
FAIL: gcc.dg/tree-ssa/ssa-ccp-4.c scan-tree-dump-times link_error 0
FAIL: gcc.dg/tree-ssa/ssa-ccp-5.c scan-tree-dump-times link_error 0
FAIL: gcc.dg/tree-ssa/ssa-ccp-6.c scan-tree-dump-times link_error 0
FAIL: gcc.dg/tree-ssa/ssa-ccp-7.c scan-tree-dump-times link_error 0
FAIL: gcc.dg/tree-ssa/ssa-ccp-8.c scan-tree-dump-times link_error 0
FAIL: gcc.dg/tree-ssa/ssa-ccp-9.c scan-tree-dump-times link_error 0

		=== gcc Summary ===

# of expected passes		23256
# of unexpected failures	50
# of unexpected successes	22
# of expected failures		76
# of unresolved testcases	15
# of unsupported tests		223
/notnfs/dnovillo/sbox/tree-ssa-branch/bld.torrent/gcc/xgcc version 3.5-tree-ssa 20030805 (merged 20030722)

		=== gfortran tests ===


Running target unix
FAIL: gfortran.fortran-torture/execute/forall_3.f90 execution,  -O0 
FAIL: gfortran.fortran-torture/execute/forall_3.f90 execution,  -O1 
FAIL: gfortran.fortran-torture/execute/forall_3.f90 execution,  -O2 
FAIL: gfortran.fortran-torture/execute/forall_3.f90 execution,  -O2 -fomit-frame-pointer -finline-functions 
FAIL: gfortran.fortran-torture/execute/forall_3.f90 execution,  -O2 -fomit-frame-pointer -finline-functions -funroll-loops 
FAIL: gfortran.fortran-torture/execute/forall_3.f90 execution,  -O2 -fomit-frame-pointer -finline-functions -funroll-all-loops 
FAIL: gfortran.fortran-torture/execute/forall_3.f90 execution,  -O2 -fno-repack-arrays 
FAIL: gfortran.fortran-torture/execute/forall_3.f90 execution,  -O2 -fg77-calls 
FAIL: gfortran.fortran-torture/execute/forall_3.f90 execution,  -O3 -g 
FAIL: gfortran.fortran-torture/execute/forall_3.f90 execution,  -Os 

		=== gfortran Summary ===

# of expected passes		1800
# of unexpected failures	10
/notnfs/dnovillo/sbox/tree-ssa-branch/bld.torrent/gcc/testsuite/../gfortran version 3.5-tree-ssa 20030805 (merged 20030722)

		=== objc tests ===


Running target unix

		=== objc Summary ===

# of expected passes		1156
/notnfs/dnovillo/sbox/tree-ssa-branch/bld.torrent/gcc/xgcc version 3.5-tree-ssa 20030805 (merged 20030722)

		=== treelang tests ===


Running target unix

		=== treelang Summary ===

# of expected passes		1
		=== libjava tests ===


Running target unix
FAIL: InterfaceDispatch -O output - bytecode->native test
FAIL: N19990310_02 -O execution - bytecode->native test
FAIL: PR141 output - bytecode->native test
FAIL: PR141 -O output - bytecode->native test
FAIL: PR160 -O execution - bytecode->native test
FAIL: SyncGlobal -O execution - bytecode->native test
WARNING: program timed out.
FAIL: Thread_Alive -O execution - bytecode->native test
FAIL: Thread_Wait -O execution - bytecode->native test
FAIL: Thread_Wait_2 -O execution - bytecode->native test
FAIL: Thread_Wait_Interrupt -O execution - bytecode->native test
FAIL: err11 -O output - bytecode->native test

		=== libjava Summary ===

# of expected passes		3037
# of unexpected failures	11
# of expected failures		16
# of untested testcases		19
		=== libmudflap tests ===


Running target unix
FAIL: libmudflap.c++/fail24-frag.cxx (-O3) output pattern test
FAIL: libmudflap.c++/pass28-frag.cxx (-O3) execution test
FAIL: libmudflap.c++/pass31-frag.cxx (-O3) execution test

		=== libmudflap Summary ===

# of expected passes		985
# of unexpected failures	3
		=== libstdc++-v3 tests ===


Running target unix
FAIL: 22_locale/numpunct/members/pod/2.cc execution test
XPASS: 26_numerics/c99_classification_macros_c.cc (test for excess errors)
FAIL: 27_io/basic_ostream/inserters_arithmetic/char/1.cc (test for excess errors)
WARNING: 27_io/basic_ostream/inserters_arithmetic/char/1.cc compilation failed to produce executable
FAIL: 27_io/basic_ostream/inserters_arithmetic/wchar_t/1.cc (test for excess errors)
WARNING: 27_io/basic_ostream/inserters_arithmetic/wchar_t/1.cc compilation failed to produce executable

		=== libstdc++-v3 Summary ===

# of expected passes		2018
# of unexpected failures	3
# of unexpected successes	1
# of expected failures		9

Compiler version: 3.5-tree-ssa 20030805 (merged 20030722) 
Platform: x86_64-unknown-linux-gnu
configure flags: --prefix=/home/dnovillo/perf/sbox/tree-ssa-branch/local.x86_64/inst.torrent --srcdir=/home/dnovillo/perf/sbox/tree-ssa-branch/local.x86_64/src --disable-multilib --disable-checking --enable-threads --enable-languages=c,c++,f77,f95,java,objc,treelang --with-libbanshee


Index Nav: [Date Index] [Subject Index] [Author Index] [Thread Index]
Message Nav: [Date Prev] [Date Next] [Thread Prev] [Thread Next]