This is the mail archive of the
gcc-testresults@gcc.gnu.org
mailing list for the GCC project.
Results for 3.4 20030801 (experimental) testsuite on powerpc-unknown-linux
- From: Andreas Tobler <toa at pop dot agri dot ch>
- To: gcc-results <gcc-testresults at gcc dot gnu dot org>
- Date: Sat, 02 Aug 2003 07:26:36 +0200
- Subject: Results for 3.4 20030801 (experimental) testsuite on powerpc-unknown-linux
LAST_UPDATED: Fri Aug 1 06:32:03 UTC 2003
Native configuration is powerpc-unknown-linux-gnu
=== gcc tests ===
Running target unix
WARNING: program timed out.
FAIL: gcc.c-torture/compile/20001226-1.c (test for excess errors)
WARNING: program timed out.
FAIL: gcc.c-torture/compile/20001226-1.c (test for excess errors)
WARNING: program timed out.
FAIL: gcc.c-torture/compile/20001226-1.c (test for excess errors)
WARNING: program timed out.
FAIL: gcc.c-torture/compile/20001226-1.c (test for excess errors)
FAIL: gcc.c-torture/execute/20030125-1.c execution, -O1
FAIL: gcc.c-torture/execute/20030125-1.c execution, -O2
FAIL: gcc.c-torture/execute/20030125-1.c execution, -O3 -fomit-frame-pointer
FAIL: gcc.c-torture/execute/20030125-1.c execution, -O3 -g
FAIL: gcc.c-torture/execute/20030125-1.c execution, -Os
UNRESOLVED: gcc.c-torture/execute/wchar_t-1.c execution, -O0
UNRESOLVED: gcc.c-torture/execute/wchar_t-1.c execution, -O1
UNRESOLVED: gcc.c-torture/execute/wchar_t-1.c execution, -O2
UNRESOLVED: gcc.c-torture/execute/wchar_t-1.c execution, -O3 -fomit-frame-pointer
UNRESOLVED: gcc.c-torture/execute/wchar_t-1.c execution, -O3 -g
UNRESOLVED: gcc.c-torture/execute/wchar_t-1.c execution, -Os
FAIL: gcc.dg/compat/scalar-by-value-3 c_compat_x_tst.o-c_compat_y_tst.o execute
FAIL: gcc.dg/compat/scalar-return-3 c_compat_x_tst.o-c_compat_y_tst.o execute
FAIL: gcc.dg/20020103-1.c scan-assembler-not LC
FAIL: gcc.dg/20020118-1.c execution test
FAIL: gcc.dg/altivec-5.c (test for excess errors)
FAIL: gcc.dg/builtins-18.c (test for excess errors)
FAIL: gcc.dg/builtins-20.c (test for excess errors)
FAIL: gcc.dg/ppc-sdata-1.c scan-assembler sdat@sdarel\\(13\\)
FAIL: gcc.dg/ppc-sdata-1.c scan-assembler sdat2@sda21\\(2\\)
FAIL: gcc.misc-tests/mg.c
=== gcc Summary ===
# of expected passes 23093
# of unexpected failures 19
# of expected failures 79
# of unresolved testcases 6
# of unsupported tests 235
/mnt/cvs/gcc-trunk/objdir/gcc/xgcc version 3.4 20030801 (experimental)
=== g++ tests ===
Running target unix
FAIL: g++.dg/ext/pretty1.C scan-assembler top level
FAIL: g++.dg/ext/pretty2.C (test for excess errors)
WARNING: g++.dg/ext/pretty2.C compilation failed to produce executable
FAIL: g++.dg/init/array10.C (test for excess errors)
XPASS: g++.dg/other/packed1.C execution test
WARNING: program timed out.
FAIL: g++.dg/parse/stack1.C (test for excess errors)
WARNING: g++.old-deja/g++.mike/p10769a.C compilation failed to produce executable
WARNING: g++.old-deja/g++.other/enum5.C compilation failed to produce executable
WARNING: g++.old-deja/g++.pt/friend44.C compilation failed to produce executable
=== g++ Summary ===
# of expected passes 8779
# of unexpected failures 4
# of unexpected successes 1
# of expected failures 67
# of unsupported tests 56
/mnt/cvs/gcc-trunk/objdir/gcc/testsuite/../g++ version 3.4 20030801 (experimental)
=== libjava tests ===
Running target unix
FAIL: Array_3 -O execution - source compiled test
FAIL: gnu.testlet.java.io.ObjectInputOutput.InputTest: gnu.testlet.java.io.ObjectInputOutput.Test\$GetPutField (number 1)
FAIL: gnu.testlet.java.io.ObjectInputOutput.OutputTest: Serializable: gnu.testlet.java.io.ObjectInputOutput.Test\$Extern () (number 2)
FAIL: gnu.testlet.java.io.ObjectInputOutput.OutputTest: Serializable: test(str=null, x=0) (number 2)
FAIL: gnu.testlet.java.io.OutputStreamWriter.jdk11: OutputStreamWriter(writer, encoding) (number 1)
FAIL: gnu.testlet.java.io.OutputStreamWriter.jdk11: OutputStreamWriter(writer, encoding) // alias (number 1)
FAIL: gnu.testlet.java.io.PrintStream.subclass (number 1)
FAIL: gnu.testlet.java.lang.Double.DoubleTest: Error: test_longValue returned wrong results CYGNUS: Float to int conversions - 1 (number 1)
XPASS: gnu.testlet.java.lang.String.getBytes13: String.getBytes("UTF-16") (number 1)
XPASS: gnu.testlet.java.lang.String.getBytes14: String.getBytes("UTF-16BE") (number 1)
XPASS: gnu.testlet.java.lang.String.getBytes14: String.getBytes("UTF-16LE") (number 1)
FAIL: gnu.testlet.java.lang.Thread.daemon: Can change daemon state on an exitted Thread (number 1)
FAIL: gnu.testlet.java.lang.Thread.daemon: Daemon status changed when set on an exitted Thread (number 1)
FAIL: gnu.testlet.java.lang.Thread.stop: Unexpected exception during test() (number 1)
FAIL: gnu.testlet.java.math.BigDecimal.divide: unrounded zero (number 2)
FAIL: gnu.testlet.java.math.BigDecimal.divide: unrounded zero (number 4)
FAIL: gnu.testlet.java.math.BigDecimal.divide: -66.70 / 2, scale 0 (number 1)
FAIL: gnu.testlet.java.math.BigDecimal.divide: -66.70 / 2, scale 0 (number 4)
FAIL: gnu.testlet.java.math.BigDecimal.divide: -66.70 / 2, scale 0 (number 5)
FAIL: gnu.testlet.java.math.BigDecimal.divide: -66.70 / 2, scale 0 (number 6)
FAIL: gnu.testlet.java.math.BigDecimal.divide: -66.70 / 2, scale 0 (number 7)
FAIL: gnu.testlet.java.math.BigDecimal.divide: -66.70 / 2, scale 1 (number 1)
FAIL: gnu.testlet.java.math.BigDecimal.divide: -66.70 / 2, scale 1 (number 4)
FAIL: gnu.testlet.java.math.BigDecimal.divide: -66.70 / 2, scale 1 (number 5)
FAIL: gnu.testlet.java.math.BigDecimal.divide: -66.70 / 2, scale 1 (number 7)
FAIL: gnu.testlet.java.math.BigDecimal.divide: 66.70 / -2, scale 0 (number 1)
FAIL: gnu.testlet.java.math.BigDecimal.divide: 66.70 / -2, scale 0 (number 4)
FAIL: gnu.testlet.java.math.BigDecimal.divide: 66.70 / -2, scale 0 (number 5)
FAIL: gnu.testlet.java.math.BigDecimal.divide: 66.70 / -2, scale 0 (number 6)
FAIL: gnu.testlet.java.math.BigDecimal.divide: 66.70 / -2, scale 0 (number 7)
FAIL: gnu.testlet.java.math.BigDecimal.divide: 66.70 / -2, scale 1 (number 1)
FAIL: gnu.testlet.java.math.BigDecimal.divide: 66.70 / -2, scale 1 (number 4)
FAIL: gnu.testlet.java.math.BigDecimal.divide: 66.70 / -2, scale 1 (number 5)
FAIL: gnu.testlet.java.math.BigDecimal.divide: 66.70 / -2, scale 1 (number 7)
FAIL: gnu.testlet.java.math.BigDecimal.setScale: quinn (number 2)
FAIL: gnu.testlet.java.math.BigDecimal.setScale: quinn (number 5)
FAIL: gnu.testlet.java.math.BigDecimal.setScale: quinneg (number 1)
FAIL: gnu.testlet.java.math.BigDecimal.setScale: quinneg (number 2)
FAIL: gnu.testlet.java.math.BigDecimal.setScale: quinneg (number 4)
FAIL: gnu.testlet.java.math.BigDecimal.setScale: quinneg (number 5)
FAIL: gnu.testlet.java.math.BigDecimal.setScale: quinneg (number 6)
FAIL: gnu.testlet.java.math.BigDecimal.setScale: quinneg (number 7)
FAIL: gnu.testlet.java.net.DatagramSocket.DatagramSocketTest2: Expected IOException (number 1)
FAIL: gnu.testlet.java.net.DatagramSocket.DatagramSocketTest2: uncaught exception at "invalid_send_data" number 4: java.lang.IllegalArgumentException: Invalid length: -1
FAIL: gnu.testlet.java.net.Socket.jdk13: unexpected error: Success (number 1)
XPASS: gnu.testlet.java.net.URL.URLTest: sameFile (number 2)
FAIL: gnu.testlet.java.net.URL.URLTest: toString (number 2)
WARNING: program timed out.
FAIL: gnu.testlet.java.text.RuleBasedCollator.jdk11: constructor rule parsing (number 3)
FAIL: gnu.testlet.java.text.RuleBasedCollator.jdk11: constructor rule parsing (number 4)
FAIL: gnu.testlet.java.text.RuleBasedCollator.jdk11: constructor rule parsing (number 5)
FAIL: gnu.testlet.java.text.RuleBasedCollator.jdk11: constructor rule parsing (number 9)
FAIL: gnu.testlet.java.text.RuleBasedCollator.jdk11: constructor rule parsing (number 10)
FAIL: gnu.testlet.java.text.RuleBasedCollator.jdk11: constructor rule parsing (number 11)
FAIL: gnu.testlet.java.text.RuleBasedCollator.jdk11: constructor rule parsing (number 20)
FAIL: gnu.testlet.java.text.RuleBasedCollator.jdk11: constructor rule parsing (number 21)
FAIL: gnu.testlet.java.text.RuleBasedCollator.jdk11: constructor rule parsing (number 22)
FAIL: gnu.testlet.java.text.RuleBasedCollator.jdk11: constructor rule parsing (number 23)
FAIL: gnu.testlet.java.text.RuleBasedCollator.jdk11: constructor rule parsing (number 24)
FAIL: gnu.testlet.java.text.RuleBasedCollator.jdk11: constructor rule parsing (number 25)
FAIL: gnu.testlet.java.text.RuleBasedCollator.jdk11: constructor rule parsing (number 26)
FAIL: gnu.testlet.java.text.RuleBasedCollator.jdk11: constructor rule parsing (number 27)
FAIL: gnu.testlet.java.text.RuleBasedCollator.jdk11: constructor rule parsing (number 28)
FAIL: gnu.testlet.java.text.RuleBasedCollator.jdk11: constructor rule parsing (number 29)
FAIL: gnu.testlet.java.text.RuleBasedCollator.jdk11: constructor rule parsing (number 30)
FAIL: gnu.testlet.java.text.RuleBasedCollator.jdk11: constructor rule parsing (number 31)
FAIL: gnu.testlet.java.text.RuleBasedCollator.jdk11: constructor rule parsing errors (number 1)
FAIL: gnu.testlet.java.text.RuleBasedCollator.jdk11: single character ordering (number 19)
FAIL: gnu.testlet.java.text.RuleBasedCollator.jdk11: single character ordering (number 73)
FAIL: gnu.testlet.java.text.RuleBasedCollator.jdk11: contraction ordering (number 5)
FAIL: gnu.testlet.java.text.RuleBasedCollator.jdk11: expansion ordering: ParseException (offset is 26) (number 1)
XPASS: gnu.testlet.java.text.SimpleDateFormat.Test: equals() (number 1)
FAIL: gnu.testlet.java.util.zip.InflaterInputStream.basic: compressing string (number 2)
FAIL: gnu.testlet.java.util.zip.InflaterInputStream.basic: Constructor (number 2)
FAIL: gnu.testlet.java.util.zip.InflaterInputStream.basic: Constructor (number 4)
FAIL: gnu.testlet.java.util.zip.InflaterInputStream.basic: uncaught exception at "Constructor" number 5: java.lang.NegativeArraySizeException
=== libjava Summary ===
# of expected passes 11893
# of unexpected failures 70
# of unexpected successes 5
# of expected failures 59
# of untested testcases 13
=== libstdc++-v3 tests ===
Running target unix
FAIL: 22_locale/codecvt/encoding/wchar_t/wrapped_locale.cc execution test
FAIL: 22_locale/codecvt/max_length/wchar_t/wrapped_locale.cc execution test
FAIL: 22_locale/ctype/widen/wchar_t/2.cc execution test
FAIL: 27_io/basic_filebuf/underflow/wchar_t/9520.cc execution test
=== libstdc++-v3 Summary ===
# of expected passes 2083
# of unexpected failures 4
# of expected failures 10
Compiler version: 3.4 20030801 (experimental)
Platform: powerpc-unknown-linux-gnu
configure flags: --prefix=/var/tmp --enable-languages=c,c++,java --enable-shared --enable-threads=posix --disable-multilib