This is the mail archive of the
gcc-testresults@gcc.gnu.org
mailing list for the GCC project.
Results for 3.4 20030728 (experimental) testsuite on i386-pc-solaris2.9
- From: Rainer Orth <ro at TechFak dot Uni-Bielefeld dot DE>
- To: gcc-testresults at gcc dot gnu dot org
- Date: Tue, 29 Jul 2003 12:31:00 +0200 (MEST)
- Subject: Results for 3.4 20030728 (experimental) testsuite on i386-pc-solaris2.9
LAST_UPDATED: Mon Jul 28 10:35:17 UTC 2003
Native configuration is i386-pc-solaris2.9
=== g++ tests ===
Running target unix
FAIL: g++.dg/eh/simd-2.C (test for excess errors)
WARNING: g++.dg/eh/simd-2.C compilation failed to produce executable
FAIL: g++.dg/ext/pretty1.C scan-assembler top level
FAIL: g++.dg/ext/pretty2.C (test for excess errors)
WARNING: g++.dg/ext/pretty2.C compilation failed to produce executable
FAIL: g++.dg/init/array10.C (test for excess errors)
FAIL: g++.dg/opt/template1.C scan-assembler-not foo1
WARNING: program timed out.
FAIL: g++.dg/parse/stack1.C (test for excess errors)
FAIL: g++.dg/special/conpr-1.C execution test
FAIL: g++.dg/special/conpr-3.C execution test
FAIL: g++.dg/special/conpr-4.C execution test
WARNING: g++.old-deja/g++.mike/p10769a.C compilation failed to produce executable
WARNING: g++.old-deja/g++.other/enum5.C compilation failed to produce executable
WARNING: g++.old-deja/g++.pt/friend44.C compilation failed to produce executable
=== g++ Summary ===
# of expected passes 8822
# of unexpected failures 9
# of expected failures 69
# of unsupported tests 31
/amnt/figaro/volumes/obj-gcc/gcc/obj.sol86/gcc-3.4-20030728/9-gcc/gcc/testsuite/../g++ version 3.4 20030728 (experimental)
=== g77 tests ===
Running target unix
FAIL: g77.f-torture/execute/980520-1.f compilation, -O0
=== g77 Summary ===
# of expected passes 1746
# of unexpected failures 1
# of untested testcases 1
# of unsupported tests 6
/amnt/figaro/volumes/obj-gcc/gcc/obj.sol86/gcc-3.4-20030728/9-gcc/gcc/testsuite/../g77 version 3.4 20030728 (experimental)
=== gcc tests ===
Running target unix
WARNING: program timed out.
FAIL: gcc.c-torture/compile/20001226-1.c (test for excess errors)
WARNING: program timed out.
FAIL: gcc.c-torture/compile/20001226-1.c (test for excess errors)
WARNING: program timed out.
FAIL: gcc.c-torture/compile/20001226-1.c (test for excess errors)
WARNING: program timed out.
FAIL: gcc.c-torture/compile/20001226-1.c (test for excess errors)
WARNING: program timed out.
FAIL: gcc.c-torture/compile/20001226-1.c (test for excess errors)
FAIL: gcc.c-torture/compile/950613-1.c (test for excess errors)
FAIL: gcc.c-torture/compile/950613-1.c (test for excess errors)
FAIL: gcc.c-torture/compile/950613-1.c (test for excess errors)
FAIL: gcc.c-torture/execute/builtin-bitops-1.c compilation, -O3 -fomit-frame-pointer -funroll-loops
UNRESOLVED: gcc.c-torture/execute/builtin-bitops-1.c execution, -O3 -fomit-frame-pointer -funroll-loops
FAIL: gcc.c-torture/execute/builtin-bitops-1.c compilation, -O3 -fomit-frame-pointer -funroll-all-loops -finline-functions
UNRESOLVED: gcc.c-torture/execute/builtin-bitops-1.c execution, -O3 -fomit-frame-pointer -funroll-all-loops -finline-functions
UNRESOLVED: gcc.c-torture/execute/wchar_t-1.c execution, -O0
UNRESOLVED: gcc.c-torture/execute/wchar_t-1.c execution, -O1
UNRESOLVED: gcc.c-torture/execute/wchar_t-1.c execution, -O2
UNRESOLVED: gcc.c-torture/execute/wchar_t-1.c execution, -O3 -fomit-frame-pointer
UNRESOLVED: gcc.c-torture/execute/wchar_t-1.c execution, -O3 -g
UNRESOLVED: gcc.c-torture/execute/wchar_t-1.c execution, -Os
FAIL: gcc.dg/compat/vector-1 c_compat_x_tst.o compile
FAIL: gcc.dg/compat/vector-1 c_compat_y_tst.o compile
UNRESOLVED: gcc.dg/compat/vector-1 c_compat_x_tst.o-c_compat_y_tst.o link
UNRESOLVED: gcc.dg/compat/vector-1 c_compat_x_tst.o-c_compat_y_tst.o execute
FAIL: gcc.dg/compat/vector-2 c_compat_x_tst.o compile
FAIL: gcc.dg/compat/vector-2 c_compat_y_tst.o compile
UNRESOLVED: gcc.dg/compat/vector-2 c_compat_x_tst.o-c_compat_y_tst.o link
UNRESOLVED: gcc.dg/compat/vector-2 c_compat_x_tst.o-c_compat_y_tst.o execute
FAIL: gcc.dg/20011009-1.c (test for excess errors)
WARNING: gcc.dg/20011009-1.c compilation failed to produce executable
WARNING: gcc.dg/20021014-1.c compilation failed to produce executable
FAIL: gcc.dg/builtins-20.c (test for excess errors)
FAIL: gcc.dg/const-elim-1.c scan-assembler-not L\\\$?C[^A-Z]
=== gcc Summary ===
# of expected passes 23296
# of unexpected failures 17
# of expected failures 80
# of unresolved testcases 12
# of unsupported tests 143
/amnt/figaro/volumes/obj-gcc/gcc/obj.sol86/gcc-3.4-20030728/9-gcc/gcc/xgcc version 3.4 20030728 (experimental)
=== objc tests ===
Running target unix
=== objc Summary ===
# of expected passes 1156
/amnt/figaro/volumes/obj-gcc/gcc/obj.sol86/gcc-3.4-20030728/9-gcc/gcc/xgcc version 3.4 20030728 (experimental)
=== libjava tests ===
Running target unix
FAIL: FileHandleGcTest execution - source compiled test
FAIL: FileHandleGcTest execution - gij test
FAIL: FileHandleGcTest execution - bytecode->native test
FAIL: FileHandleGcTest -O execution - source compiled test
FAIL: FileHandleGcTest execution - gij test
FAIL: FileHandleGcTest -O execution - bytecode->native test
FAIL: SyncGlobal -O execution - bytecode->native test
FAIL: SyncTest execution - gij test
FAIL: Thread_Join execution - gij test
FAIL: Thread_Join execution - gij test
FAIL: Thread_Wait_2 execution - gij test
FAIL: Thread_Wait_2 execution - gij test
FAIL: Throw_2 execution - source compiled test
FAIL: Throw_2 execution - gij test
FAIL: Throw_2 execution - bytecode->native test
FAIL: Throw_2 -O execution - source compiled test
FAIL: Throw_2 execution - gij test
FAIL: Throw_2 -O execution - bytecode->native test
=== libjava Summary ===
# of expected passes 3037
# of unexpected failures 18
# of expected failures 16
# of untested testcases 30
=== libstdc++-v3 tests ===
Running target unix
FAIL: 27_io/basic_istream/extractors_arithmetic/char/12.cc execution test
FAIL: 27_io/basic_istream/sentry/char/3983-fstream.cc (test for excess errors)
WARNING: 27_io/basic_istream/sentry/char/3983-fstream.cc compilation failed to produce executable
FAIL: 27_io/basic_istream/sentry/char/3983-sstream.cc (test for excess errors)
WARNING: 27_io/basic_istream/sentry/char/3983-sstream.cc compilation failed to produce executable
FAIL: 27_io/basic_ostream/sentry/char/3983-fstream.cc (test for excess errors)
WARNING: 27_io/basic_ostream/sentry/char/3983-fstream.cc compilation failed to produce executable
FAIL: 27_io/basic_ostream/sentry/char/3983-sstream.cc (test for excess errors)
WARNING: 27_io/basic_ostream/sentry/char/3983-sstream.cc compilation failed to produce executable
FAIL: thread/pthread7-rope.cc (test for excess errors)
WARNING: thread/pthread7-rope.cc compilation failed to produce executable
=== libstdc++-v3 Summary ===
# of expected passes 1531
# of unexpected failures 6
Compiler version: 3.4 20030728 (experimental)
Platform: i386-pc-solaris2.9
configure flags: --prefix=/vol/gcc --with-local-prefix=/vol/gcc --disable-nls