This is the mail archive of the
gcc-testresults@gcc.gnu.org
mailing list for the GCC project.
Results for 3.5-tree-ssa 20030727 (merged 20030722) testsuite on x86_64-suse-linux-gnu
- From: aj at suse dot de (Andreas Jaeger)
- To: gcc-testresults at gcc dot gnu dot org
- Date: Sun, 27 Jul 2003 19:56:17 UT
- Subject: Results for 3.5-tree-ssa 20030727 (merged 20030722) testsuite on x86_64-suse-linux-gnu
Bootstrap and regtesting on x86_64-suse-linux-gnu.
CVS sources: branch: tree-ssa-20020619-branch.
LAST_UPDATED: Sun Jul 27 14:52:16 UTC 2003
Native configuration is x86_64-suse-linux-gnu
=== g++ tests ===
Running target unix/-m32
FAIL: g++.dg/eh/simd-2.C (test for excess errors)
WARNING: g++.dg/eh/simd-2.C compilation failed to produce executable
FAIL: g++.dg/ext/pretty1.C scan-assembler top level
FAIL: g++.dg/ext/pretty2.C (test for excess errors)
WARNING: g++.dg/ext/pretty2.C compilation failed to produce executable
FAIL: g++.dg/init/array10.C (test for excess errors)
FAIL: g++.dg/opt/template1.C scan-assembler-not foo1
FAIL: 23:is 2:should be 1
FAIL: g++.dg/gcov/gcov-2.C gcov: 1 failures in line counts, 0 in branch percentages, 0 in return percentages
FAIL: g++.old-deja/g++.brendan/crash13.C (test for errors, line 34)
FAIL: g++.old-deja/g++.brendan/crash13.C (test for excess errors)
FAIL: g++.old-deja/g++.bugs/900205_03.C (test for errors, line 21)
FAIL: g++.old-deja/g++.bugs/900205_03.C (test for errors, line 24)
FAIL: g++.old-deja/g++.bugs/900205_03.C (test for errors, line 44)
FAIL: g++.old-deja/g++.bugs/900205_03.C (test for errors, line 47)
FAIL: g++.old-deja/g++.bugs/900205_03.C (test for excess errors)
FAIL: g++.old-deja/g++.law/friend5.C (test for errors, line 19)
FAIL: g++.old-deja/g++.law/friend5.C (test for errors, line 24)
FAIL: g++.old-deja/g++.law/friend5.C (test for excess errors)
WARNING: g++.old-deja/g++.mike/p10769a.C compilation failed to produce executable
FAIL: g++.old-deja/g++.mike/p646.C (test for warnings, line 104)
FAIL: g++.old-deja/g++.mike/p646.C (test for warnings, line 112)
FAIL: g++.old-deja/g++.mike/p646.C (test for warnings, line 120)
FAIL: g++.old-deja/g++.mike/p646.C (test for warnings, line 127)
FAIL: g++.old-deja/g++.mike/p646.C (test for warnings, line 133)
FAIL: g++.old-deja/g++.mike/p646.C (test for excess errors)
WARNING: g++.old-deja/g++.other/enum5.C compilation failed to produce executable
XPASS: g++.old-deja/g++.other/init5.C execution test
FAIL: g++.old-deja/g++.other/vaarg3.C (test for errors, line 23)
FAIL: g++.old-deja/g++.other/vaarg3.C (test for errors, line 26)
WARNING: g++.old-deja/g++.pt/friend44.C compilation failed to produce executable
FAIL: g++.old-deja/g++.robertl/eb73.C execution test
=== g++ Summary for unix/-m32 ===
# of expected passes 8737
# of unexpected failures 26
# of unexpected successes 1
# of expected failures 66
# of unsupported tests 54
Running target unix
FAIL: g++.dg/ext/pretty1.C scan-assembler top level
FAIL: g++.dg/ext/pretty2.C (test for excess errors)
WARNING: g++.dg/ext/pretty2.C compilation failed to produce executable
FAIL: g++.dg/init/array10.C (test for excess errors)
FAIL: g++.dg/opt/template1.C scan-assembler-not foo1
FAIL: 23:is 2:should be 1
FAIL: g++.dg/gcov/gcov-2.C gcov: 1 failures in line counts, 0 in branch percentages, 0 in return percentages
FAIL: g++.dg/tls/init-1.C (test for excess errors)
FAIL: g++.old-deja/g++.brendan/crash13.C (test for errors, line 34)
FAIL: g++.old-deja/g++.brendan/crash13.C (test for excess errors)
FAIL: g++.old-deja/g++.bugs/900205_03.C (test for errors, line 21)
FAIL: g++.old-deja/g++.bugs/900205_03.C (test for errors, line 24)
FAIL: g++.old-deja/g++.bugs/900205_03.C (test for errors, line 44)
FAIL: g++.old-deja/g++.bugs/900205_03.C (test for errors, line 47)
FAIL: g++.old-deja/g++.bugs/900205_03.C (test for excess errors)
FAIL: g++.old-deja/g++.law/friend5.C (test for errors, line 19)
FAIL: g++.old-deja/g++.law/friend5.C (test for errors, line 24)
FAIL: g++.old-deja/g++.law/friend5.C (test for excess errors)
FAIL: g++.old-deja/g++.mike/net20.C (test for excess errors)
WARNING: g++.old-deja/g++.mike/p10769a.C compilation failed to produce executable
FAIL: g++.old-deja/g++.mike/p646.C (test for warnings, line 104)
FAIL: g++.old-deja/g++.mike/p646.C (test for warnings, line 112)
FAIL: g++.old-deja/g++.mike/p646.C (test for warnings, line 120)
FAIL: g++.old-deja/g++.mike/p646.C (test for warnings, line 127)
FAIL: g++.old-deja/g++.mike/p646.C (test for warnings, line 133)
FAIL: g++.old-deja/g++.mike/p646.C (test for excess errors)
WARNING: g++.old-deja/g++.other/enum5.C compilation failed to produce executable
XPASS: g++.old-deja/g++.other/init5.C execution test
FAIL: g++.old-deja/g++.other/vaarg3.C (test for errors, line 23)
FAIL: g++.old-deja/g++.other/vaarg3.C (test for errors, line 26)
WARNING: g++.old-deja/g++.pt/friend44.C compilation failed to produce executable
FAIL: g++.old-deja/g++.robertl/eb132.C (test for excess errors)
=== g++ Summary for unix ===
# of expected passes 8737
# of unexpected failures 27
# of unexpected successes 1
# of expected failures 66
# of unsupported tests 54
=== g++ Summary ===
# of expected passes 17474
# of unexpected failures 53
# of unexpected successes 2
# of expected failures 132
# of unsupported tests 108
/usr/src/aj/build/gcc/misc/gcc/testsuite/../g++ version 3.5-tree-ssa 20030727 (merged 20030722)
=== g77 tests ===
Running target unix/-m32
FAIL: g77.f-torture/execute/980520-1.f compilation, -O0
=== g77 Summary for unix/-m32 ===
# of expected passes 1746
# of unexpected failures 1
# of untested testcases 1
# of unsupported tests 6
Running target unix
ERROR: tcl error sourcing /cvs/gcc-tree-ssa-20020619-branch/gcc/testsuite/g77.dg/dg.exp.
ERROR: couldn't compile regular expression pattern: parentheses () not balanced
FAIL: g77.f-torture/execute/980520-1.f compilation, -O0
=== g77 Summary for unix ===
# of expected passes 1244
# of unexpected failures 1
# of untested testcases 1
=== g77 Summary ===
# of expected passes 2990
# of unexpected failures 2
# of untested testcases 2
# of unsupported tests 6
/usr/src/aj/build/gcc/misc/gcc/testsuite/../g77 version 3.5-tree-ssa 20030727 (merged 20030722)
=== gcc tests ===
Running target unix/-m32
XPASS: gcc.c-torture/execute/builtins/string-4.c execution, -O0
XPASS: gcc.c-torture/execute/builtins/string-5.c execution, -O0
FAIL: gcc.c-torture/execute/builtins/string-8.c execution, -O2
FAIL: gcc.c-torture/execute/builtins/string-8.c execution, -O3 -fomit-frame-pointer
FAIL: gcc.c-torture/execute/builtins/string-8.c execution, -O3 -g
XPASS: gcc.c-torture/execute/20020227-1.c execution, -O0
XPASS: gcc.c-torture/execute/20020227-1.c execution, -O1
XPASS: gcc.c-torture/execute/20020227-1.c execution, -O2
XPASS: gcc.c-torture/execute/20020227-1.c execution, -O3 -fomit-frame-pointer
XPASS: gcc.c-torture/execute/20020227-1.c execution, -O3 -g
XPASS: gcc.c-torture/execute/20020227-1.c execution, -Os
XPASS: gcc.c-torture/execute/20020720-1.c compilation, -O1
XPASS: gcc.c-torture/execute/20020720-1.c compilation, -O2
XPASS: gcc.c-torture/execute/20020720-1.c compilation, -O3 -fomit-frame-pointer
XPASS: gcc.c-torture/execute/20020720-1.c compilation, -O3 -g
XPASS: gcc.c-torture/execute/20020720-1.c compilation, -Os
FAIL: gcc.c-torture/execute/loop-2e.c execution, -Os
FAIL: gcc.c-torture/execute/stdio-opt-1.c execution, -O1
FAIL: gcc.c-torture/execute/stdio-opt-1.c execution, -O2
FAIL: gcc.c-torture/execute/stdio-opt-1.c execution, -O3 -fomit-frame-pointer
FAIL: gcc.c-torture/execute/stdio-opt-1.c execution, -O3 -g
FAIL: gcc.c-torture/execute/string-opt-16.c execution, -O3 -fomit-frame-pointer
FAIL: gcc.c-torture/execute/string-opt-16.c execution, -O3 -g
FAIL: gcc.c-torture/execute/string-opt-17.c execution, -O0
FAIL: gcc.c-torture/execute/string-opt-17.c execution, -O1
FAIL: gcc.c-torture/execute/string-opt-17.c execution, -O2
FAIL: gcc.c-torture/execute/string-opt-17.c execution, -O3 -fomit-frame-pointer
FAIL: gcc.c-torture/execute/string-opt-17.c execution, -O3 -g
FAIL: gcc.c-torture/execute/string-opt-17.c execution, -Os
FAIL: gcc.c-torture/execute/string-opt-7.c execution, -O1
FAIL: gcc.c-torture/execute/string-opt-7.c execution, -O2
FAIL: gcc.c-torture/execute/string-opt-7.c execution, -O3 -fomit-frame-pointer
FAIL: gcc.c-torture/execute/string-opt-7.c execution, -O3 -g
FAIL: gcc.c-torture/execute/string-opt-7.c execution, -Os
UNRESOLVED: gcc.c-torture/execute/wchar_t-1.c execution, -O0
UNRESOLVED: gcc.c-torture/execute/wchar_t-1.c execution, -O1
UNRESOLVED: gcc.c-torture/execute/wchar_t-1.c execution, -O2
UNRESOLVED: gcc.c-torture/execute/wchar_t-1.c execution, -O3 -fomit-frame-pointer
UNRESOLVED: gcc.c-torture/execute/wchar_t-1.c execution, -O3 -g
UNRESOLVED: gcc.c-torture/execute/wchar_t-1.c execution, -Os
FAIL: gcc.c-torture/execute/ieee/20010114-2.c execution, -O1
FAIL: gcc.c-torture/execute/ieee/20010114-2.c execution, -O2
FAIL: gcc.c-torture/execute/ieee/20010114-2.c execution, -Os
FAIL: gcc.c-torture/execute/ieee/20030331-1.c execution, -O1
FAIL: gcc.c-torture/execute/ieee/20030331-1.c execution, -O2
FAIL: gcc.c-torture/execute/ieee/20030331-1.c execution, -O3 -fomit-frame-pointer
FAIL: gcc.c-torture/execute/ieee/20030331-1.c execution, -O3 -g
FAIL: gcc.c-torture/execute/ieee/20030331-1.c execution, -Os
FAIL: gcc.c-torture/execute/ieee/980619-1.c execution, -O1
FAIL: gcc.c-torture/execute/ieee/980619-1.c execution, -O2
FAIL: gcc.c-torture/execute/ieee/980619-1.c execution, -O3 -fomit-frame-pointer
FAIL: gcc.c-torture/execute/ieee/980619-1.c execution, -O3 -fomit-frame-pointer -funroll-loops
FAIL: gcc.c-torture/execute/ieee/980619-1.c execution, -O3 -fomit-frame-pointer -funroll-all-loops -finline-functions
FAIL: gcc.c-torture/execute/ieee/980619-1.c execution, -O3 -g
FAIL: gcc.c-torture/execute/ieee/980619-1.c execution, -Os
FAIL: gcc.dg/compat/struct-align-1 c_compat_x_tst.o-c_compat_y_alt.o execute
FAIL: gcc.dg/compat/struct-align-1 c_compat_x_alt.o-c_compat_y_tst.o execute
FAIL: gcc.dg/compat/vector-1 c_compat_x_alt.o compile
FAIL: gcc.dg/compat/vector-1 c_compat_y_alt.o compile
FAIL: gcc.dg/compat/vector-1 c_compat_x_tst.o compile
FAIL: gcc.dg/compat/vector-1 c_compat_y_tst.o compile
UNRESOLVED: gcc.dg/compat/vector-1 c_compat_x_tst.o-c_compat_y_tst.o link
UNRESOLVED: gcc.dg/compat/vector-1 c_compat_x_tst.o-c_compat_y_tst.o execute
UNRESOLVED: gcc.dg/compat/vector-1 c_compat_x_tst.o-c_compat_y_alt.o link
UNRESOLVED: gcc.dg/compat/vector-1 c_compat_x_tst.o-c_compat_y_alt.o execute
UNRESOLVED: gcc.dg/compat/vector-1 c_compat_x_alt.o-c_compat_y_tst.o link
UNRESOLVED: gcc.dg/compat/vector-1 c_compat_x_alt.o-c_compat_y_tst.o execute
UNRESOLVED: gcc.dg/compat/vector-1 c_compat_x_alt.o-c_compat_y_alt.o link
UNRESOLVED: gcc.dg/compat/vector-1 c_compat_x_alt.o-c_compat_y_alt.o execute
FAIL: gcc.dg/compat/vector-2 c_compat_x_alt.o compile
FAIL: gcc.dg/compat/vector-2 c_compat_y_alt.o compile
FAIL: gcc.dg/compat/vector-2 c_compat_x_tst.o compile
FAIL: gcc.dg/compat/vector-2 c_compat_y_tst.o compile
UNRESOLVED: gcc.dg/compat/vector-2 c_compat_x_tst.o-c_compat_y_tst.o link
UNRESOLVED: gcc.dg/compat/vector-2 c_compat_x_tst.o-c_compat_y_tst.o execute
UNRESOLVED: gcc.dg/compat/vector-2 c_compat_x_tst.o-c_compat_y_alt.o link
UNRESOLVED: gcc.dg/compat/vector-2 c_compat_x_tst.o-c_compat_y_alt.o execute
UNRESOLVED: gcc.dg/compat/vector-2 c_compat_x_alt.o-c_compat_y_tst.o link
UNRESOLVED: gcc.dg/compat/vector-2 c_compat_x_alt.o-c_compat_y_tst.o execute
UNRESOLVED: gcc.dg/compat/vector-2 c_compat_x_alt.o-c_compat_y_alt.o link
UNRESOLVED: gcc.dg/compat/vector-2 c_compat_x_alt.o-c_compat_y_alt.o execute
FAIL: gcc.dg/cpp/cmdlne-M.c (test for excess errors)
FAIL: gcc.dg/cpp/cmdlne-dD-M.c (test for excess errors)
ERROR: gcc.dg/cpp/cmdlne-dD-M.c: error executing dg-final: couldn't open "cmdlne-dD-M.i": no such file or directory
UNRESOLVED: gcc.dg/cpp/cmdlne-dD-M.c: error executing dg-final: couldn't open "cmdlne-dD-M.i": no such file or directory
FAIL: gcc.dg/cpp/cmdlne-dI-M.c (test for excess errors)
ERROR: gcc.dg/cpp/cmdlne-dI-M.c: error executing dg-final: couldn't open "cmdlne-dI-M.i": no such file or directory
UNRESOLVED: gcc.dg/cpp/cmdlne-dI-M.c: error executing dg-final: couldn't open "cmdlne-dI-M.i": no such file or directory
FAIL: gcc.dg/cpp/cmdlne-dM-M.c (test for excess errors)
ERROR: gcc.dg/cpp/cmdlne-dM-M.c: error executing dg-final: couldn't open "cmdlne-dM-M.i": no such file or directory
UNRESOLVED: gcc.dg/cpp/cmdlne-dM-M.c: error executing dg-final: couldn't open "cmdlne-dM-M.i": no such file or directory
FAIL: gcc.dg/cpp/cmdlne-dN-M.c (test for excess errors)
ERROR: gcc.dg/cpp/cmdlne-dN-M.c: error executing dg-final: couldn't open "cmdlne-dN-M.i": no such file or directory
UNRESOLVED: gcc.dg/cpp/cmdlne-dN-M.c: error executing dg-final: couldn't open "cmdlne-dN-M.i": no such file or directory
FAIL: gcc.dg/20010516-1.c (test for excess errors)
FAIL: gcc.dg/20020304-1.c (test for excess errors)
FAIL: gcc.dg/20030331-2.c (test for excess errors)
FAIL: gcc.dg/Wunreachable-4.c (test for excess errors)
FAIL: gcc.dg/asm-7.c (test for warnings, line 12)
FAIL: gcc.dg/asm-7.c (test for warnings, line 15)
FAIL: gcc.dg/asm-7.c (test for warnings, line 16)
FAIL: gcc.dg/asm-7.c (test for warnings, line 25)
FAIL: gcc.dg/asm-7.c (test for excess errors)
FAIL: gcc.dg/i386-sse-3.c (test for excess errors)
XPASS: gcc.dg/uninit-4.c uninitialized variable warning (test for bogus messages, line 26)
XPASS: gcc.dg/uninit-5.c uninitialized variable warning (test for bogus messages, line 13)
XPASS: gcc.dg/uninit-5.c uninitialized variable warning (test for bogus messages, line 27)
XPASS: gcc.dg/uninit-8.c uninitialized variable warning (test for bogus messages, line 14)
FAIL: gcc.dg/warn-1.c (test for warnings, line 8)
FAIL: gcc.dg/warn-1.c (test for warnings, line 15)
FAIL: gcc.dg/warn-1.c (test for excess errors)
FAIL: gcc.dg/pch/static-3.c -O2 assembly comparison
FAIL: gcc.dg/tree-ssa/20030708-1.c scan-tree-dump-times \\(short unsigned int\\) 1
FAIL: gcc.dg/tree-ssa/20030708-1.c scan-tree-dump-times if 2
FAIL: gcc.dg/tree-ssa/20030709-1.c scan-tree-dump-times if 0
FAIL: gcc.dg/tree-ssa/20030709-2.c scan-tree-dump-times .rtmem 1
FAIL: gcc.dg/tree-ssa/20030710-1.c scan-tree-dump-times if 2
FAIL: gcc.dg/tree-ssa/20030710-1.c scan-tree-dump-times type\\.binfo 1
FAIL: gcc.dg/tree-ssa/20030710-1.c scan-tree-dump-times vec.length 2
FAIL: gcc.dg/tree-ssa/20030711-2.c scan-tree-dump-times if 3
FAIL: gcc.dg/tree-ssa/20030711-2.c scan-tree-dump-times decl\\.rtl 1
FAIL: gcc.dg/tree-ssa/20030711-3.c scan-tree-dump-times if 2
FAIL: gcc.dg/tree-ssa/20030711-3.c scan-tree-dump-times decl\\.rtl 1
FAIL: gcc.dg/tree-ssa/ssa-ccp-2.c scan-tree-dump-times link_error 0
FAIL: gcc.dg/tree-ssa/ssa-ccp-3.c scan-tree-dump-times link_error 0
FAIL: gcc.dg/tree-ssa/ssa-ccp-4.c scan-tree-dump-times link_error 0
FAIL: gcc.dg/tree-ssa/ssa-ccp-5.c scan-tree-dump-times link_error 0
FAIL: gcc.dg/tree-ssa/ssa-ccp-6.c scan-tree-dump-times link_error 0
FAIL: gcc.dg/tree-ssa/ssa-ccp-7.c scan-tree-dump-times link_error 0
FAIL: gcc.dg/tree-ssa/ssa-ccp-8.c scan-tree-dump-times link_error 0
FAIL: gcc.dg/tree-ssa/ssa-ccp-9.c scan-tree-dump-times link_error 0
FAIL: linkage.c
=== gcc Summary for unix/-m32 ===
# of expected passes 23480
# of unexpected failures 85
# of unexpected successes 17
# of expected failures 81
# of unresolved testcases 26
# of unsupported tests 223
Running target unix
FAIL: gcc.c-torture/compile/20030716-1.c (test for excess errors)
FAIL: gcc.c-torture/compile/20030716-1.c (test for excess errors)
FAIL: gcc.c-torture/compile/20030716-1.c (test for excess errors)
FAIL: gcc.c-torture/compile/20030716-1.c (test for excess errors)
FAIL: gcc.c-torture/compile/20030716-1.c (test for excess errors)
FAIL: gcc.c-torture/compile/20030716-1.c (test for excess errors)
FAIL: gcc.c-torture/compile/simd-3.c (test for excess errors)
XPASS: gcc.c-torture/execute/builtins/string-4.c execution, -O0
XPASS: gcc.c-torture/execute/builtins/string-5.c execution, -O0
FAIL: gcc.c-torture/execute/builtins/string-8.c execution, -O2
FAIL: gcc.c-torture/execute/builtins/string-8.c execution, -O3 -fomit-frame-pointer
FAIL: gcc.c-torture/execute/builtins/string-8.c execution, -O3 -g
XPASS: gcc.c-torture/execute/20020227-1.c execution, -O0
XPASS: gcc.c-torture/execute/20020227-1.c execution, -O1
XPASS: gcc.c-torture/execute/20020227-1.c execution, -O2
XPASS: gcc.c-torture/execute/20020227-1.c execution, -O3 -fomit-frame-pointer
XPASS: gcc.c-torture/execute/20020227-1.c execution, -O3 -g
XPASS: gcc.c-torture/execute/20020227-1.c execution, -Os
XPASS: gcc.c-torture/execute/20020720-1.c compilation, -O1
XPASS: gcc.c-torture/execute/20020720-1.c compilation, -O2
XPASS: gcc.c-torture/execute/20020720-1.c compilation, -O3 -fomit-frame-pointer
XPASS: gcc.c-torture/execute/20020720-1.c compilation, -O3 -g
XPASS: gcc.c-torture/execute/20020720-1.c compilation, -Os
FAIL: gcc.c-torture/execute/stdio-opt-1.c execution, -O1
FAIL: gcc.c-torture/execute/stdio-opt-1.c execution, -O2
FAIL: gcc.c-torture/execute/stdio-opt-1.c execution, -O3 -fomit-frame-pointer
FAIL: gcc.c-torture/execute/stdio-opt-1.c execution, -O3 -g
FAIL: gcc.c-torture/execute/string-opt-16.c execution, -O3 -fomit-frame-pointer
FAIL: gcc.c-torture/execute/string-opt-16.c execution, -O3 -g
FAIL: gcc.c-torture/execute/string-opt-17.c execution, -O0
FAIL: gcc.c-torture/execute/string-opt-17.c execution, -O1
FAIL: gcc.c-torture/execute/string-opt-17.c execution, -O2
FAIL: gcc.c-torture/execute/string-opt-17.c execution, -O3 -fomit-frame-pointer
FAIL: gcc.c-torture/execute/string-opt-17.c execution, -O3 -g
FAIL: gcc.c-torture/execute/string-opt-17.c execution, -Os
FAIL: gcc.c-torture/execute/string-opt-7.c execution, -O1
FAIL: gcc.c-torture/execute/string-opt-7.c execution, -O2
FAIL: gcc.c-torture/execute/string-opt-7.c execution, -O3 -fomit-frame-pointer
FAIL: gcc.c-torture/execute/string-opt-7.c execution, -O3 -g
FAIL: gcc.c-torture/execute/string-opt-7.c execution, -Os
UNRESOLVED: gcc.c-torture/execute/wchar_t-1.c execution, -O0
UNRESOLVED: gcc.c-torture/execute/wchar_t-1.c execution, -O1
UNRESOLVED: gcc.c-torture/execute/wchar_t-1.c execution, -O2
UNRESOLVED: gcc.c-torture/execute/wchar_t-1.c execution, -O3 -fomit-frame-pointer
UNRESOLVED: gcc.c-torture/execute/wchar_t-1.c execution, -O3 -g
UNRESOLVED: gcc.c-torture/execute/wchar_t-1.c execution, -Os
FAIL: gcc.dg/compat/struct-align-1 c_compat_x_tst.o-c_compat_y_alt.o execute
FAIL: gcc.dg/compat/struct-align-1 c_compat_x_alt.o-c_compat_y_tst.o execute
FAIL: gcc.dg/compat/vector-1 c_compat_x_alt.o compile
FAIL: gcc.dg/compat/vector-1 c_compat_y_alt.o compile
FAIL: gcc.dg/compat/vector-1 c_compat_x_tst.o compile
FAIL: gcc.dg/compat/vector-1 c_compat_y_tst.o compile
UNRESOLVED: gcc.dg/compat/vector-1 c_compat_x_tst.o-c_compat_y_tst.o link
UNRESOLVED: gcc.dg/compat/vector-1 c_compat_x_tst.o-c_compat_y_tst.o execute
UNRESOLVED: gcc.dg/compat/vector-1 c_compat_x_tst.o-c_compat_y_alt.o link
UNRESOLVED: gcc.dg/compat/vector-1 c_compat_x_tst.o-c_compat_y_alt.o execute
UNRESOLVED: gcc.dg/compat/vector-1 c_compat_x_alt.o-c_compat_y_tst.o link
UNRESOLVED: gcc.dg/compat/vector-1 c_compat_x_alt.o-c_compat_y_tst.o execute
UNRESOLVED: gcc.dg/compat/vector-1 c_compat_x_alt.o-c_compat_y_alt.o link
UNRESOLVED: gcc.dg/compat/vector-1 c_compat_x_alt.o-c_compat_y_alt.o execute
FAIL: gcc.dg/compat/vector-2 c_compat_x_alt.o compile
FAIL: gcc.dg/compat/vector-2 c_compat_y_alt.o compile
FAIL: gcc.dg/compat/vector-2 c_compat_x_tst.o compile
FAIL: gcc.dg/compat/vector-2 c_compat_y_tst.o compile
UNRESOLVED: gcc.dg/compat/vector-2 c_compat_x_tst.o-c_compat_y_tst.o link
UNRESOLVED: gcc.dg/compat/vector-2 c_compat_x_tst.o-c_compat_y_tst.o execute
UNRESOLVED: gcc.dg/compat/vector-2 c_compat_x_tst.o-c_compat_y_alt.o link
UNRESOLVED: gcc.dg/compat/vector-2 c_compat_x_tst.o-c_compat_y_alt.o execute
UNRESOLVED: gcc.dg/compat/vector-2 c_compat_x_alt.o-c_compat_y_tst.o link
UNRESOLVED: gcc.dg/compat/vector-2 c_compat_x_alt.o-c_compat_y_tst.o execute
UNRESOLVED: gcc.dg/compat/vector-2 c_compat_x_alt.o-c_compat_y_alt.o link
UNRESOLVED: gcc.dg/compat/vector-2 c_compat_x_alt.o-c_compat_y_alt.o execute
FAIL: gcc.dg/cpp/cmdlne-M.c (test for excess errors)
FAIL: gcc.dg/cpp/cmdlne-dD-M.c (test for excess errors)
ERROR: gcc.dg/cpp/cmdlne-dD-M.c: error executing dg-final: couldn't open "cmdlne-dD-M.i": no such file or directory
UNRESOLVED: gcc.dg/cpp/cmdlne-dD-M.c: error executing dg-final: couldn't open "cmdlne-dD-M.i": no such file or directory
FAIL: gcc.dg/cpp/cmdlne-dI-M.c (test for excess errors)
ERROR: gcc.dg/cpp/cmdlne-dI-M.c: error executing dg-final: couldn't open "cmdlne-dI-M.i": no such file or directory
UNRESOLVED: gcc.dg/cpp/cmdlne-dI-M.c: error executing dg-final: couldn't open "cmdlne-dI-M.i": no such file or directory
FAIL: gcc.dg/cpp/cmdlne-dM-M.c (test for excess errors)
ERROR: gcc.dg/cpp/cmdlne-dM-M.c: error executing dg-final: couldn't open "cmdlne-dM-M.i": no such file or directory
UNRESOLVED: gcc.dg/cpp/cmdlne-dM-M.c: error executing dg-final: couldn't open "cmdlne-dM-M.i": no such file or directory
FAIL: gcc.dg/cpp/cmdlne-dN-M.c (test for excess errors)
ERROR: gcc.dg/cpp/cmdlne-dN-M.c: error executing dg-final: couldn't open "cmdlne-dN-M.i": no such file or directory
UNRESOLVED: gcc.dg/cpp/cmdlne-dN-M.c: error executing dg-final: couldn't open "cmdlne-dN-M.i": no such file or directory
FAIL: gcc.dg/20010516-1.c (test for excess errors)
FAIL: gcc.dg/20020103-1.c scan-assembler-not LC
FAIL: gcc.dg/20020304-1.c (test for excess errors)
FAIL: gcc.dg/20030331-2.c (test for excess errors)
FAIL: gcc.dg/Wunreachable-4.c (test for excess errors)
FAIL: gcc.dg/asm-7.c (test for warnings, line 12)
FAIL: gcc.dg/asm-7.c (test for warnings, line 15)
FAIL: gcc.dg/asm-7.c (test for warnings, line 16)
FAIL: gcc.dg/asm-7.c (test for warnings, line 25)
FAIL: gcc.dg/asm-7.c (test for excess errors)
FAIL: gcc.dg/i386-local.c scan-assembler magic[^\\n]*eax
FAIL: gcc.dg/i386-pentium4-not-mull.c (test for excess errors)
ERROR: gcc.dg/i386-pentium4-not-mull.c: error executing dg-final: couldn't open "i386-pentium4-not-mull.s": no such file or directory
UNRESOLVED: gcc.dg/i386-pentium4-not-mull.c: error executing dg-final: couldn't open "i386-pentium4-not-mull.s": no such file or directory
FAIL: gcc.dg/i386-sse-3.c (test for excess errors)
XPASS: gcc.dg/uninit-4.c uninitialized variable warning (test for bogus messages, line 26)
XPASS: gcc.dg/uninit-5.c uninitialized variable warning (test for bogus messages, line 13)
XPASS: gcc.dg/uninit-5.c uninitialized variable warning (test for bogus messages, line 27)
XPASS: gcc.dg/uninit-8.c uninitialized variable warning (test for bogus messages, line 14)
FAIL: gcc.dg/warn-1.c (test for warnings, line 8)
FAIL: gcc.dg/warn-1.c (test for warnings, line 15)
FAIL: gcc.dg/warn-1.c (test for excess errors)
FAIL: gcc.dg/pch/static-3.c -O2 assembly comparison
FAIL: gcc.dg/tls/nonpic-1.c (test for excess errors)
FAIL: gcc.dg/tls/pic-1.c (test for excess errors)
FAIL: gcc.dg/tree-ssa/20030708-1.c scan-tree-dump-times \\(short unsigned int\\) 1
FAIL: gcc.dg/tree-ssa/20030708-1.c scan-tree-dump-times if 2
FAIL: gcc.dg/tree-ssa/20030709-1.c scan-tree-dump-times if 0
FAIL: gcc.dg/tree-ssa/20030709-2.c scan-tree-dump-times .rtmem 1
FAIL: gcc.dg/tree-ssa/20030710-1.c scan-tree-dump-times if 2
FAIL: gcc.dg/tree-ssa/20030710-1.c scan-tree-dump-times type\\.binfo 1
FAIL: gcc.dg/tree-ssa/20030710-1.c scan-tree-dump-times vec.length 2
FAIL: gcc.dg/tree-ssa/20030711-2.c scan-tree-dump-times if 3
FAIL: gcc.dg/tree-ssa/20030711-2.c scan-tree-dump-times decl\\.rtl 1
FAIL: gcc.dg/tree-ssa/20030711-3.c scan-tree-dump-times if 2
FAIL: gcc.dg/tree-ssa/20030711-3.c scan-tree-dump-times decl\\.rtl 1
FAIL: gcc.dg/tree-ssa/ssa-ccp-2.c scan-tree-dump-times link_error 0
FAIL: gcc.dg/tree-ssa/ssa-ccp-3.c scan-tree-dump-times link_error 0
FAIL: gcc.dg/tree-ssa/ssa-ccp-4.c scan-tree-dump-times link_error 0
FAIL: gcc.dg/tree-ssa/ssa-ccp-5.c scan-tree-dump-times link_error 0
FAIL: gcc.dg/tree-ssa/ssa-ccp-6.c scan-tree-dump-times link_error 0
FAIL: gcc.dg/tree-ssa/ssa-ccp-7.c scan-tree-dump-times link_error 0
FAIL: gcc.dg/tree-ssa/ssa-ccp-8.c scan-tree-dump-times link_error 0
FAIL: gcc.dg/tree-ssa/ssa-ccp-9.c scan-tree-dump-times link_error 0
=== gcc Summary for unix ===
# of expected passes 23484
# of unexpected failures 80
# of unexpected successes 17
# of expected failures 81
# of unresolved testcases 27
# of unsupported tests 223
=== gcc Summary ===
# of expected passes 46964
# of unexpected failures 165
# of unexpected successes 34
# of expected failures 162
# of unresolved testcases 53
# of unsupported tests 446
/usr/src/aj/build/gcc/misc/gcc/xgcc version 3.5-tree-ssa 20030727 (merged 20030722)
=== gfortran tests ===
Running target unix/-m32
FAIL: gfortran.fortran-torture/execute/args.f90 compilation, -O0
FAIL: gfortran.fortran-torture/execute/args.f90 compilation, -O1
FAIL: gfortran.fortran-torture/execute/args.f90 compilation, -O2
FAIL: gfortran.fortran-torture/execute/args.f90 compilation, -O2 -fomit-frame-pointer -finline-functions
FAIL: gfortran.fortran-torture/execute/args.f90 compilation, -O2 -fomit-frame-pointer -finline-functions -funroll-loops
FAIL: gfortran.fortran-torture/execute/args.f90 compilation, -O2 -fomit-frame-pointer -finline-functions -funroll-all-loops
FAIL: gfortran.fortran-torture/execute/args.f90 compilation, -O2 -fno-repack-arrays
FAIL: gfortran.fortran-torture/execute/args.f90 compilation, -O2 -fg77-calls
FAIL: gfortran.fortran-torture/execute/args.f90 compilation, -O3 -g
FAIL: gfortran.fortran-torture/execute/args.f90 compilation, -Os
FAIL: gfortran.fortran-torture/execute/arithmeticif.f90 compilation, -O0
FAIL: gfortran.fortran-torture/execute/arithmeticif.f90 compilation, -O1
FAIL: gfortran.fortran-torture/execute/arithmeticif.f90 compilation, -O2
FAIL: gfortran.fortran-torture/execute/arithmeticif.f90 compilation, -O2 -fomit-frame-pointer -finline-functions
FAIL: gfortran.fortran-torture/execute/arithmeticif.f90 compilation, -O2 -fomit-frame-pointer -finline-functions -funroll-loops
FAIL: gfortran.fortran-torture/execute/arithmeticif.f90 compilation, -O2 -fomit-frame-pointer -finline-functions -funroll-all-loops
FAIL: gfortran.fortran-torture/execute/arithmeticif.f90 compilation, -O2 -fno-repack-arrays
FAIL: gfortran.fortran-torture/execute/arithmeticif.f90 compilation, -O2 -fg77-calls
FAIL: gfortran.fortran-torture/execute/arithmeticif.f90 compilation, -O3 -g
FAIL: gfortran.fortran-torture/execute/arithmeticif.f90 compilation, -Os
FAIL: gfortran.fortran-torture/execute/arrayarg.f90 compilation, -O0
FAIL: gfortran.fortran-torture/execute/arrayarg.f90 compilation, -O1
FAIL: gfortran.fortran-torture/execute/arrayarg.f90 compilation, -O2
FAIL: gfortran.fortran-torture/execute/arrayarg.f90 compilation, -O2 -fomit-frame-pointer -finline-functions
FAIL: gfortran.fortran-torture/execute/arrayarg.f90 compilation, -O2 -fomit-frame-pointer -finline-functions -funroll-loops
FAIL: gfortran.fortran-torture/execute/arrayarg.f90 compilation, -O2 -fomit-frame-pointer -finline-functions -funroll-all-loops
FAIL: gfortran.fortran-torture/execute/arrayarg.f90 compilation, -O2 -fno-repack-arrays
FAIL: gfortran.fortran-torture/execute/arrayarg.f90 compilation, -O2 -fg77-calls
FAIL: gfortran.fortran-torture/execute/arrayarg.f90 compilation, -O3 -g
FAIL: gfortran.fortran-torture/execute/arrayarg.f90 compilation, -Os
FAIL: gfortran.fortran-torture/execute/arrayarg2.f90 compilation, -O0
FAIL: gfortran.fortran-torture/execute/arrayarg2.f90 compilation, -O1
FAIL: gfortran.fortran-torture/execute/arrayarg2.f90 compilation, -O2
FAIL: gfortran.fortran-torture/execute/arrayarg2.f90 compilation, -O2 -fomit-frame-pointer -finline-functions
FAIL: gfortran.fortran-torture/execute/arrayarg2.f90 compilation, -O2 -fomit-frame-pointer -finline-functions -funroll-loops
FAIL: gfortran.fortran-torture/execute/arrayarg2.f90 compilation, -O2 -fomit-frame-pointer -finline-functions -funroll-all-loops
FAIL: gfortran.fortran-torture/execute/arrayarg2.f90 compilation, -O2 -fno-repack-arrays
FAIL: gfortran.fortran-torture/execute/arrayarg2.f90 compilation, -O2 -fg77-calls
FAIL: gfortran.fortran-torture/execute/arrayarg2.f90 compilation, -O3 -g
FAIL: gfortran.fortran-torture/execute/arrayarg2.f90 compilation, -Os
FAIL: gfortran.fortran-torture/execute/arraysave.f90 compilation, -O0
FAIL: gfortran.fortran-torture/execute/arraysave.f90 compilation, -O1
FAIL: gfortran.fortran-torture/execute/arraysave.f90 compilation, -O2
FAIL: gfortran.fortran-torture/execute/arraysave.f90 compilation, -O2 -fomit-frame-pointer -finline-functions
FAIL: gfortran.fortran-torture/execute/arraysave.f90 compilation, -O2 -fomit-frame-pointer -finline-functions -funroll-loops
FAIL: gfortran.fortran-torture/execute/arraysave.f90 compilation, -O2 -fomit-frame-pointer -finline-functions -funroll-all-loops
FAIL: gfortran.fortran-torture/execute/arraysave.f90 compilation, -O2 -fno-repack-arrays
FAIL: gfortran.fortran-torture/execute/arraysave.f90 compilation, -O2 -fg77-calls
FAIL: gfortran.fortran-torture/execute/arraysave.f90 compilation, -O3 -g
FAIL: gfortran.fortran-torture/execute/arraysave.f90 compilation, -Os
FAIL: gfortran.fortran-torture/execute/assumed_size.f90 compilation, -O0
FAIL: gfortran.fortran-torture/execute/assumed_size.f90 compilation, -O1
FAIL: gfortran.fortran-torture/execute/assumed_size.f90 compilation, -O2
FAIL: gfortran.fortran-torture/execute/assumed_size.f90 compilation, -O2 -fomit-frame-pointer -finline-functions
FAIL: gfortran.fortran-torture/execute/assumed_size.f90 compilation, -O2 -fomit-frame-pointer -finline-functions -funroll-loops
FAIL: gfortran.fortran-torture/execute/assumed_size.f90 compilation, -O2 -fomit-frame-pointer -finline-functions -funroll-all-loops
FAIL: gfortran.fortran-torture/execute/assumed_size.f90 compilation, -O2 -fno-repack-arrays
FAIL: gfortran.fortran-torture/execute/assumed_size.f90 compilation, -O2 -fg77-calls
FAIL: gfortran.fortran-torture/execute/assumed_size.f90 compilation, -O3 -g
FAIL: gfortran.fortran-torture/execute/assumed_size.f90 compilation, -Os
FAIL: gfortran.fortran-torture/execute/bounds.f90 compilation, -O0
FAIL: gfortran.fortran-torture/execute/bounds.f90 compilation, -O1
FAIL: gfortran.fortran-torture/execute/bounds.f90 compilation, -O2
FAIL: gfortran.fortran-torture/execute/bounds.f90 compilation, -O2 -fomit-frame-pointer -finline-functions
FAIL: gfortran.fortran-torture/execute/bounds.f90 compilation, -O2 -fomit-frame-pointer -finline-functions -funroll-loops
FAIL: gfortran.fortran-torture/execute/bounds.f90 compilation, -O2 -fomit-frame-pointer -finline-functions -funroll-all-loops
FAIL: gfortran.fortran-torture/execute/bounds.f90 compilation, -O2 -fno-repack-arrays
FAIL: gfortran.fortran-torture/execute/bounds.f90 compilation, -O2 -fg77-calls
FAIL: gfortran.fortran-torture/execute/bounds.f90 compilation, -O3 -g
FAIL: gfortran.fortran-torture/execute/bounds.f90 compilation, -Os
FAIL: gfortran.fortran-torture/execute/character_select_1.f90 compilation, -O0
FAIL: gfortran.fortran-torture/execute/character_select_1.f90 compilation, -O1
FAIL: gfortran.fortran-torture/execute/character_select_1.f90 compilation, -O2
FAIL: gfortran.fortran-torture/execute/character_select_1.f90 compilation, -O2 -fomit-frame-pointer -finline-functions
FAIL: gfortran.fortran-torture/execute/character_select_1.f90 compilation, -O2 -fomit-frame-pointer -finline-functions -funroll-loops
FAIL: gfortran.fortran-torture/execute/character_select_1.f90 compilation, -O2 -fomit-frame-pointer -finline-functions -funroll-all-loops
FAIL: gfortran.fortran-torture/execute/character_select_1.f90 compilation, -O2 -fno-repack-arrays
FAIL: gfortran.fortran-torture/execute/character_select_1.f90 compilation, -O2 -fg77-calls
FAIL: gfortran.fortran-torture/execute/character_select_1.f90 compilation, -O3 -g
FAIL: gfortran.fortran-torture/execute/character_select_1.f90 compilation, -Os
FAIL: gfortran.fortran-torture/execute/cmplx.f90 compilation, -O0
FAIL: gfortran.fortran-torture/execute/cmplx.f90 compilation, -O1
FAIL: gfortran.fortran-torture/execute/cmplx.f90 compilation, -O2
FAIL: gfortran.fortran-torture/execute/cmplx.f90 compilation, -O2 -fomit-frame-pointer -finline-functions
FAIL: gfortran.fortran-torture/execute/cmplx.f90 compilation, -O2 -fomit-frame-pointer -finline-functions -funroll-loops
FAIL: gfortran.fortran-torture/execute/cmplx.f90 compilation, -O2 -fomit-frame-pointer -finline-functions -funroll-all-loops
FAIL: gfortran.fortran-torture/execute/cmplx.f90 compilation, -O2 -fno-repack-arrays
FAIL: gfortran.fortran-torture/execute/cmplx.f90 compilation, -O2 -fg77-calls
FAIL: gfortran.fortran-torture/execute/cmplx.f90 compilation, -O3 -g
FAIL: gfortran.fortran-torture/execute/cmplx.f90 compilation, -Os
FAIL: gfortran.fortran-torture/execute/constructor.f90 compilation, -O0
FAIL: gfortran.fortran-torture/execute/constructor.f90 compilation, -O1
FAIL: gfortran.fortran-torture/execute/constructor.f90 compilation, -O2
FAIL: gfortran.fortran-torture/execute/constructor.f90 compilation, -O2 -fomit-frame-pointer -finline-functions
FAIL: gfortran.fortran-torture/execute/constructor.f90 compilation, -O2 -fomit-frame-pointer -finline-functions -funroll-loops
FAIL: gfortran.fortran-torture/execute/constructor.f90 compilation, -O2 -fomit-frame-pointer -finline-functions -funroll-all-loops
FAIL: gfortran.fortran-torture/execute/constructor.f90 compilation, -O2 -fno-repack-arrays
FAIL: gfortran.fortran-torture/execute/constructor.f90 compilation, -O2 -fg77-calls
FAIL: gfortran.fortran-torture/execute/constructor.f90 compilation, -O3 -g
FAIL: gfortran.fortran-torture/execute/constructor.f90 compilation, -Os
FAIL: gfortran.fortran-torture/execute/contained.f90 compilation, -O0
FAIL: gfortran.fortran-torture/execute/contained.f90 compilation, -O1
FAIL: gfortran.fortran-torture/execute/contained.f90 compilation, -O2
FAIL: gfortran.fortran-torture/execute/contained.f90 compilation, -O2 -fomit-frame-pointer -finline-functions
FAIL: gfortran.fortran-torture/execute/contained.f90 compilation, -O2 -fomit-frame-pointer -finline-functions -funroll-loops
FAIL: gfortran.fortran-torture/execute/contained.f90 compilation, -O2 -fomit-frame-pointer -finline-functions -funroll-all-loops
FAIL: gfortran.fortran-torture/execute/contained.f90 compilation, -O2 -fno-repack-arrays
FAIL: gfortran.fortran-torture/execute/contained.f90 compilation, -O2 -fg77-calls
FAIL: gfortran.fortran-torture/execute/contained.f90 compilation, -O3 -g
FAIL: gfortran.fortran-torture/execute/contained.f90 compilation, -Os
FAIL: gfortran.fortran-torture/execute/contained2.f90 compilation, -O0
FAIL: gfortran.fortran-torture/execute/contained2.f90 compilation, -O1
FAIL: gfortran.fortran-torture/execute/contained2.f90 compilation, -O2
FAIL: gfortran.fortran-torture/execute/contained2.f90 compilation, -O2 -fomit-frame-pointer -finline-functions
FAIL: gfortran.fortran-torture/execute/contained2.f90 compilation, -O2 -fomit-frame-pointer -finline-functions -funroll-loops
FAIL: gfortran.fortran-torture/execute/contained2.f90 compilation, -O2 -fomit-frame-pointer -finline-functions -funroll-all-loops
FAIL: gfortran.fortran-torture/execute/contained2.f90 compilation, -O2 -fno-repack-arrays
FAIL: gfortran.fortran-torture/execute/contained2.f90 compilation, -O2 -fg77-calls
FAIL: gfortran.fortran-torture/execute/contained2.f90 compilation, -O3 -g
FAIL: gfortran.fortran-torture/execute/contained2.f90 compilation, -Os
FAIL: gfortran.fortran-torture/execute/dep_fails.f90 compilation, -O0
FAIL: gfortran.fortran-torture/execute/dep_fails.f90 compilation, -O1
FAIL: gfortran.fortran-torture/execute/dep_fails.f90 compilation, -O2
FAIL: gfortran.fortran-torture/execute/dep_fails.f90 compilation, -O2 -fomit-frame-pointer -finline-functions
FAIL: gfortran.fortran-torture/execute/dep_fails.f90 compilation, -O2 -fomit-frame-pointer -finline-functions -funroll-loops
FAIL: gfortran.fortran-torture/execute/dep_fails.f90 compilation, -O2 -fomit-frame-pointer -finline-functions -funroll-all-loops
FAIL: gfortran.fortran-torture/execute/dep_fails.f90 compilation, -O2 -fno-repack-arrays
FAIL: gfortran.fortran-torture/execute/dep_fails.f90 compilation, -O2 -fg77-calls
FAIL: gfortran.fortran-torture/execute/dep_fails.f90 compilation, -O3 -g
FAIL: gfortran.fortran-torture/execute/dep_fails.f90 compilation, -Os
FAIL: gfortran.fortran-torture/execute/der_init.f90 compilation, -O0
FAIL: gfortran.fortran-torture/execute/der_init.f90 compilation, -O1
FAIL: gfortran.fortran-torture/execute/der_init.f90 compilation, -O2
FAIL: gfortran.fortran-torture/execute/der_init.f90 compilation, -O2 -fomit-frame-pointer -finline-functions
FAIL: gfortran.fortran-torture/execute/der_init.f90 compilation, -O2 -fomit-frame-pointer -finline-functions -funroll-loops
FAIL: gfortran.fortran-torture/execute/der_init.f90 compilation, -O2 -fomit-frame-pointer -finline-functions -funroll-all-loops
FAIL: gfortran.fortran-torture/execute/der_init.f90 compilation, -O2 -fno-repack-arrays
FAIL: gfortran.fortran-torture/execute/der_init.f90 compilation, -O2 -fg77-calls
FAIL: gfortran.fortran-torture/execute/der_init.f90 compilation, -O3 -g
FAIL: gfortran.fortran-torture/execute/der_init.f90 compilation, -Os
FAIL: gfortran.fortran-torture/execute/der_point.f90 compilation, -O0
FAIL: gfortran.fortran-torture/execute/der_point.f90 compilation, -O1
FAIL: gfortran.fortran-torture/execute/der_point.f90 compilation, -O2
FAIL: gfortran.fortran-torture/execute/der_point.f90 compilation, -O2 -fomit-frame-pointer -finline-functions
FAIL: gfortran.fortran-torture/execute/der_point.f90 compilation, -O2 -fomit-frame-pointer -finline-functions -funroll-loops
FAIL: gfortran.fortran-torture/execute/der_point.f90 compilation, -O2 -fomit-frame-pointer -finline-functions -funroll-all-loops
FAIL: gfortran.fortran-torture/execute/der_point.f90 compilation, -O2 -fno-repack-arrays
FAIL: gfortran.fortran-torture/execute/der_point.f90 compilation, -O2 -fg77-calls
FAIL: gfortran.fortran-torture/execute/der_point.f90 compilation, -O3 -g
FAIL: gfortran.fortran-torture/execute/der_point.f90 compilation, -Os
FAIL: gfortran.fortran-torture/execute/der_type.f90 compilation, -O0
FAIL: gfortran.fortran-torture/execute/der_type.f90 compilation, -O1
FAIL: gfortran.fortran-torture/execute/der_type.f90 compilation, -O2
FAIL: gfortran.fortran-torture/execute/der_type.f90 compilation, -O2 -fomit-frame-pointer -finline-functions
FAIL: gfortran.fortran-torture/execute/der_type.f90 compilation, -O2 -fomit-frame-pointer -finline-functions -funroll-loops
FAIL: gfortran.fortran-torture/execute/der_type.f90 compilation, -O2 -fomit-frame-pointer -finline-functions -funroll-all-loops
FAIL: gfortran.fortran-torture/execute/der_type.f90 compilation, -O2 -fno-repack-arrays
FAIL: gfortran.fortran-torture/execute/der_type.f90 compilation, -O2 -fg77-calls
FAIL: gfortran.fortran-torture/execute/der_type.f90 compilation, -O3 -g
FAIL: gfortran.fortran-torture/execute/der_type.f90 compilation, -Os
FAIL: gfortran.fortran-torture/execute/elemental.f90 compilation, -O0
FAIL: gfortran.fortran-torture/execute/elemental.f90 compilation, -O1
FAIL: gfortran.fortran-torture/execute/elemental.f90 compilation, -O2
FAIL: gfortran.fortran-torture/execute/elemental.f90 compilation, -O2 -fomit-frame-pointer -finline-functions
FAIL: gfortran.fortran-torture/execute/elemental.f90 compilation, -O2 -fomit-frame-pointer -finline-functions -funroll-loops
FAIL: gfortran.fortran-torture/execute/elemental.f90 compilation, -O2 -fomit-frame-pointer -finline-functions -funroll-all-loops
FAIL: gfortran.fortran-torture/execute/elemental.f90 compilation, -O2 -fno-repack-arrays
FAIL: gfortran.fortran-torture/execute/elemental.f90 compilation, -O2 -fg77-calls
FAIL: gfortran.fortran-torture/execute/elemental.f90 compilation, -O3 -g
FAIL: gfortran.fortran-torture/execute/elemental.f90 compilation, -Os
FAIL: gfortran.fortran-torture/execute/forall.f90 compilation, -O0
FAIL: gfortran.fortran-torture/execute/forall.f90 compilation, -O1
FAIL: gfortran.fortran-torture/execute/forall.f90 compilation, -O2
FAIL: gfortran.fortran-torture/execute/forall.f90 compilation, -O2 -fomit-frame-pointer -finline-functions
FAIL: gfortran.fortran-torture/execute/forall.f90 compilation, -O2 -fomit-frame-pointer -finline-functions -funroll-loops
FAIL: gfortran.fortran-torture/execute/forall.f90 compilation, -O2 -fomit-frame-pointer -finline-functions -funroll-all-loops
FAIL: gfortran.fortran-torture/execute/forall.f90 compilation, -O2 -fno-repack-arrays
FAIL: gfortran.fortran-torture/execute/forall.f90 compilation, -O2 -fg77-calls
FAIL: gfortran.fortran-torture/execute/forall.f90 compilation, -O3 -g
FAIL: gfortran.fortran-torture/execute/forall.f90 compilation, -Os
FAIL: gfortran.fortran-torture/execute/forall_1.f90 compilation, -O0
FAIL: gfortran.fortran-torture/execute/forall_1.f90 compilation, -O1
FAIL: gfortran.fortran-torture/execute/forall_1.f90 compilation, -O2
FAIL: gfortran.fortran-torture/execute/forall_1.f90 compilation, -O2 -fomit-frame-pointer -finline-functions
FAIL: gfortran.fortran-torture/execute/forall_1.f90 compilation, -O2 -fomit-frame-pointer -finline-functions -funroll-loops
FAIL: gfortran.fortran-torture/execute/forall_1.f90 compilation, -O2 -fomit-frame-pointer -finline-functions -funroll-all-loops
FAIL: gfortran.fortran-torture/execute/forall_1.f90 compilation, -O2 -fno-repack-arrays
FAIL: gfortran.fortran-torture/execute/forall_1.f90 compilation, -O2 -fg77-calls
FAIL: gfortran.fortran-torture/execute/forall_1.f90 compilation, -O3 -g
FAIL: gfortran.fortran-torture/execute/forall_1.f90 compilation, -Os
FAIL: gfortran.fortran-torture/execute/forall_2.f90 compilation, -O0
FAIL: gfortran.fortran-torture/execute/forall_2.f90 compilation, -O1
FAIL: gfortran.fortran-torture/execute/forall_2.f90 compilation, -O2
FAIL: gfortran.fortran-torture/execute/forall_2.f90 compilation, -O2 -fomit-frame-pointer -finline-functions
FAIL: gfortran.fortran-torture/execute/forall_2.f90 compilation, -O2 -fomit-frame-pointer -finline-functions -funroll-loops
FAIL: gfortran.fortran-torture/execute/forall_2.f90 compilation, -O2 -fomit-frame-pointer -finline-functions -funroll-all-loops
FAIL: gfortran.fortran-torture/execute/forall_2.f90 compilation, -O2 -fno-repack-arrays
FAIL: gfortran.fortran-torture/execute/forall_2.f90 compilation, -O2 -fg77-calls
FAIL: gfortran.fortran-torture/execute/forall_2.f90 compilation, -O3 -g
FAIL: gfortran.fortran-torture/execute/forall_2.f90 compilation, -Os
FAIL: gfortran.fortran-torture/execute/forall_3.f90 compilation, -O0
FAIL: gfortran.fortran-torture/execute/forall_3.f90 compilation, -O1
FAIL: gfortran.fortran-torture/execute/forall_3.f90 compilation, -O2
FAIL: gfortran.fortran-torture/execute/forall_3.f90 compilation, -O2 -fomit-frame-pointer -finline-functions
FAIL: gfortran.fortran-torture/execute/forall_3.f90 compilation, -O2 -fomit-frame-pointer -finline-functions -funroll-loops
FAIL: gfortran.fortran-torture/execute/forall_3.f90 compilation, -O2 -fomit-frame-pointer -finline-functions -funroll-all-loops
FAIL: gfortran.fortran-torture/execute/forall_3.f90 compilation, -O2 -fno-repack-arrays
FAIL: gfortran.fortran-torture/execute/forall_3.f90 compilation, -O2 -fg77-calls
FAIL: gfortran.fortran-torture/execute/forall_3.f90 compilation, -O3 -g
FAIL: gfortran.fortran-torture/execute/forall_3.f90 compilation, -Os
FAIL: gfortran.fortran-torture/execute/forall_4.f90 compilation, -O0
FAIL: gfortran.fortran-torture/execute/forall_4.f90 compilation, -O1
FAIL: gfortran.fortran-torture/execute/forall_4.f90 compilation, -O2
FAIL: gfortran.fortran-torture/execute/forall_4.f90 compilation, -O2 -fomit-frame-pointer -finline-functions
FAIL: gfortran.fortran-torture/execute/forall_4.f90 compilation, -O2 -fomit-frame-pointer -finline-functions -funroll-loops
FAIL: gfortran.fortran-torture/execute/forall_4.f90 compilation, -O2 -fomit-frame-pointer -finline-functions -funroll-all-loops
FAIL: gfortran.fortran-torture/execute/forall_4.f90 compilation, -O2 -fno-repack-arrays
FAIL: gfortran.fortran-torture/execute/forall_4.f90 compilation, -O2 -fg77-calls
FAIL: gfortran.fortran-torture/execute/forall_4.f90 compilation, -O3 -g
FAIL: gfortran.fortran-torture/execute/forall_4.f90 compilation, -Os
FAIL: gfortran.fortran-torture/execute/forall_5.f90 compilation, -O0
FAIL: gfortran.fortran-torture/execute/forall_5.f90 compilation, -O1
FAIL: gfortran.fortran-torture/execute/forall_5.f90 compilation, -O2
FAIL: gfortran.fortran-torture/execute/forall_5.f90 compilation, -O2 -fomit-frame-pointer -finline-functions
FAIL: gfortran.fortran-torture/execute/forall_5.f90 compilation, -O2 -fomit-frame-pointer -finline-functions -funroll-loops
FAIL: gfortran.fortran-torture/execute/forall_5.f90 compilation, -O2 -fomit-frame-pointer -finline-functions -funroll-all-loops
FAIL: gfortran.fortran-torture/execute/forall_5.f90 compilation, -O2 -fno-repack-arrays
FAIL: gfortran.fortran-torture/execute/forall_5.f90 compilation, -O2 -fg77-calls
FAIL: gfortran.fortran-torture/execute/forall_5.f90 compilation, -O3 -g
FAIL: gfortran.fortran-torture/execute/forall_5.f90 compilation, -Os
FAIL: gfortran.fortran-torture/execute/forall_6.f90 compilation, -O0
FAIL: gfortran.fortran-torture/execute/forall_6.f90 compilation, -O1
FAIL: gfortran.fortran-torture/execute/forall_6.f90 compilation, -O2
FAIL: gfortran.fortran-torture/execute/forall_6.f90 compilation, -O2 -fomit-frame-pointer -finline-functions
FAIL: gfortran.fortran-torture/execute/forall_6.f90 compilation, -O2 -fomit-frame-pointer -finline-functions -funroll-loops
FAIL: gfortran.fortran-torture/execute/forall_6.f90 compilation, -O2 -fomit-frame-pointer -finline-functions -funroll-all-loops
FAIL: gfortran.fortran-torture/execute/forall_6.f90 compilation, -O2 -fno-repack-arrays
FAIL: gfortran.fortran-torture/execute/forall_6.f90 compilation, -O2 -fg77-calls
FAIL: gfortran.fortran-torture/execute/forall_6.f90 compilation, -O3 -g
FAIL: gfortran.fortran-torture/execute/forall_6.f90 compilation, -Os
FAIL: gfortran.fortran-torture/execute/function_module_1.f90 compilation, -O0
FAIL: gfortran.fortran-torture/execute/function_module_1.f90 compilation, -O1
FAIL: gfortran.fortran-torture/execute/function_module_1.f90 compilation, -O2
FAIL: gfortran.fortran-torture/execute/function_module_1.f90 compilation, -O2 -fomit-frame-pointer -finline-functions
FAIL: gfortran.fortran-torture/execute/function_module_1.f90 compilation, -O2 -fomit-frame-pointer -finline-functions -funroll-loops
FAIL: gfortran.fortran-torture/execute/function_module_1.f90 compilation, -O2 -fomit-frame-pointer -finline-functions -funroll-all-loops
FAIL: gfortran.fortran-torture/execute/function_module_1.f90 compilation, -O2 -fno-repack-arrays
FAIL: gfortran.fortran-torture/execute/function_module_1.f90 compilation, -O2 -fg77-calls
FAIL: gfortran.fortran-torture/execute/function_module_1.f90 compilation, -O3 -g
FAIL: gfortran.fortran-torture/execute/function_module_1.f90 compilation, -Os
FAIL: gfortran.fortran-torture/execute/initializer.f90 compilation, -O0
FAIL: gfortran.fortran-torture/execute/initializer.f90 compilation, -O1
FAIL: gfortran.fortran-torture/execute/initializer.f90 compilation, -O2
FAIL: gfortran.fortran-torture/execute/initializer.f90 compilation, -O2 -fomit-frame-pointer -finline-functions
FAIL: gfortran.fortran-torture/execute/initializer.f90 compilation, -O2 -fomit-frame-pointer -finline-functions -funroll-loops
FAIL: gfortran.fortran-torture/execute/initializer.f90 compilation, -O2 -fomit-frame-pointer -finline-functions -funroll-all-loops
FAIL: gfortran.fortran-torture/execute/initializer.f90 compilation, -O2 -fno-repack-arrays
FAIL: gfortran.fortran-torture/execute/initializer.f90 compilation, -O2 -fg77-calls
FAIL: gfortran.fortran-torture/execute/initializer.f90 compilation, -O3 -g
FAIL: gfortran.fortran-torture/execute/initializer.f90 compilation, -Os
FAIL: gfortran.fortran-torture/execute/integer_select.f90 compilation, -O0
FAIL: gfortran.fortran-torture/execute/integer_select.f90 compilation, -O1
FAIL: gfortran.fortran-torture/execute/integer_select.f90 compilation, -O2
FAIL: gfortran.fortran-torture/execute/integer_select.f90 compilation, -O2 -fomit-frame-pointer -finline-functions
FAIL: gfortran.fortran-torture/execute/integer_select.f90 compilation, -O2 -fomit-frame-pointer -finline-functions -funroll-loops
FAIL: gfortran.fortran-torture/execute/integer_select.f90 compilation, -O2 -fomit-frame-pointer -finline-functions -funroll-all-loops
FAIL: gfortran.fortran-torture/execute/integer_select.f90 compilation, -O2 -fno-repack-arrays
FAIL: gfortran.fortran-torture/execute/integer_select.f90 compilation, -O2 -fg77-calls
FAIL: gfortran.fortran-torture/execute/integer_select.f90 compilation, -O3 -g
FAIL: gfortran.fortran-torture/execute/integer_select.f90 compilation, -Os
FAIL: gfortran.fortran-torture/execute/integer_select_1.f90 compilation, -O0
FAIL: gfortran.fortran-torture/execute/integer_select_1.f90 compilation, -O1
FAIL: gfortran.fortran-torture/execute/integer_select_1.f90 compilation, -O2
FAIL: gfortran.fortran-torture/execute/integer_select_1.f90 compilation, -O2 -fomit-frame-pointer -finline-functions
FAIL: gfortran.fortran-torture/execute/integer_select_1.f90 compilation, -O2 -fomit-frame-pointer -finline-functions -funroll-loops
FAIL: gfortran.fortran-torture/execute/integer_select_1.f90 compilation, -O2 -fomit-frame-pointer -finline-functions -funroll-all-loops
FAIL: gfortran.fortran-torture/execute/integer_select_1.f90 compilation, -O2 -fno-repack-arrays
FAIL: gfortran.fortran-torture/execute/integer_select_1.f90 compilation, -O2 -fg77-calls
FAIL: gfortran.fortran-torture/execute/integer_select_1.f90 compilation, -O3 -g
FAIL: gfortran.fortran-torture/execute/integer_select_1.f90 compilation, -Os
FAIL: gfortran.fortran-torture/execute/intrinsic_abs.f90 compilation, -O0
FAIL: gfortran.fortran-torture/execute/intrinsic_abs.f90 compilation, -O1
FAIL: gfortran.fortran-torture/execute/intrinsic_abs.f90 compilation, -O2
FAIL: gfortran.fortran-torture/execute/intrinsic_abs.f90 compilation, -O2 -fomit-frame-pointer -finline-functions
FAIL: gfortran.fortran-torture/execute/intrinsic_abs.f90 compilation, -O2 -fomit-frame-pointer -finline-functions -funroll-loops
FAIL: gfortran.fortran-torture/execute/intrinsic_abs.f90 compilation, -O2 -fomit-frame-pointer -finline-functions -funroll-all-loops
FAIL: gfortran.fortran-torture/execute/intrinsic_abs.f90 compilation, -O2 -fno-repack-arrays
FAIL: gfortran.fortran-torture/execute/intrinsic_abs.f90 compilation, -O2 -fg77-calls
FAIL: gfortran.fortran-torture/execute/intrinsic_abs.f90 compilation, -O3 -g
FAIL: gfortran.fortran-torture/execute/intrinsic_abs.f90 compilation, -Os
FAIL: gfortran.fortran-torture/execute/intrinsic_anyall.f90 compilation, -O0
FAIL: gfortran.fortran-torture/execute/intrinsic_anyall.f90 compilation, -O1
FAIL: gfortran.fortran-torture/execute/intrinsic_anyall.f90 compilation, -O2
FAIL: gfortran.fortran-torture/execute/intrinsic_anyall.f90 compilation, -O2 -fomit-frame-pointer -finline-functions
FAIL: gfortran.fortran-torture/execute/intrinsic_anyall.f90 compilation, -O2 -fomit-frame-pointer -finline-functions -funroll-loops
FAIL: gfortran.fortran-torture/execute/intrinsic_anyall.f90 compilation, -O2 -fomit-frame-pointer -finline-functions -funroll-all-loops
FAIL: gfortran.fortran-torture/execute/intrinsic_anyall.f90 compilation, -O2 -fno-repack-arrays
FAIL: gfortran.fortran-torture/execute/intrinsic_anyall.f90 compilation, -O2 -fg77-calls
FAIL: gfortran.fortran-torture/execute/intrinsic_anyall.f90 compilation, -O3 -g
FAIL: gfortran.fortran-torture/execute/intrinsic_anyall.f90 compilation, -Os
FAIL: gfortran.fortran-torture/execute/intrinsic_associated.f90 compilation, -O0
FAIL: gfortran.fortran-torture/execute/intrinsic_associated.f90 compilation, -O1
FAIL: gfortran.fortran-torture/execute/intrinsic_associated.f90 compilation, -O2
FAIL: gfortran.fortran-torture/execute/intrinsic_associated.f90 compilation, -O2 -fomit-frame-pointer -finline-functions
FAIL: gfortran.fortran-torture/execute/intrinsic_associated.f90 compilation, -O2 -fomit-frame-pointer -finline-functions -funroll-loops
FAIL: gfortran.fortran-torture/execute/intrinsic_associated.f90 compilation, -O2 -fomit-frame-pointer -finline-functions -funroll-all-loops
FAIL: gfortran.fortran-torture/execute/intrinsic_associated.f90 compilation, -O2 -fno-repack-arrays
FAIL: gfortran.fortran-torture/execute/intrinsic_associated.f90 compilation, -O2 -fg77-calls
FAIL: gfortran.fortran-torture/execute/intrinsic_associated.f90 compilation, -O3 -g
FAIL: gfortran.fortran-torture/execute/intrinsic_associated.f90 compilation, -Os
FAIL: gfortran.fortran-torture/execute/intrinsic_associated_2.f90 compilation, -O0
FAIL: gfortran.fortran-torture/execute/intrinsic_associated_2.f90 compilation, -O1
FAIL: gfortran.fortran-torture/execute/intrinsic_associated_2.f90 compilation, -O2
FAIL: gfortran.fortran-torture/execute/intrinsic_associated_2.f90 compilation, -O2 -fomit-frame-pointer -finline-functions
FAIL: gfortran.fortran-torture/execute/intrinsic_associated_2.f90 compilation, -O2 -fomit-frame-pointer -finline-functions -funroll-loops
FAIL: gfortran.fortran-torture/execute/intrinsic_associated_2.f90 compilation, -O2 -fomit-frame-pointer -finline-functions -funroll-all-loops
FAIL: gfortran.fortran-torture/execute/intrinsic_associated_2.f90 compilation, -O2 -fno-repack-arrays
FAIL: gfortran.fortran-torture/execute/intrinsic_associated_2.f90 compilation, -O2 -fg77-calls
FAIL: gfortran.fortran-torture/execute/intrinsic_associated_2.f90 compilation, -O3 -g
FAIL: gfortran.fortran-torture/execute/intrinsic_associated_2.f90 compilation, -Os
FAIL: gfortran.fortran-torture/execute/intrinsic_bitops.f90 compilation, -O0
FAIL: gfortran.fortran-torture/execute/intrinsic_bitops.f90 compilation, -O1
FAIL: gfortran.fortran-torture/execute/intrinsic_bitops.f90 compilation, -O2
FAIL: gfortran.fortran-torture/execute/intrinsic_bitops.f90 compilation, -O2 -fomit-frame-pointer -finline-functions
FAIL: gfortran.fortran-torture/execute/intrinsic_bitops.f90 compilation, -O2 -fomit-frame-pointer -finline-functions -funroll-loops
FAIL: gfortran.fortran-torture/execute/intrinsic_bitops.f90 compilation, -O2 -fomit-frame-pointer -finline-functions -funroll-all-loops
FAIL: gfortran.fortran-torture/execute/intrinsic_bitops.f90 compilation, -O2 -fno-repack-arrays
FAIL: gfortran.fortran-torture/execute/intrinsic_bitops.f90 compilation, -O2 -fg77-calls
FAIL: gfortran.fortran-torture/execute/intrinsic_bitops.f90 compilation, -O3 -g
FAIL: gfortran.fortran-torture/execute/intrinsic_bitops.f90 compilation, -Os
FAIL: gfortran.fortran-torture/execute/intrinsic_count.f90 compilation, -O0
FAIL: gfortran.fortran-torture/execute/intrinsic_count.f90 compilation, -O1
FAIL: gfortran.fortran-torture/execute/intrinsic_count.f90 compilation, -O2
FAIL: gfortran.fortran-torture/execute/intrinsic_count.f90 compilation, -O2 -fomit-frame-pointer -finline-functions
FAIL: gfortran.fortran-torture/execute/intrinsic_count.f90 compilation, -O2 -fomit-frame-pointer -finline-functions -funroll-loops
FAIL: gfortran.fortran-torture/execute/intrinsic_count.f90 compilation, -O2 -fomit-frame-pointer -finline-functions -funroll-all-loops
FAIL: gfortran.fortran-torture/execute/intrinsic_count.f90 compilation, -O2 -fno-repack-arrays
FAIL: gfortran.fortran-torture/execute/intrinsic_count.f90 compilation, -O2 -fg77-calls
FAIL: gfortran.fortran-torture/execute/intrinsic_count.f90 compilation, -O3 -g
FAIL: gfortran.fortran-torture/execute/intrinsic_count.f90 compilation, -Os
FAIL: gfortran.fortran-torture/execute/intrinsic_dim.f90 compilation, -O0
FAIL: gfortran.fortran-torture/execute/intrinsic_dim.f90 compilation, -O1
FAIL: gfortran.fortran-torture/execute/intrinsic_dim.f90 compilation, -O2
FAIL: gfortran.fortran-torture/execute/intrinsic_dim.f90 compilation, -O2 -fomit-frame-pointer -finline-functions
FAIL: gfortran.fortran-torture/execute/intrinsic_dim.f90 compilation, -O2 -fomit-frame-pointer -finline-functions -funroll-loops
FAIL: gfortran.fortran-torture/execute/intrinsic_dim.f90 compilation, -O2 -fomit-frame-pointer -finline-functions -funroll-all-loops
FAIL: gfortran.fortran-torture/execute/intrinsic_dim.f90 compilation, -O2 -fno-repack-arrays
FAIL: gfortran.fortran-torture/execute/intrinsic_dim.f90 compilation, -O2 -fg77-calls
FAIL: gfortran.fortran-torture/execute/intrinsic_dim.f90 compilation, -O3 -g
FAIL: gfortran.fortran-torture/execute/intrinsic_dim.f90 compilation, -Os
FAIL: gfortran.fortran-torture/execute/intrinsic_dotprod.f90 compilation, -O0
FAIL: gfortran.fortran-torture/execute/intrinsic_dotprod.f90 compilation, -O1
FAIL: gfortran.fortran-torture/execute/intrinsic_dotprod.f90 compilation, -O2
FAIL: gfortran.fortran-torture/execute/intrinsic_dotprod.f90 compilation, -O2 -fomit-frame-pointer -finline-functions
FAIL: gfortran.fortran-torture/execute/intrinsic_dotprod.f90 compilation, -O2 -fomit-frame-pointer -finline-functions -funroll-loops
FAIL: gfortran.fortran-torture/execute/intrinsic_dotprod.f90 compilation, -O2 -fomit-frame-pointer -finline-functions -funroll-all-loops
FAIL: gfortran.fortran-torture/execute/intrinsic_dotprod.f90 compilation, -O2 -fno-repack-arrays
FAIL: gfortran.fortran-torture/execute/intrinsic_dotprod.f90 compilation, -O2 -fg77-calls
FAIL: gfortran.fortran-torture/execute/intrinsic_dotprod.f90 compilation, -O3 -g
FAIL: gfortran.fortran-torture/execute/intrinsic_dotprod.f90 compilation, -Os
FAIL: gfortran.fortran-torture/execute/intrinsic_dprod.f90 compilation, -O0
FAIL: gfortran.fortran-torture/execute/intrinsic_dprod.f90 compilation, -O1
FAIL: gfortran.fortran-torture/execute/intrinsic_dprod.f90 compilation, -O2
FAIL: gfortran.fortran-torture/execute/intrinsic_dprod.f90 compilation, -O2 -fomit-frame-pointer -finline-functions
FAIL: gfortran.fortran-torture/execute/intrinsic_dprod.f90 compilation, -O2 -fomit-frame-pointer -finline-functions -funroll-loops
FAIL: gfortran.fortran-torture/execute/intrinsic_dprod.f90 compilation, -O2 -fomit-frame-pointer -finline-functions -funroll-all-loops
FAIL: gfortran.fortran-torture/execute/intrinsic_dprod.f90 compilation, -O2 -fno-repack-arrays
FAIL: gfortran.fortran-torture/execute/intrinsic_dprod.f90 compilation, -O2 -fg77-calls
FAIL: gfortran.fortran-torture/execute/intrinsic_dprod.f90 compilation, -O3 -g
FAIL: gfortran.fortran-torture/execute/intrinsic_dprod.f90 compilation, -Os
FAIL: gfortran.fortran-torture/execute/intrinsic_dummy.f90 compilation, -O0
FAIL: gfortran.fortran-torture/execute/intrinsic_dummy.f90 compilation, -O1
FAIL: gfortran.fortran-torture/execute/intrinsic_dummy.f90 compilation, -O2
FAIL: gfortran.fortran-torture/execute/intrinsic_dummy.f90 compilation, -O2 -fomit-frame-pointer -finline-functions
FAIL: gfortran.fortran-torture/execute/intrinsic_dummy.f90 compilation, -O2 -fomit-frame-pointer -finline-functions -funroll-loops
FAIL: gfortran.fortran-torture/execute/intrinsic_dummy.f90 compilation, -O2 -fomit-frame-pointer -finline-functions -funroll-all-loops
FAIL: gfortran.fortran-torture/execute/intrinsic_dummy.f90 compilation, -O2 -fno-repack-arrays
FAIL: gfortran.fortran-torture/execute/intrinsic_dummy.f90 compilation, -O2 -fg77-calls
FAIL: gfortran.fortran-torture/execute/intrinsic_dummy.f90 compilation, -O3 -g
FAIL: gfortran.fortran-torture/execute/intrinsic_dummy.f90 compilation, -Os
FAIL: gfortran.fortran-torture/execute/intrinsic_eoshift.f90 compilation, -O0
FAIL: gfortran.fortran-torture/execute/intrinsic_eoshift.f90 compilation, -O1
FAIL: gfortran.fortran-torture/execute/intrinsic_eoshift.f90 compilation, -O2
FAIL: gfortran.fortran-torture/execute/intrinsic_eoshift.f90 compilation, -O2 -fomit-frame-pointer -finline-functions
FAIL: gfortran.fortran-torture/execute/intrinsic_eoshift.f90 compilation, -O2 -fomit-frame-pointer -finline-functions -funroll-loops
FAIL: gfortran.fortran-torture/execute/intrinsic_eoshift.f90 compilation, -O2 -fomit-frame-pointer -finline-functions -funroll-all-loops
FAIL: gfortran.fortran-torture/execute/intrinsic_eoshift.f90 compilation, -O2 -fno-repack-arrays
FAIL: gfortran.fortran-torture/execute/intrinsic_eoshift.f90 compilation, -O2 -fg77-calls
FAIL: gfortran.fortran-torture/execute/intrinsic_eoshift.f90 compilation, -O3 -g
FAIL: gfortran.fortran-torture/execute/intrinsic_eoshift.f90 compilation, -Os
FAIL: gfortran.fortran-torture/execute/intrinsic_integer.f90 compilation, -O0
FAIL: gfortran.fortran-torture/execute/intrinsic_integer.f90 compilation, -O1
FAIL: gfortran.fortran-torture/execute/intrinsic_integer.f90 compilation, -O2
FAIL: gfortran.fortran-torture/execute/intrinsic_integer.f90 compilation, -O2 -fomit-frame-pointer -finline-functions
FAIL: gfortran.fortran-torture/execute/intrinsic_integer.f90 compilation, -O2 -fomit-frame-pointer -finline-functions -funroll-loops
FAIL: gfortran.fortran-torture/execute/intrinsic_integer.f90 compilation, -O2 -fomit-frame-pointer -finline-functions -funroll-all-loops
FAIL: gfortran.fortran-torture/execute/intrinsic_integer.f90 compilation, -O2 -fno-repack-arrays
FAIL: gfortran.fortran-torture/execute/intrinsic_integer.f90 compilation, -O2 -fg77-calls
FAIL: gfortran.fortran-torture/execute/intrinsic_integer.f90 compilation, -O3 -g
FAIL: gfortran.fortran-torture/execute/intrinsic_integer.f90 compilation, -Os
FAIL: gfortran.fortran-torture/execute/intrinsic_matmul.f90 compilation, -O0
FAIL: gfortran.fortran-torture/execute/intrinsic_matmul.f90 compilation, -O1
FAIL: gfortran.fortran-torture/execute/intrinsic_matmul.f90 compilation, -O2
FAIL: gfortran.fortran-torture/execute/intrinsic_matmul.f90 compilation, -O2 -fomit-frame-pointer -finline-functions
FAIL: gfortran.fortran-torture/execute/intrinsic_matmul.f90 compilation, -O2 -fomit-frame-pointer -finline-functions -funroll-loops
FAIL: gfortran.fortran-torture/execute/intrinsic_matmul.f90 compilation, -O2 -fomit-frame-pointer -finline-functions -funroll-all-loops
FAIL: gfortran.fortran-torture/execute/intrinsic_matmul.f90 compilation, -O2 -fno-repack-arrays
FAIL: gfortran.fortran-torture/execute/intrinsic_matmul.f90 compilation, -O2 -fg77-calls
FAIL: gfortran.fortran-torture/execute/intrinsic_matmul.f90 compilation, -O3 -g
FAIL: gfortran.fortran-torture/execute/intrinsic_matmul.f90 compilation, -Os
FAIL: gfortran.fortran-torture/execute/intrinsic_merge.f90 compilation, -O0
FAIL: gfortran.fortran-torture/execute/intrinsic_merge.f90 compilation, -O1
FAIL: gfortran.fortran-torture/execute/intrinsic_merge.f90 compilation, -O2
FAIL: gfortran.fortran-torture/execute/intrinsic_merge.f90 compilation, -O2 -fomit-frame-pointer -finline-functions
FAIL: gfortran.fortran-torture/execute/intrinsic_merge.f90 compilation, -O2 -fomit-frame-pointer -finline-functions -funroll-loops
FAIL: gfortran.fortran-torture/execute/intrinsic_merge.f90 compilation, -O2 -fomit-frame-pointer -finline-functions -funroll-all-loops
FAIL: gfortran.fortran-torture/execute/intrinsic_merge.f90 compilation, -O2 -fno-repack-arrays
FAIL: gfortran.fortran-torture/execute/intrinsic_merge.f90 compilation, -O2 -fg77-calls
FAIL: gfortran.fortran-torture/execute/intrinsic_merge.f90 compilation, -O3 -g
FAIL: gfortran.fortran-torture/execute/intrinsic_merge.f90 compilation, -Os
FAIL: gfortran.fortran-torture/execute/intrinsic_minmax.f90 compilation, -O0
FAIL: gfortran.fortran-torture/execute/intrinsic_minmax.f90 compilation, -O1
FAIL: gfortran.fortran-torture/execute/intrinsic_minmax.f90 compilation, -O2
FAIL: gfortran.fortran-torture/execute/intrinsic_minmax.f90 compilation, -O2 -fomit-frame-pointer -finline-functions
FAIL: gfortran.fortran-torture/execute/intrinsic_minmax.f90 compilation, -O2 -fomit-frame-pointer -finline-functions -funroll-loops
FAIL: gfortran.fortran-torture/execute/intrinsic_minmax.f90 compilation, -O2 -fomit-frame-pointer -finline-functions -funroll-all-loops
FAIL: gfortran.fortran-torture/execute/intrinsic_minmax.f90 compilation, -O2 -fno-repack-arrays
FAIL: gfortran.fortran-torture/execute/intrinsic_minmax.f90 compilation, -O2 -fg77-calls
FAIL: gfortran.fortran-torture/execute/intrinsic_minmax.f90 compilation, -O3 -g
FAIL: gfortran.fortran-torture/execute/intrinsic_minmax.f90 compilation, -Os
FAIL: gfortran.fortran-torture/execute/intrinsic_mmloc.f90 compilation, -O0
FAIL: gfortran.fortran-torture/execute/intrinsic_mmloc.f90 compilation, -O1
FAIL: gfortran.fortran-torture/execute/intrinsic_mmloc.f90 compilation, -O2
FAIL: gfortran.fortran-torture/execute/intrinsic_mmloc.f90 compilation, -O2 -fomit-frame-pointer -finline-functions
FAIL: gfortran.fortran-torture/execute/intrinsic_mmloc.f90 compilation, -O2 -fomit-frame-pointer -finline-functions -funroll-loops
FAIL: gfortran.fortran-torture/execute/intrinsic_mmloc.f90 compilation, -O2 -fomit-frame-pointer -finline-functions -funroll-all-loops
FAIL: gfortran.fortran-torture/execute/intrinsic_mmloc.f90 compilation, -O2 -fno-repack-arrays
FAIL: gfortran.fortran-torture/execute/intrinsic_mmloc.f90 compilation, -O2 -fg77-calls
FAIL: gfortran.fortran-torture/execute/intrinsic_mmloc.f90 compilation, -O3 -g
FAIL: gfortran.fortran-torture/execute/intrinsic_mmloc.f90 compilation, -Os
FAIL: gfortran.fortran-torture/execute/intrinsic_mmval.f90 compilation, -O0
FAIL: gfortran.fortran-torture/execute/intrinsic_mmval.f90 compilation, -O1
FAIL: gfortran.fortran-torture/execute/intrinsic_mmval.f90 compilation, -O2
FAIL: gfortran.fortran-torture/execute/intrinsic_mmval.f90 compilation, -O2 -fomit-frame-pointer -finline-functions
FAIL: gfortran.fortran-torture/execute/intrinsic_mmval.f90 compilation, -O2 -fomit-frame-pointer -finline-functions -funroll-loops
FAIL: gfortran.fortran-torture/execute/intrinsic_mmval.f90 compilation, -O2 -fomit-frame-pointer -finline-functions -funroll-all-loops
FAIL: gfortran.fortran-torture/execute/intrinsic_mmval.f90 compilation, -O2 -fno-repack-arrays
FAIL: gfortran.fortran-torture/execute/intrinsic_mmval.f90 compilation, -O2 -fg77-calls
FAIL: gfortran.fortran-torture/execute/intrinsic_mmval.f90 compilation, -O3 -g
FAIL: gfortran.fortran-torture/execute/intrinsic_mmval.f90 compilation, -Os
FAIL: gfortran.fortran-torture/execute/intrinsic_pack.f90 compilation, -O0
FAIL: gfortran.fortran-torture/execute/intrinsic_pack.f90 compilation, -O1
FAIL: gfortran.fortran-torture/execute/intrinsic_pack.f90 compilation, -O2
FAIL: gfortran.fortran-torture/execute/intrinsic_pack.f90 compilation, -O2 -fomit-frame-pointer -finline-functions
FAIL: gfortran.fortran-torture/execute/intrinsic_pack.f90 compilation, -O2 -fomit-frame-pointer -finline-functions -funroll-loops
FAIL: gfortran.fortran-torture/execute/intrinsic_pack.f90 compilation, -O2 -fomit-frame-pointer -finline-functions -funroll-all-loops
FAIL: gfortran.fortran-torture/execute/intrinsic_pack.f90 compilation, -O2 -fno-repack-arrays
FAIL: gfortran.fortran-torture/execute/intrinsic_pack.f90 compilation, -O2 -fg77-calls
FAIL: gfortran.fortran-torture/execute/intrinsic_pack.f90 compilation, -O3 -g
FAIL: gfortran.fortran-torture/execute/intrinsic_pack.f90 compilation, -Os
FAIL: gfortran.fortran-torture/execute/intrinsic_present.f90 compilation, -O0
FAIL: gfortran.fortran-torture/execute/intrinsic_present.f90 compilation, -O1
FAIL: gfortran.fortran-torture/execute/intrinsic_present.f90 compilation, -O2
FAIL: gfortran.fortran-torture/execute/intrinsic_present.f90 compilation, -O2 -fomit-frame-pointer -finline-functions
FAIL: gfortran.fortran-torture/execute/intrinsic_present.f90 compilation, -O2 -fomit-frame-pointer -finline-functions -funroll-loops
FAIL: gfortran.fortran-torture/execute/intrinsic_present.f90 compilation, -O2 -fomit-frame-pointer -finline-functions -funroll-all-loops
FAIL: gfortran.fortran-torture/execute/intrinsic_present.f90 compilation, -O2 -fno-repack-arrays
FAIL: gfortran.fortran-torture/execute/intrinsic_present.f90 compilation, -O2 -fg77-calls
FAIL: gfortran.fortran-torture/execute/intrinsic_present.f90 compilation, -O3 -g
FAIL: gfortran.fortran-torture/execute/intrinsic_present.f90 compilation, -Os
FAIL: gfortran.fortran-torture/execute/intrinsic_product.f90 compilation, -O0
FAIL: gfortran.fortran-torture/execute/intrinsic_product.f90 compilation, -O1
FAIL: gfortran.fortran-torture/execute/intrinsic_product.f90 compilation, -O2
FAIL: gfortran.fortran-torture/execute/intrinsic_product.f90 compilation, -O2 -fomit-frame-pointer -finline-functions
FAIL: gfortran.fortran-torture/execute/intrinsic_product.f90 compilation, -O2 -fomit-frame-pointer -finline-functions -funroll-loops
FAIL: gfortran.fortran-torture/execute/intrinsic_product.f90 compilation, -O2 -fomit-frame-pointer -finline-functions -funroll-all-loops
FAIL: gfortran.fortran-torture/execute/intrinsic_product.f90 compilation, -O2 -fno-repack-arrays
FAIL: gfortran.fortran-torture/execute/intrinsic_product.f90 compilation, -O2 -fg77-calls
FAIL: gfortran.fortran-torture/execute/intrinsic_product.f90 compilation, -O3 -g
FAIL: gfortran.fortran-torture/execute/intrinsic_product.f90 compilation, -Os
FAIL: gfortran.fortran-torture/execute/intrinsic_shape.f90 compilation, -O0
FAIL: gfortran.fortran-torture/execute/intrinsic_shape.f90 compilation, -O1
FAIL: gfortran.fortran-torture/execute/intrinsic_shape.f90 compilation, -O2
FAIL: gfortran.fortran-torture/execute/intrinsic_shape.f90 compilation, -O2 -fomit-frame-pointer -finline-functions
FAIL: gfortran.fortran-torture/execute/intrinsic_shape.f90 compilation, -O2 -fomit-frame-pointer -finline-functions -funroll-loops
FAIL: gfortran.fortran-torture/execute/intrinsic_shape.f90 compilation, -O2 -fomit-frame-pointer -finline-functions -funroll-all-loops
FAIL: gfortran.fortran-torture/execute/intrinsic_shape.f90 compilation, -O2 -fno-repack-arrays
FAIL: gfortran.fortran-torture/execute/intrinsic_shape.f90 compilation, -O2 -fg77-calls
FAIL: gfortran.fortran-torture/execute/intrinsic_shape.f90 compilation, -O3 -g
FAIL: gfortran.fortran-torture/execute/intrinsic_shape.f90 compilation, -Os
FAIL: gfortran.fortran-torture/execute/intrinsic_sign.f90 compilation, -O0
FAIL: gfortran.fortran-torture/execute/intrinsic_sign.f90 compilation, -O1
FAIL: gfortran.fortran-torture/execute/intrinsic_sign.f90 compilation, -O2
FAIL: gfortran.fortran-torture/execute/intrinsic_sign.f90 compilation, -O2 -fomit-frame-pointer -finline-functions
FAIL: gfortran.fortran-torture/execute/intrinsic_sign.f90 compilation, -O2 -fomit-frame-pointer -finline-functions -funroll-loops
FAIL: gfortran.fortran-torture/execute/intrinsic_sign.f90 compilation, -O2 -fomit-frame-pointer -finline-functions -funroll-all-loops
FAIL: gfortran.fortran-torture/execute/intrinsic_sign.f90 compilation, -O2 -fno-repack-arrays
FAIL: gfortran.fortran-torture/execute/intrinsic_sign.f90 compilation, -O2 -fg77-calls
FAIL: gfortran.fortran-torture/execute/intrinsic_sign.f90 compilation, -O3 -g
FAIL: gfortran.fortran-torture/execute/intrinsic_sign.f90 compilation, -Os
FAIL: gfortran.fortran-torture/execute/intrinsic_size.f90 compilation, -O0
FAIL: gfortran.fortran-torture/execute/intrinsic_size.f90 compilation, -O1
FAIL: gfortran.fortran-torture/execute/intrinsic_size.f90 compilation, -O2
FAIL: gfortran.fortran-torture/execute/intrinsic_size.f90 compilation, -O2 -fomit-frame-pointer -finline-functions
FAIL: gfortran.fortran-torture/execute/intrinsic_size.f90 compilation, -O2 -fomit-frame-pointer -finline-functions -funroll-loops
FAIL: gfortran.fortran-torture/execute/intrinsic_size.f90 compilation, -O2 -fomit-frame-pointer -finline-functions -funroll-all-loops
FAIL: gfortran.fortran-torture/execute/intrinsic_size.f90 compilation, -O2 -fno-repack-arrays
FAIL: gfortran.fortran-torture/execute/intrinsic_size.f90 compilation, -O2 -fg77-calls
FAIL: gfortran.fortran-torture/execute/intrinsic_size.f90 compilation, -O3 -g
FAIL: gfortran.fortran-torture/execute/intrinsic_size.f90 compilation, -Os
FAIL: gfortran.fortran-torture/execute/intrinsic_spread.f90 compilation, -O0
FAIL: gfortran.fortran-torture/execute/intrinsic_spread.f90 compilation, -O1
FAIL: gfortran.fortran-torture/execute/intrinsic_spread.f90 compilation, -O2
FAIL: gfortran.fortran-torture/execute/intrinsic_spread.f90 compilation, -O2 -fomit-frame-pointer -finline-functions
FAIL: gfortran.fortran-torture/execute/intrinsic_spread.f90 compilation, -O2 -fomit-frame-pointer -finline-functions -funroll-loops
FAIL: gfortran.fortran-torture/execute/intrinsic_spread.f90 compilation, -O2 -fomit-frame-pointer -finline-functions -funroll-all-loops
FAIL: gfortran.fortran-torture/execute/intrinsic_spread.f90 compilation, -O2 -fno-repack-arrays
FAIL: gfortran.fortran-torture/execute/intrinsic_spread.f90 compilation, -O2 -fg77-calls
FAIL: gfortran.fortran-torture/execute/intrinsic_spread.f90 compilation, -O3 -g
FAIL: gfortran.fortran-torture/execute/intrinsic_spread.f90 compilation, -Os
FAIL: gfortran.fortran-torture/execute/intrinsic_sum.f90 compilation, -O0
FAIL: gfortran.fortran-torture/execute/intrinsic_sum.f90 compilation, -O1
FAIL: gfortran.fortran-torture/execute/intrinsic_sum.f90 compilation, -O2
FAIL: gfortran.fortran-torture/execute/intrinsic_sum.f90 compilation, -O2 -fomit-frame-pointer -finline-functions
FAIL: gfortran.fortran-torture/execute/intrinsic_sum.f90 compilation, -O2 -fomit-frame-pointer -finline-functions -funroll-loops
FAIL: gfortran.fortran-torture/execute/intrinsic_sum.f90 compilation, -O2 -fomit-frame-pointer -finline-functions -funroll-all-loops
FAIL: gfortran.fortran-torture/execute/intrinsic_sum.f90 compilation, -O2 -fno-repack-arrays
FAIL: gfortran.fortran-torture/execute/intrinsic_sum.f90 compilation, -O2 -fg77-calls
FAIL: gfortran.fortran-torture/execute/intrinsic_sum.f90 compilation, -O3 -g
FAIL: gfortran.fortran-torture/execute/intrinsic_sum.f90 compilation, -Os
FAIL: gfortran.fortran-torture/execute/intrinsic_transpose.f90 compilation, -O0
FAIL: gfortran.fortran-torture/execute/intrinsic_transpose.f90 compilation, -O1
FAIL: gfortran.fortran-torture/execute/intrinsic_transpose.f90 compilation, -O2
FAIL: gfortran.fortran-torture/execute/intrinsic_transpose.f90 compilation, -O2 -fomit-frame-pointer -finline-functions
FAIL: gfortran.fortran-torture/execute/intrinsic_transpose.f90 compilation, -O2 -fomit-frame-pointer -finline-functions -funroll-loops
FAIL: gfortran.fortran-torture/execute/intrinsic_transpose.f90 compilation, -O2 -fomit-frame-pointer -finline-functions -funroll-all-loops
FAIL: gfortran.fortran-torture/execute/intrinsic_transpose.f90 compilation, -O2 -fno-repack-arrays
FAIL: gfortran.fortran-torture/execute/intrinsic_transpose.f90 compilation, -O2 -fg77-calls
FAIL: gfortran.fortran-torture/execute/intrinsic_transpose.f90 compilation, -O3 -g
FAIL: gfortran.fortran-torture/execute/intrinsic_transpose.f90 compilation, -Os
FAIL: gfortran.fortran-torture/execute/intrinsic_unpack.f90 compilation, -O0
FAIL: gfortran.fortran-torture/execute/intrinsic_unpack.f90 compilation, -O1
FAIL: gfortran.fortran-torture/execute/intrinsic_unpack.f90 compilation, -O2
FAIL: gfortran.fortran-torture/execute/intrinsic_unpack.f90 compilation, -O2 -fomit-frame-pointer -finline-functions
FAIL: gfortran.fortran-torture/execute/intrinsic_unpack.f90 compilation, -O2 -fomit-frame-pointer -finline-functions -funroll-loops
FAIL: gfortran.fortran-torture/execute/intrinsic_unpack.f90 compilation, -O2 -fomit-frame-pointer -finline-functions -funroll-all-loops
FAIL: gfortran.fortran-torture/execute/intrinsic_unpack.f90 compilation, -O2 -fno-repack-arrays
FAIL: gfortran.fortran-torture/execute/intrinsic_unpack.f90 compilation, -O2 -fg77-calls
FAIL: gfortran.fortran-torture/execute/intrinsic_unpack.f90 compilation, -O3 -g
FAIL: gfortran.fortran-torture/execute/intrinsic_unpack.f90 compilation, -Os
FAIL: gfortran.fortran-torture/execute/logical_select_1.f90 compilation, -O0
FAIL: gfortran.fortran-torture/execute/logical_select_1.f90 compilation, -O1
FAIL: gfortran.fortran-torture/execute/logical_select_1.f90 compilation, -O2
FAIL: gfortran.fortran-torture/execute/logical_select_1.f90 compilation, -O2 -fomit-frame-pointer -finline-functions
FAIL: gfortran.fortran-torture/execute/logical_select_1.f90 compilation, -O2 -fomit-frame-pointer -finline-functions -funroll-loops
FAIL: gfortran.fortran-torture/execute/logical_select_1.f90 compilation, -O2 -fomit-frame-pointer -finline-functions -funroll-all-loops
FAIL: gfortran.fortran-torture/execute/logical_select_1.f90 compilation, -O2 -fno-repack-arrays
FAIL: gfortran.fortran-torture/execute/logical_select_1.f90 compilation, -O2 -fg77-calls
FAIL: gfortran.fortran-torture/execute/logical_select_1.f90 compilation, -O3 -g
FAIL: gfortran.fortran-torture/execute/logical_select_1.f90 compilation, -Os
FAIL: gfortran.fortran-torture/execute/mainsub.f90 compilation, -O0
FAIL: gfortran.fortran-torture/execute/mainsub.f90 compilation, -O1
FAIL: gfortran.fortran-torture/execute/mainsub.f90 compilation, -O2
FAIL: gfortran.fortran-torture/execute/mainsub.f90 compilation, -O2 -fomit-frame-pointer -finline-functions
FAIL: gfortran.fortran-torture/execute/mainsub.f90 compilation, -O2 -fomit-frame-pointer -finline-functions -funroll-loops
FAIL: gfortran.fortran-torture/execute/mainsub.f90 compilation, -O2 -fomit-frame-pointer -finline-functions -funroll-all-loops
FAIL: gfortran.fortran-torture/execute/mainsub.f90 compilation, -O2 -fno-repack-arrays
FAIL: gfortran.fortran-torture/execute/mainsub.f90 compilation, -O2 -fg77-calls
FAIL: gfortran.fortran-torture/execute/mainsub.f90 compilation, -O3 -g
FAIL: gfortran.fortran-torture/execute/mainsub.f90 compilation, -Os
FAIL: gfortran.fortran-torture/execute/math.f90 compilation, -O0
FAIL: gfortran.fortran-torture/execute/math.f90 compilation, -O1
FAIL: gfortran.fortran-torture/execute/math.f90 compilation, -O2
FAIL: gfortran.fortran-torture/execute/math.f90 compilation, -O2 -fomit-frame-pointer -finline-functions
FAIL: gfortran.fortran-torture/execute/math.f90 compilation, -O2 -fomit-frame-pointer -finline-functions -funroll-loops
FAIL: gfortran.fortran-torture/execute/math.f90 compilation, -O2 -fomit-frame-pointer -finline-functions -funroll-all-loops
FAIL: gfortran.fortran-torture/execute/math.f90 compilation, -O2 -fno-repack-arrays
FAIL: gfortran.fortran-torture/execute/math.f90 compilation, -O2 -fg77-calls
FAIL: gfortran.fortran-torture/execute/math.f90 compilation, -O3 -g
FAIL: gfortran.fortran-torture/execute/math.f90 compilation, -Os
FAIL: gfortran.fortran-torture/execute/nestcons.f90 compilation, -O0
FAIL: gfortran.fortran-torture/execute/nestcons.f90 compilation, -O1
FAIL: gfortran.fortran-torture/execute/nestcons.f90 compilation, -O2
FAIL: gfortran.fortran-torture/execute/nestcons.f90 compilation, -O2 -fomit-frame-pointer -finline-functions
FAIL: gfortran.fortran-torture/execute/nestcons.f90 compilation, -O2 -fomit-frame-pointer -finline-functions -funroll-loops
FAIL: gfortran.fortran-torture/execute/nestcons.f90 compilation, -O2 -fomit-frame-pointer -finline-functions -funroll-all-loops
FAIL: gfortran.fortran-torture/execute/nestcons.f90 compilation, -O2 -fno-repack-arrays
FAIL: gfortran.fortran-torture/execute/nestcons.f90 compilation, -O2 -fg77-calls
FAIL: gfortran.fortran-torture/execute/nestcons.f90 compilation, -O3 -g
FAIL: gfortran.fortran-torture/execute/nestcons.f90 compilation, -Os
FAIL: gfortran.fortran-torture/execute/parameter_1.f90 compilation, -O0
FAIL: gfortran.fortran-torture/execute/parameter_1.f90 compilation, -O1
FAIL: gfortran.fortran-torture/execute/parameter_1.f90 compilation, -O2
FAIL: gfortran.fortran-torture/execute/parameter_1.f90 compilation, -O2 -fomit-frame-pointer -finline-functions
FAIL: gfortran.fortran-torture/execute/parameter_1.f90 compilation, -O2 -fomit-frame-pointer -finline-functions -funroll-loops
FAIL: gfortran.fortran-torture/execute/parameter_1.f90 compilation, -O2 -fomit-frame-pointer -finline-functions -funroll-all-loops
FAIL: gfortran.fortran-torture/execute/parameter_1.f90 compilation, -O2 -fno-repack-arrays
FAIL: gfortran.fortran-torture/execute/parameter_1.f90 compilation, -O2 -fg77-calls
FAIL: gfortran.fortran-torture/execute/parameter_1.f90 compilation, -O3 -g
FAIL: gfortran.fortran-torture/execute/parameter_1.f90 compilation, -Os
FAIL: gfortran.fortran-torture/execute/partparm.f90 compilation, -O0
FAIL: gfortran.fortran-torture/execute/partparm.f90 compilation, -O1
FAIL: gfortran.fortran-torture/execute/partparm.f90 compilation, -O2
FAIL: gfortran.fortran-torture/execute/partparm.f90 compilation, -O2 -fomit-frame-pointer -finline-functions
FAIL: gfortran.fortran-torture/execute/partparm.f90 compilation, -O2 -fomit-frame-pointer -finline-functions -funroll-loops
FAIL: gfortran.fortran-torture/execute/partparm.f90 compilation, -O2 -fomit-frame-pointer -finline-functions -funroll-all-loops
FAIL: gfortran.fortran-torture/execute/partparm.f90 compilation, -O2 -fno-repack-arrays
FAIL: gfortran.fortran-torture/execute/partparm.f90 compilation, -O2 -fg77-calls
FAIL: gfortran.fortran-torture/execute/partparm.f90 compilation, -O3 -g
FAIL: gfortran.fortran-torture/execute/partparm.f90 compilation, -Os
FAIL: gfortran.fortran-torture/execute/power.f90 compilation, -O0
FAIL: gfortran.fortran-torture/execute/power.f90 compilation, -O1
FAIL: gfortran.fortran-torture/execute/power.f90 compilation, -O2
FAIL: gfortran.fortran-torture/execute/power.f90 compilation, -O2 -fomit-frame-pointer -finline-functions
FAIL: gfortran.fortran-torture/execute/power.f90 compilation, -O2 -fomit-frame-pointer -finline-functions -funroll-loops
FAIL: gfortran.fortran-torture/execute/power.f90 compilation, -O2 -fomit-frame-pointer -finline-functions -funroll-all-loops
FAIL: gfortran.fortran-torture/execute/power.f90 compilation, -O2 -fno-repack-arrays
FAIL: gfortran.fortran-torture/execute/power.f90 compilation, -O2 -fg77-calls
FAIL: gfortran.fortran-torture/execute/power.f90 compilation, -O3 -g
FAIL: gfortran.fortran-torture/execute/power.f90 compilation, -Os
FAIL: gfortran.fortran-torture/execute/procarg.f90 compilation, -O0
FAIL: gfortran.fortran-torture/execute/procarg.f90 compilation, -O1
FAIL: gfortran.fortran-torture/execute/procarg.f90 compilation, -O2
FAIL: gfortran.fortran-torture/execute/procarg.f90 compilation, -O2 -fomit-frame-pointer -finline-functions
FAIL: gfortran.fortran-torture/execute/procarg.f90 compilation, -O2 -fomit-frame-pointer -finline-functions -funroll-loops
FAIL: gfortran.fortran-torture/execute/procarg.f90 compilation, -O2 -fomit-frame-pointer -finline-functions -funroll-all-loops
FAIL: gfortran.fortran-torture/execute/procarg.f90 compilation, -O2 -fno-repack-arrays
FAIL: gfortran.fortran-torture/execute/procarg.f90 compilation, -O2 -fg77-calls
FAIL: gfortran.fortran-torture/execute/procarg.f90 compilation, -O3 -g
FAIL: gfortran.fortran-torture/execute/procarg.f90 compilation, -Os
FAIL: gfortran.fortran-torture/execute/ptr.f90 compilation, -O0
FAIL: gfortran.fortran-torture/execute/ptr.f90 compilation, -O1
FAIL: gfortran.fortran-torture/execute/ptr.f90 compilation, -O2
FAIL: gfortran.fortran-torture/execute/ptr.f90 compilation, -O2 -fomit-frame-pointer -finline-functions
FAIL: gfortran.fortran-torture/execute/ptr.f90 compilation, -O2 -fomit-frame-pointer -finline-functions -funroll-loops
FAIL: gfortran.fortran-torture/execute/ptr.f90 compilation, -O2 -fomit-frame-pointer -finline-functions -funroll-all-loops
FAIL: gfortran.fortran-torture/execute/ptr.f90 compilation, -O2 -fno-repack-arrays
FAIL: gfortran.fortran-torture/execute/ptr.f90 compilation, -O2 -fg77-calls
FAIL: gfortran.fortran-torture/execute/ptr.f90 compilation, -O3 -g
FAIL: gfortran.fortran-torture/execute/ptr.f90 compilation, -Os
FAIL: gfortran.fortran-torture/execute/retarray.f90 compilation, -O0
FAIL: gfortran.fortran-torture/execute/retarray.f90 compilation, -O1
FAIL: gfortran.fortran-torture/execute/retarray.f90 compilation, -O2
FAIL: gfortran.fortran-torture/execute/retarray.f90 compilation, -O2 -fomit-frame-pointer -finline-functions
FAIL: gfortran.fortran-torture/execute/retarray.f90 compilation, -O2 -fomit-frame-pointer -finline-functions -funroll-loops
FAIL: gfortran.fortran-torture/execute/retarray.f90 compilation, -O2 -fomit-frame-pointer -finline-functions -funroll-all-loops
FAIL: gfortran.fortran-torture/execute/retarray.f90 compilation, -O2 -fno-repack-arrays
FAIL: gfortran.fortran-torture/execute/retarray.f90 compilation, -O2 -fg77-calls
FAIL: gfortran.fortran-torture/execute/retarray.f90 compilation, -O3 -g
FAIL: gfortran.fortran-torture/execute/retarray.f90 compilation, -Os
FAIL: gfortran.fortran-torture/execute/scalarize.f90 compilation, -O0
FAIL: gfortran.fortran-torture/execute/scalarize.f90 compilation, -O1
FAIL: gfortran.fortran-torture/execute/scalarize.f90 compilation, -O2
FAIL: gfortran.fortran-torture/execute/scalarize.f90 compilation, -O2 -fomit-frame-pointer -finline-functions
FAIL: gfortran.fortran-torture/execute/scalarize.f90 compilation, -O2 -fomit-frame-pointer -finline-functions -funroll-loops
FAIL: gfortran.fortran-torture/execute/scalarize.f90 compilation, -O2 -fomit-frame-pointer -finline-functions -funroll-all-loops
FAIL: gfortran.fortran-torture/execute/scalarize.f90 compilation, -O2 -fno-repack-arrays
FAIL: gfortran.fortran-torture/execute/scalarize.f90 compilation, -O2 -fg77-calls
FAIL: gfortran.fortran-torture/execute/scalarize.f90 compilation, -O3 -g
FAIL: gfortran.fortran-torture/execute/scalarize.f90 compilation, -Os
FAIL: gfortran.fortran-torture/execute/scalarize2.f90 compilation, -O0
FAIL: gfortran.fortran-torture/execute/scalarize2.f90 compilation, -O1
FAIL: gfortran.fortran-torture/execute/scalarize2.f90 compilation, -O2
FAIL: gfortran.fortran-torture/execute/scalarize2.f90 compilation, -O2 -fomit-frame-pointer -finline-functions
FAIL: gfortran.fortran-torture/execute/scalarize2.f90 compilation, -O2 -fomit-frame-pointer -finline-functions -funroll-loops
FAIL: gfortran.fortran-torture/execute/scalarize2.f90 compilation, -O2 -fomit-frame-pointer -finline-functions -funroll-all-loops
FAIL: gfortran.fortran-torture/execute/scalarize2.f90 compilation, -O2 -fno-repack-arrays
FAIL: gfortran.fortran-torture/execute/scalarize2.f90 compilation, -O2 -fg77-calls
FAIL: gfortran.fortran-torture/execute/scalarize2.f90 compilation, -O3 -g
FAIL: gfortran.fortran-torture/execute/scalarize2.f90 compilation, -Os
FAIL: gfortran.fortran-torture/execute/scalarize3.f90 compilation, -O0
FAIL: gfortran.fortran-torture/execute/scalarize3.f90 compilation, -O1
FAIL: gfortran.fortran-torture/execute/scalarize3.f90 compilation, -O2
FAIL: gfortran.fortran-torture/execute/scalarize3.f90 compilation, -O2 -fomit-frame-pointer -finline-functions
FAIL: gfortran.fortran-torture/execute/scalarize3.f90 compilation, -O2 -fomit-frame-pointer -finline-functions -funroll-loops
FAIL: gfortran.fortran-torture/execute/scalarize3.f90 compilation, -O2 -fomit-frame-pointer -finline-functions -funroll-all-loops
FAIL: gfortran.fortran-torture/execute/scalarize3.f90 compilation, -O2 -fno-repack-arrays
FAIL: gfortran.fortran-torture/execute/scalarize3.f90 compilation, -O2 -fg77-calls
FAIL: gfortran.fortran-torture/execute/scalarize3.f90 compilation, -O3 -g
FAIL: gfortran.fortran-torture/execute/scalarize3.f90 compilation, -Os
FAIL: gfortran.fortran-torture/execute/strcmp.f90 compilation, -O0
FAIL: gfortran.fortran-torture/execute/strcmp.f90 compilation, -O1
FAIL: gfortran.fortran-torture/execute/strcmp.f90 compilation, -O2
FAIL: gfortran.fortran-torture/execute/strcmp.f90 compilation, -O2 -fomit-frame-pointer -finline-functions
FAIL: gfortran.fortran-torture/execute/strcmp.f90 compilation, -O2 -fomit-frame-pointer -finline-functions -funroll-loops
FAIL: gfortran.fortran-torture/execute/strcmp.f90 compilation, -O2 -fomit-frame-pointer -finline-functions -funroll-all-loops
FAIL: gfortran.fortran-torture/execute/strcmp.f90 compilation, -O2 -fno-repack-arrays
FAIL: gfortran.fortran-torture/execute/strcmp.f90 compilation, -O2 -fg77-calls
FAIL: gfortran.fortran-torture/execute/strcmp.f90 compilation, -O3 -g
FAIL: gfortran.fortran-torture/execute/strcmp.f90 compilation, -Os
FAIL: gfortran.fortran-torture/execute/string.f90 compilation, -O0
FAIL: gfortran.fortran-torture/execute/string.f90 compilation, -O1
FAIL: gfortran.fortran-torture/execute/string.f90 compilation, -O2
FAIL: gfortran.fortran-torture/execute/string.f90 compilation, -O2 -fomit-frame-pointer -finline-functions
FAIL: gfortran.fortran-torture/execute/string.f90 compilation, -O2 -fomit-frame-pointer -finline-functions -funroll-loops
FAIL: gfortran.fortran-torture/execute/string.f90 compilation, -O2 -fomit-frame-pointer -finline-functions -funroll-all-loops
FAIL: gfortran.fortran-torture/execute/string.f90 compilation, -O2 -fno-repack-arrays
FAIL: gfortran.fortran-torture/execute/string.f90 compilation, -O2 -fg77-calls
FAIL: gfortran.fortran-torture/execute/string.f90 compilation, -O3 -g
FAIL: gfortran.fortran-torture/execute/string.f90 compilation, -Os
FAIL: gfortran.fortran-torture/execute/strlen.f90 compilation, -O0
FAIL: gfortran.fortran-torture/execute/strlen.f90 compilation, -O1
FAIL: gfortran.fortran-torture/execute/strlen.f90 compilation, -O2
FAIL: gfortran.fortran-torture/execute/strlen.f90 compilation, -O2 -fomit-frame-pointer -finline-functions
FAIL: gfortran.fortran-torture/execute/strlen.f90 compilation, -O2 -fomit-frame-pointer -finline-functions -funroll-loops
FAIL: gfortran.fortran-torture/execute/strlen.f90 compilation, -O2 -fomit-frame-pointer -finline-functions -funroll-all-loops
FAIL: gfortran.fortran-torture/execute/strlen.f90 compilation, -O2 -fno-repack-arrays
FAIL: gfortran.fortran-torture/execute/strlen.f90 compilation, -O2 -fg77-calls
FAIL: gfortran.fortran-torture/execute/strlen.f90 compilation, -O3 -g
FAIL: gfortran.fortran-torture/execute/strlen.f90 compilation, -Os
FAIL: gfortran.fortran-torture/execute/strret.f90 compilation, -O0
FAIL: gfortran.fortran-torture/execute/strret.f90 compilation, -O1
FAIL: gfortran.fortran-torture/execute/strret.f90 compilation, -O2
FAIL: gfortran.fortran-torture/execute/strret.f90 compilation, -O2 -fomit-frame-pointer -finline-functions
FAIL: gfortran.fortran-torture/execute/strret.f90 compilation, -O2 -fomit-frame-pointer -finline-functions -funroll-loops
FAIL: gfortran.fortran-torture/execute/strret.f90 compilation, -O2 -fomit-frame-pointer -finline-functions -funroll-all-loops
FAIL: gfortran.fortran-torture/execute/strret.f90 compilation, -O2 -fno-repack-arrays
FAIL: gfortran.fortran-torture/execute/strret.f90 compilation, -O2 -fg77-calls
FAIL: gfortran.fortran-torture/execute/strret.f90 compilation, -O3 -g
FAIL: gfortran.fortran-torture/execute/strret.f90 compilation, -Os
FAIL: gfortran.fortran-torture/execute/userop.f90 compilation, -O0
FAIL: gfortran.fortran-torture/execute/userop.f90 compilation, -O1
FAIL: gfortran.fortran-torture/execute/userop.f90 compilation, -O2
FAIL: gfortran.fortran-torture/execute/userop.f90 compilation, -O2 -fomit-frame-pointer -finline-functions
FAIL: gfortran.fortran-torture/execute/userop.f90 compilation, -O2 -fomit-frame-pointer -finline-functions -funroll-loops
FAIL: gfortran.fortran-torture/execute/userop.f90 compilation, -O2 -fomit-frame-pointer -finline-functions -funroll-all-loops
FAIL: gfortran.fortran-torture/execute/userop.f90 compilation, -O2 -fno-repack-arrays
FAIL: gfortran.fortran-torture/execute/userop.f90 compilation, -O2 -fg77-calls
FAIL: gfortran.fortran-torture/execute/userop.f90 compilation, -O3 -g
FAIL: gfortran.fortran-torture/execute/userop.f90 compilation, -Os
FAIL: gfortran.fortran-torture/execute/where_1.f90 compilation, -O0
FAIL: gfortran.fortran-torture/execute/where_1.f90 compilation, -O1
FAIL: gfortran.fortran-torture/execute/where_1.f90 compilation, -O2
FAIL: gfortran.fortran-torture/execute/where_1.f90 compilation, -O2 -fomit-frame-pointer -finline-functions
FAIL: gfortran.fortran-torture/execute/where_1.f90 compilation, -O2 -fomit-frame-pointer -finline-functions -funroll-loops
FAIL: gfortran.fortran-torture/execute/where_1.f90 compilation, -O2 -fomit-frame-pointer -finline-functions -funroll-all-loops
FAIL: gfortran.fortran-torture/execute/where_1.f90 compilation, -O2 -fno-repack-arrays
FAIL: gfortran.fortran-torture/execute/where_1.f90 compilation, -O2 -fg77-calls
FAIL: gfortran.fortran-torture/execute/where_1.f90 compilation, -O3 -g
FAIL: gfortran.fortran-torture/execute/where_1.f90 compilation, -Os
FAIL: gfortran.fortran-torture/execute/where_2.f90 compilation, -O0
FAIL: gfortran.fortran-torture/execute/where_2.f90 compilation, -O1
FAIL: gfortran.fortran-torture/execute/where_2.f90 compilation, -O2
FAIL: gfortran.fortran-torture/execute/where_2.f90 compilation, -O2 -fomit-frame-pointer -finline-functions
FAIL: gfortran.fortran-torture/execute/where_2.f90 compilation, -O2 -fomit-frame-pointer -finline-functions -funroll-loops
FAIL: gfortran.fortran-torture/execute/where_2.f90 compilation, -O2 -fomit-frame-pointer -finline-functions -funroll-all-loops
FAIL: gfortran.fortran-torture/execute/where_2.f90 compilation, -O2 -fno-repack-arrays
FAIL: gfortran.fortran-torture/execute/where_2.f90 compilation, -O2 -fg77-calls
FAIL: gfortran.fortran-torture/execute/where_2.f90 compilation, -O3 -g
FAIL: gfortran.fortran-torture/execute/where_2.f90 compilation, -Os
FAIL: gfortran.fortran-torture/execute/where_3.f90 compilation, -O0
FAIL: gfortran.fortran-torture/execute/where_3.f90 compilation, -O1
FAIL: gfortran.fortran-torture/execute/where_3.f90 compilation, -O2
FAIL: gfortran.fortran-torture/execute/where_3.f90 compilation, -O2 -fomit-frame-pointer -finline-functions
FAIL: gfortran.fortran-torture/execute/where_3.f90 compilation, -O2 -fomit-frame-pointer -finline-functions -funroll-loops
FAIL: gfortran.fortran-torture/execute/where_3.f90 compilation, -O2 -fomit-frame-pointer -finline-functions -funroll-all-loops
FAIL: gfortran.fortran-torture/execute/where_3.f90 compilation, -O2 -fno-repack-arrays
FAIL: gfortran.fortran-torture/execute/where_3.f90 compilation, -O2 -fg77-calls
FAIL: gfortran.fortran-torture/execute/where_3.f90 compilation, -O3 -g
FAIL: gfortran.fortran-torture/execute/where_3.f90 compilation, -Os
FAIL: gfortran.fortran-torture/execute/where_4.f90 compilation, -O0
FAIL: gfortran.fortran-torture/execute/where_4.f90 compilation, -O1
FAIL: gfortran.fortran-torture/execute/where_4.f90 compilation, -O2
FAIL: gfortran.fortran-torture/execute/where_4.f90 compilation, -O2 -fomit-frame-pointer -finline-functions
FAIL: gfortran.fortran-torture/execute/where_4.f90 compilation, -O2 -fomit-frame-pointer -finline-functions -funroll-loops
FAIL: gfortran.fortran-torture/execute/where_4.f90 compilation, -O2 -fomit-frame-pointer -finline-functions -funroll-all-loops
FAIL: gfortran.fortran-torture/execute/where_4.f90 compilation, -O2 -fno-repack-arrays
FAIL: gfortran.fortran-torture/execute/where_4.f90 compilation, -O2 -fg77-calls
FAIL: gfortran.fortran-torture/execute/where_4.f90 compilation, -O3 -g
FAIL: gfortran.fortran-torture/execute/where_4.f90 compilation, -Os
FAIL: gfortran.fortran-torture/execute/where_5.f90 compilation, -O0
FAIL: gfortran.fortran-torture/execute/where_5.f90 compilation, -O1
FAIL: gfortran.fortran-torture/execute/where_5.f90 compilation, -O2
FAIL: gfortran.fortran-torture/execute/where_5.f90 compilation, -O2 -fomit-frame-pointer -finline-functions
FAIL: gfortran.fortran-torture/execute/where_5.f90 compilation, -O2 -fomit-frame-pointer -finline-functions -funroll-loops
FAIL: gfortran.fortran-torture/execute/where_5.f90 compilation, -O2 -fomit-frame-pointer -finline-functions -funroll-all-loops
FAIL: gfortran.fortran-torture/execute/where_5.f90 compilation, -O2 -fno-repack-arrays
FAIL: gfortran.fortran-torture/execute/where_5.f90 compilation, -O2 -fg77-calls
FAIL: gfortran.fortran-torture/execute/where_5.f90 compilation, -O3 -g
FAIL: gfortran.fortran-torture/execute/where_5.f90 compilation, -Os
FAIL: gfortran.fortran-torture/execute/where_6.f90 compilation, -O0
FAIL: gfortran.fortran-torture/execute/where_6.f90 compilation, -O1
FAIL: gfortran.fortran-torture/execute/where_6.f90 compilation, -O2
FAIL: gfortran.fortran-torture/execute/where_6.f90 compilation, -O2 -fomit-frame-pointer -finline-functions
FAIL: gfortran.fortran-torture/execute/where_6.f90 compilation, -O2 -fomit-frame-pointer -finline-functions -funroll-loops
FAIL: gfortran.fortran-torture/execute/where_6.f90 compilation, -O2 -fomit-frame-pointer -finline-functions -funroll-all-loops
FAIL: gfortran.fortran-torture/execute/where_6.f90 compilation, -O2 -fno-repack-arrays
FAIL: gfortran.fortran-torture/execute/where_6.f90 compilation, -O2 -fg77-calls
FAIL: gfortran.fortran-torture/execute/where_6.f90 compilation, -O3 -g
FAIL: gfortran.fortran-torture/execute/where_6.f90 compilation, -Os
=== gfortran Summary for unix/-m32 ===
# of expected passes 230
# of unexpected failures 790
# of untested testcases 790
Running target unix
FAIL: gfortran.fortran-torture/execute/forall_1.f90 compilation, -O0
FAIL: gfortran.fortran-torture/execute/forall_1.f90 compilation, -O1
FAIL: gfortran.fortran-torture/execute/forall_1.f90 compilation, -O2
FAIL: gfortran.fortran-torture/execute/forall_1.f90 compilation, -O2 -fomit-frame-pointer -finline-functions
FAIL: gfortran.fortran-torture/execute/forall_1.f90 compilation, -O2 -fomit-frame-pointer -finline-functions -funroll-loops
FAIL: gfortran.fortran-torture/execute/forall_1.f90 compilation, -O2 -fomit-frame-pointer -finline-functions -funroll-all-loops
FAIL: gfortran.fortran-torture/execute/forall_1.f90 compilation, -O2 -fno-repack-arrays
FAIL: gfortran.fortran-torture/execute/forall_1.f90 compilation, -O2 -fg77-calls
FAIL: gfortran.fortran-torture/execute/forall_1.f90 compilation, -O3 -g
FAIL: gfortran.fortran-torture/execute/forall_1.f90 compilation, -Os
FAIL: gfortran.fortran-torture/execute/forall_3.f90 execution, -O0
FAIL: gfortran.fortran-torture/execute/forall_3.f90 execution, -O1
FAIL: gfortran.fortran-torture/execute/forall_3.f90 execution, -O2
FAIL: gfortran.fortran-torture/execute/forall_3.f90 execution, -O2 -fomit-frame-pointer -finline-functions
FAIL: gfortran.fortran-torture/execute/forall_3.f90 execution, -O2 -fomit-frame-pointer -finline-functions -funroll-loops
FAIL: gfortran.fortran-torture/execute/forall_3.f90 execution, -O2 -fomit-frame-pointer -finline-functions -funroll-all-loops
FAIL: gfortran.fortran-torture/execute/forall_3.f90 execution, -O2 -fno-repack-arrays
FAIL: gfortran.fortran-torture/execute/forall_3.f90 execution, -O2 -fg77-calls
FAIL: gfortran.fortran-torture/execute/forall_3.f90 execution, -O3 -g
FAIL: gfortran.fortran-torture/execute/forall_3.f90 execution, -Os
=== gfortran Summary for unix ===
# of expected passes 1780
# of unexpected failures 20
# of untested testcases 10
=== gfortran Summary ===
# of expected passes 2010
# of unexpected failures 810
# of untested testcases 800
/usr/src/aj/build/gcc/misc/gcc/testsuite/../gfortran version 3.5-tree-ssa 20030727 (merged 20030722)
=== objc tests ===
Running target unix/-m32
=== objc Summary for unix/-m32 ===
# of expected passes 1156
Running target unix
=== objc Summary for unix ===
# of expected passes 1156
=== objc Summary ===
# of expected passes 2312
/usr/src/aj/build/gcc/misc/gcc/xgcc version 3.5-tree-ssa 20030727 (merged 20030722)
=== treelang tests ===
Running target unix/-m32
=== treelang Summary for unix/-m32 ===
# of expected passes 1
Running target unix
=== treelang Summary for unix ===
=== treelang Summary ===
# of expected passes 1
=== libjava tests ===
Running target unix/-m32
FAIL: linking cxxtest
FAIL: Throw_2 execution - source compiled test
FAIL: Throw_2 execution - gij test
FAIL: Throw_2 execution - bytecode->native test
FAIL: Throw_2 -O execution - source compiled test
FAIL: Throw_2 execution - gij test
FAIL: Throw_2 -O execution - bytecode->native test
=== libjava Summary for unix/-m32 ===
# of expected passes 3041
# of unexpected failures 7
# of expected failures 17
# of untested testcases 18
Running target unix
=== libjava Summary for unix ===
# of expected passes 3055
# of expected failures 16
# of untested testcases 12
=== libjava Summary ===
# of expected passes 6096
# of unexpected failures 7
# of expected failures 33
# of untested testcases 30
=== libmudflap tests ===
Running target unix
FAIL: libmudflap.c++/fail24-frag.cxx (-O3) output pattern test
FAIL: libmudflap.c++/pass28-frag.cxx (-O3) execution test
FAIL: libmudflap.c++/pass31-frag.cxx (-O3) execution test
=== libmudflap Summary ===
# of expected passes 985
# of unexpected failures 3
=== libstdc++-v3 check-abi Summary ===
# of added symbols: 168
# of missing symbols: 190
# of incompatible symbols: 194
=== libstdc++-v3 tests ===
Running target unix/-m32
FAIL: 22_locale/codecvt/in/wchar_t/2.cc execution test
FAIL: 22_locale/codecvt/out/wchar_t/2.cc execution test
FAIL: 22_locale/codecvt/out/wchar_t/7.cc execution test
FAIL: 22_locale/ctype/is/wchar_t/wrapped_env.cc execution test
FAIL: 22_locale/messages/members/char/1.cc execution test
FAIL: 22_locale/messages/members/char/2.cc execution test
FAIL: 22_locale/messages/members/char/wrapped_env.cc execution test
FAIL: 22_locale/messages/members/char/wrapped_locale.cc execution test
FAIL: 22_locale/messages_byname/1.cc execution test
FAIL: 22_locale/numpunct/members/pod/2.cc execution test
FAIL: 23_containers/bitset_ctor.cc execution test
FAIL: 23_containers/list_capacity.cc execution test
WARNING: program timed out.
FAIL: 23_containers/list_ctor.cc execution test
WARNING: program timed out.
FAIL: 23_containers/list_modifiers.cc execution test
FAIL: 23_containers/list_operators.cc execution test
FAIL: 23_containers/vector_ctor.cc execution test
FAIL: 23_containers/vector_modifiers.cc execution test
XPASS: 26_numerics/c99_classification_macros_c.cc (test for excess errors)
FAIL: 27_io/basic_ostream/inserters_arithmetic/char/1.cc (test for excess errors)
WARNING: 27_io/basic_ostream/inserters_arithmetic/char/1.cc compilation failed to produce executable
FAIL: 27_io/basic_ostream/inserters_arithmetic/wchar_t/1.cc (test for excess errors)
WARNING: 27_io/basic_ostream/inserters_arithmetic/wchar_t/1.cc compilation failed to produce executable
FAIL: thread/pthread1.cc execution test
FAIL: thread/pthread4.cc execution test
WARNING: program timed out.
FAIL: thread/pthread5.cc execution test
=== libstdc++-v3 Summary for unix/-m32 ===
# of expected passes 1999
# of unexpected failures 22
# of unexpected successes 1
# of expected failures 9
Running target unix
FAIL: 22_locale/codecvt/in/wchar_t/2.cc execution test
FAIL: 22_locale/codecvt/out/wchar_t/2.cc execution test
FAIL: 22_locale/codecvt/out/wchar_t/7.cc execution test
FAIL: 22_locale/messages/members/char/1.cc execution test
FAIL: 22_locale/messages/members/char/2.cc execution test
FAIL: 22_locale/messages/members/char/wrapped_env.cc execution test
FAIL: 22_locale/messages/members/char/wrapped_locale.cc execution test
FAIL: 22_locale/messages_byname/1.cc execution test
FAIL: 22_locale/numpunct/members/pod/2.cc execution test
FAIL: 23_containers/adaptors.cc execution test
FAIL: 23_containers/bitset_ctor.cc execution test
FAIL: 23_containers/list_capacity.cc execution test
WARNING: program timed out.
FAIL: 23_containers/list_ctor.cc execution test
WARNING: program timed out.
FAIL: 23_containers/list_modifiers.cc execution test
WARNING: program timed out.
FAIL: 23_containers/list_operators.cc execution test
FAIL: 23_containers/vector_ctor.cc execution test
FAIL: 23_containers/vector_modifiers.cc execution test
FAIL: 24_iterators/iterator.cc execution test
XPASS: 26_numerics/c99_classification_macros_c.cc (test for excess errors)
FAIL: 27_io/basic_ostream/inserters_arithmetic/char/1.cc (test for excess errors)
WARNING: 27_io/basic_ostream/inserters_arithmetic/char/1.cc compilation failed to produce executable
FAIL: 27_io/basic_ostream/inserters_arithmetic/wchar_t/1.cc (test for excess errors)
WARNING: 27_io/basic_ostream/inserters_arithmetic/wchar_t/1.cc compilation failed to produce executable
FAIL: thread/pthread1.cc execution test
WARNING: program timed out.
FAIL: thread/pthread4.cc execution test
FAIL: thread/pthread5.cc execution test
=== libstdc++-v3 Summary for unix ===
# of expected passes 1998
# of unexpected failures 23
# of unexpected successes 1
# of expected failures 9
=== libstdc++-v3 Summary ===
# of expected passes 3997
# of unexpected failures 45
# of unexpected successes 2
# of expected failures 18
Compiler version: 3.5-tree-ssa 20030727 (merged 20030722)
Platform: x86_64-suse-linux-gnu
configure flags: --prefix=/opt/gcc/tree-ssa-20020619-branch --disable-nls --enable-threads=posix --enable-clocale=gnu --enable-__cxa_atexit --enable-shared --enable-languages=c,c++,treelang,java,f77,f95,objc --enable-checking=misc,tree,rtl,gc,rtlflag --with-system-zlib x86_64-suse-linux-gnu --with-libbanshee