This is the mail archive of the
gcc-testresults@gcc.gnu.org
mailing list for the GCC project.
Results for 3.4 20030727 (experimental) testsuite on ia64-suse-linux-gnu
- From: schwab at suse dot de (Andreas Schwab)
- To: gcc-testresults at gcc dot gnu dot org
- Date: Sun, 27 Jul 2003 14:23:24 +0200 (CEST)
- Subject: Results for 3.4 20030727 (experimental) testsuite on ia64-suse-linux-gnu
LAST_UPDATED: Sun Jul 27 08:06:33 UTC 2003
Native configuration is ia64-suse-linux-gnu
=== g++ tests ===
Running target unix
FAIL: g++.dg/ext/pretty1.C scan-assembler top level
FAIL: g++.dg/ext/pretty2.C (test for excess errors)
WARNING: g++.dg/ext/pretty2.C compilation failed to produce executable
FAIL: g++.dg/init/array10.C (test for excess errors)
FAIL: g++.dg/opt/template1.C scan-assembler-not foo1
WARNING: g++.old-deja/g++.mike/p10769a.C compilation failed to produce executable
WARNING: g++.old-deja/g++.other/enum5.C compilation failed to produce executable
WARNING: g++.old-deja/g++.pt/friend44.C compilation failed to produce executable
=== g++ Summary ===
# of expected passes 8511
# of unexpected failures 4
# of expected failures 67
# of unsupported tests 55
/tmp/cvs/gcc-20030727/Build/gcc/testsuite/../g++ version 3.4 20030727 (experimental)
=== g77 tests ===
Running target unix
FAIL: g77.f-torture/execute/980520-1.f compilation, -O0
=== g77 Summary ===
# of expected passes 1746
# of unexpected failures 1
# of untested testcases 1
# of unsupported tests 6
/tmp/cvs/gcc-20030727/Build/gcc/testsuite/../g77 version 3.4 20030727 (experimental)
=== gcc tests ===
Running target unix
XPASS: gcc.c-torture/compile/920625-1.c (test for excess errors)
XPASS: gcc.c-torture/compile/920625-1.c (test for excess errors)
XPASS: gcc.c-torture/compile/920625-1.c (test for excess errors)
XPASS: gcc.c-torture/compile/920625-1.c (test for excess errors)
XPASS: gcc.c-torture/compile/920625-1.c (test for excess errors)
FAIL: gcc.c-torture/compile/950613-1.c (test for excess errors)
FAIL: gcc.c-torture/compile/950613-1.c (test for excess errors)
FAIL: gcc.c-torture/compile/950613-1.c (test for excess errors)
XPASS: gcc.c-torture/execute/990208-1.c execution, -O3 -fomit-frame-pointer
XPASS: gcc.c-torture/execute/990208-1.c execution, -O3 -g
UNRESOLVED: gcc.c-torture/execute/wchar_t-1.c execution, -O0
UNRESOLVED: gcc.c-torture/execute/wchar_t-1.c execution, -O1
UNRESOLVED: gcc.c-torture/execute/wchar_t-1.c execution, -O2
UNRESOLVED: gcc.c-torture/execute/wchar_t-1.c execution, -O3 -fomit-frame-pointer
UNRESOLVED: gcc.c-torture/execute/wchar_t-1.c execution, -O3 -g
UNRESOLVED: gcc.c-torture/execute/wchar_t-1.c execution, -Os
FAIL: gcc.dg/compat/scalar-by-value-3 c_compat_x_tst.o compile
UNRESOLVED: gcc.dg/compat/scalar-by-value-3 c_compat_x_tst.o-c_compat_y_tst.o link
UNRESOLVED: gcc.dg/compat/scalar-by-value-3 c_compat_x_tst.o-c_compat_y_tst.o execute
FAIL: gcc.dg/compat/scalar-by-value-4 c_compat_x_tst.o compile
UNRESOLVED: gcc.dg/compat/scalar-by-value-4 c_compat_x_tst.o-c_compat_y_tst.o link
UNRESOLVED: gcc.dg/compat/scalar-by-value-4 c_compat_x_tst.o-c_compat_y_tst.o execute
FAIL: gcc.dg/compat/scalar-return-3 c_compat_x_tst.o compile
UNRESOLVED: gcc.dg/compat/scalar-return-3 c_compat_x_tst.o-c_compat_y_tst.o link
UNRESOLVED: gcc.dg/compat/scalar-return-3 c_compat_x_tst.o-c_compat_y_tst.o execute
FAIL: gcc.dg/compat/struct-by-value-16 c_compat_x_tst.o compile
FAIL: gcc.dg/compat/struct-by-value-16 c_compat_y_tst.o compile
UNRESOLVED: gcc.dg/compat/struct-by-value-16 c_compat_x_tst.o-c_compat_y_tst.o link
UNRESOLVED: gcc.dg/compat/struct-by-value-16 c_compat_x_tst.o-c_compat_y_tst.o execute
FAIL: gcc.dg/compat/struct-by-value-18 c_compat_x_tst.o compile
UNRESOLVED: gcc.dg/compat/struct-by-value-18 c_compat_x_tst.o-c_compat_y_tst.o link
UNRESOLVED: gcc.dg/compat/struct-by-value-18 c_compat_x_tst.o-c_compat_y_tst.o execute
FAIL: gcc.dg/compat/struct-by-value-5 c_compat_x_tst.o compile
UNRESOLVED: gcc.dg/compat/struct-by-value-5 c_compat_x_tst.o-c_compat_y_tst.o link
UNRESOLVED: gcc.dg/compat/struct-by-value-5 c_compat_x_tst.o-c_compat_y_tst.o execute
FAIL: gcc.dg/compat/vector-1 c_compat_x_tst.o compile
FAIL: gcc.dg/compat/vector-1 c_compat_y_tst.o compile
UNRESOLVED: gcc.dg/compat/vector-1 c_compat_x_tst.o-c_compat_y_tst.o link
UNRESOLVED: gcc.dg/compat/vector-1 c_compat_x_tst.o-c_compat_y_tst.o execute
FAIL: gcc.dg/compat/vector-2 c_compat_x_tst.o compile
FAIL: gcc.dg/compat/vector-2 c_compat_y_tst.o compile
UNRESOLVED: gcc.dg/compat/vector-2 c_compat_x_tst.o-c_compat_y_tst.o link
UNRESOLVED: gcc.dg/compat/vector-2 c_compat_x_tst.o-c_compat_y_tst.o execute
FAIL: gcc.dg/builtins-18.c (test for excess errors)
=== gcc Summary ===
# of expected passes 22710
# of unexpected failures 15
# of unexpected successes 7
# of expected failures 88
# of unresolved testcases 22
# of unsupported tests 245
/tmp/cvs/gcc-20030727/Build/gcc/xgcc version 3.4 20030727 (experimental)
=== objc tests ===
Running target unix
=== objc Summary ===
# of expected passes 1156
/tmp/cvs/gcc-20030727/Build/gcc/xgcc version 3.4 20030727 (experimental)
=== libjava tests ===
Running target unix
FAIL: calls run
WARNING: program timed out.
FAIL: cxxtest run
FAIL: field run
FAIL: final_method run
FAIL: findclass run
FAIL: invoke run
FAIL: martin run
FAIL: noclass run
FAIL: overload run
FAIL: register run
FAIL: simple_int run
FAIL: throwit run
FAIL: virtual run
=== libjava Summary ===
# of expected passes 3060
# of unexpected failures 13
# of expected failures 16
# of untested testcases 25
=== libstdc++-v3 tests ===
Running target unix
FAIL: 22_locale/codecvt/encoding/wchar_t/wrapped_locale.cc execution test
FAIL: 22_locale/codecvt/max_length/wchar_t/wrapped_locale.cc execution test
FAIL: 22_locale/ctype/widen/wchar_t/2.cc execution test
FAIL: 25_algorithms/min_max.cc (test for excess errors)
XPASS: 26_numerics/c99_classification_macros_c.cc (test for excess errors)
FAIL: 27_io/basic_filebuf/underflow/wchar_t/9520.cc execution test
=== libstdc++-v3 Summary ===
# of expected passes 2020
# of unexpected failures 5
# of unexpected successes 1
# of expected failures 9
Compiler version: 3.4 20030727 (experimental)
Platform: ia64-suse-linux-gnu
configure flags: --host=ia64-suse-linux --enable-shared --enable-threads --with-system-zlib