This is the mail archive of the
gcc-testresults@gcc.gnu.org
mailing list for the GCC project.
Results for 3.3.1 20030716 (prerelease) testsuite on sparc-sun-solaris2.8
- From: Eric Botcazou <eric at localhost dot localdomain>
- To: gcc-testresults at gcc dot gnu dot org
- Date: Thu, 17 Jul 2003 12:14:38 +0200
- Subject: Results for 3.3.1 20030716 (prerelease) testsuite on sparc-sun-solaris2.8
LAST_UPDATED: Wed Jul 16 03:48:23 UTC 2003
Native configuration is sparc-sun-solaris2.8
=== g++ tests ===
Running target unix
ERROR: g++.dg/abi/rtti1.C: error executing dg-final: couldn't execute "c++filt": no such file or directory
UNRESOLVED: g++.dg/abi/rtti1.C: error executing dg-final: couldn't execute "c++filt": no such file or directory
FAIL: g++.other/decl5.C caused compiler crash
=== g++ Summary ===
# of expected passes 8019
# of unexpected failures 1
# of expected failures 92
# of unresolved testcases 1
# of untested testcases 21
# of unsupported tests 26
/opt/build/eric/gcc-3_3-branch/gcc/testsuite/../g++ version 3.3.1 20030716 (prerelease)
=== g77 tests ===
Running target unix
=== g77 Summary ===
# of expected passes 1686
# of unsupported tests 8
/opt/build/eric/gcc-3_3-branch/gcc/testsuite/../g77 version 3.3.1 20030716 (prerelease)
=== gcc tests ===
Running target unix
WARNING: gcc.dg/20021014-1.c compilation failed to produce executable
FAIL: gcc.dg/duff-2.c (test for excess errors)
=== gcc Summary ===
# of expected passes 20881
# of unexpected failures 1
# of expected failures 67
# of unsupported tests 165
/opt/build/eric/gcc-3_3-branch/gcc/xgcc version 3.3.1 20030716 (prerelease)
=== objc tests ===
Running target unix
=== objc Summary ===
# of expected passes 1153
/opt/build/eric/gcc-3_3-branch/gcc/xgcc version 3.3.1 20030716 (prerelease)
=== libstdc++-v3 tests ===
Running target unix
WARNING: program timed out.
FAIL: 21_strings/ctor_copy_dtor.cc execution test
FAIL: 22_locale/codecvt/max_length/char/wrapped_env.cc execution test
FAIL: 22_locale/codecvt/max_length/char/wrapped_locale.cc execution test
=== libstdc++-v3 Summary ===
# of expected passes 432
# of unexpected failures 3
# of expected failures 18
Compiler version: 3.3.1 20030716 (prerelease)
Platform: sparc-sun-solaris2.8
configure flags: --host=sparc-sun-solaris2.8 --prefix=/opt/build/eric --enable-checking=misc,tree,rtlflag --disable-multilib