This is the mail archive of the
gcc-testresults@gcc.gnu.org
mailing list for the GCC project.
Results for 3.4 20030715 (experimental) testsuite on s390x-ibm-linux-gnu
- From: Ulrich Weigand <weigand at i1 dot informatik dot uni-erlangen dot de>
- To: gcc-testresults at gcc dot gnu dot org
- Date: Wed, 16 Jul 2003 20:20:49 +0200 (MET DST)
- Subject: Results for 3.4 20030715 (experimental) testsuite on s390x-ibm-linux-gnu
LAST_UPDATED:
Native configuration is s390x-ibm-linux-gnu
=== g++ tests ===
Running target unix
FAIL: g++.dg/abi/empty6.C (test for warnings, line 6)
FAIL: g++.dg/ext/pretty1.C scan-assembler top level
FAIL: g++.dg/ext/pretty2.C (test for excess errors)
WARNING: g++.dg/ext/pretty2.C compilation failed to produce executable
FAIL: g++.dg/init/array10.C (test for excess errors)
FAIL: g++.dg/opt/template1.C scan-assembler-not foo1
WARNING: g++.old-deja/g++.mike/p10769a.C compilation failed to produce executable
WARNING: g++.old-deja/g++.other/enum5.C compilation failed to produce executable
XPASS: g++.old-deja/g++.other/init5.C execution test
WARNING: g++.old-deja/g++.pt/friend44.C compilation failed to produce executable
=== g++ Summary ===
# of expected passes 8730
# of unexpected failures 5
# of unexpected successes 1
# of expected failures 66
# of unsupported tests 53
/mnt/dasdc1/weigand/fsf/gcc-head-build/gcc/testsuite/../g++ version 3.4 20030715 (experimental)
=== g77 tests ===
Running target unix
FAIL: g77.f-torture/execute/980520-1.f compilation, -O0
=== g77 Summary ===
# of expected passes 1746
# of unexpected failures 1
# of untested testcases 1
# of unsupported tests 6
/mnt/dasdc1/weigand/fsf/gcc-head-build/gcc/testsuite/../g77 version 3.4 20030715 (experimental)
=== gcc tests ===
Running target unix
UNRESOLVED: gcc.c-torture/execute/wchar_t-1.c execution, -O0
UNRESOLVED: gcc.c-torture/execute/wchar_t-1.c execution, -O1
UNRESOLVED: gcc.c-torture/execute/wchar_t-1.c execution, -O2
UNRESOLVED: gcc.c-torture/execute/wchar_t-1.c execution, -O3 -fomit-frame-pointer
UNRESOLVED: gcc.c-torture/execute/wchar_t-1.c execution, -O3 -g
UNRESOLVED: gcc.c-torture/execute/wchar_t-1.c execution, -Os
FAIL: gcc.dg/compat/vector-1 c_compat_x_tst.o compile
FAIL: gcc.dg/compat/vector-1 c_compat_y_tst.o compile
UNRESOLVED: gcc.dg/compat/vector-1 c_compat_x_tst.o-c_compat_y_tst.o link
UNRESOLVED: gcc.dg/compat/vector-1 c_compat_x_tst.o-c_compat_y_tst.o execute
FAIL: gcc.dg/const-elim-1.c scan-assembler-not L\\\$?C[^A-Z]
FAIL: gcc.dg/warn-1.c (test for warnings, line 15)
=== gcc Summary ===
# of expected passes 22865
# of unexpected failures 4
# of expected failures 82
# of unresolved testcases 8
# of unsupported tests 255
/mnt/dasdc1/weigand/fsf/gcc-head-build/gcc/xgcc version 3.4 20030715 (experimental)
=== objc tests ===
Running target unix
=== objc Summary ===
# of expected passes 1156
/mnt/dasdc1/weigand/fsf/gcc-head-build/gcc/xgcc version 3.4 20030715 (experimental)
=== libjava tests ===
Running target unix
FAIL: running jacks
FAIL: gnu.testlet.java.io.File.jdk11: getCanonicalPath () (number 1)
FAIL: gnu.testlet.java.io.ObjectInputOutput.InputTest: gnu.testlet.java.io.ObjectInputOutput.Test\$GetPutField (number 1)
FAIL: gnu.testlet.java.io.ObjectInputOutput.OutputTest: Serializable: gnu.testlet.java.io.ObjectInputOutput.Test\$Extern () (number 2)
FAIL: gnu.testlet.java.io.ObjectInputOutput.OutputTest: Serializable: test(str=null, x=0) (number 2)
FAIL: gnu.testlet.java.io.OutputStreamWriter.jdk11: OutputStreamWriter(writer, encoding) (number 1)
FAIL: gnu.testlet.java.io.OutputStreamWriter.jdk11: OutputStreamWriter(writer, encoding) // alias (number 1)
FAIL: gnu.testlet.java.io.PrintStream.subclass (number 1)
FAIL: gnu.testlet.java.lang.Double.DoubleTest: Error: test_longValue returned wrong results CYGNUS: Float to int conversions - 1 (number 1)
FAIL: gnu.testlet.java.lang.Math.MathTest: Error : test_pow failed - 9 (number 1)
FAIL: gnu.testlet.java.lang.Math.max (number 2)
FAIL: gnu.testlet.java.lang.Math.max (number 18)
FAIL: gnu.testlet.java.math.BigDecimal.setScale: quinn (number 2)
FAIL: gnu.testlet.java.net.DatagramSocket.DatagramSocketTest2: Expected IOException (number 1)
FAIL: gnu.testlet.java.net.DatagramSocket.DatagramSocketTest2: uncaught exception at "invalid_send_data" number 4: java.lang.IllegalArgumentException: Invalid length: -1
FAIL: gnu.testlet.java.net.Socket.SocketTest: Error : test_BasicServer failed - 7 no more data available (number 1)
FAIL: gnu.testlet.java.net.Socket.jdk13: unexpected error: Success (number 1)
FAIL: gnu.testlet.java.net.URL.URLTest: I want my Apache server! (number 1)
FAIL: gnu.testlet.java.net.URL.URLTest: Content must be text/html (number 1)
FAIL: gnu.testlet.java.net.URL.URLTest: getContent() threw Exception (number 1)
FAIL: gnu.testlet.java.net.URL.URLTest: Error in test_openStream - 2 exception should not be thrown here (number 1)
XPASS: gnu.testlet.java.net.URL.URLTest: sameFile (number 2)
FAIL: gnu.testlet.java.net.URL.URLTest: toString (number 2)
FAIL: gnu.testlet.java.net.URLClassLoader.getResourceRemote: URL file path ends with /mauve/testarea/testresource (number 1)
FAIL: gnu.testlet.java.net.URLClassLoader.getResourceRemote: ./testresource (number 1)
FAIL: gnu.testlet.java.net.URLClassLoader.getResourceRemote: ./testresource (number 1)
FAIL: gnu.testlet.java.net.URLClassLoader.getResourceRemote: URL file path ends with /mauve/testarea/testdir/resourceindir (number 1)
FAIL: gnu.testlet.java.net.URLClassLoader.getResourceRemote: ./testdir/resourceindir (number 1)
FAIL: gnu.testlet.java.net.URLClassLoader.getResourceRemote: testdir/./resourceindir (number 1)
FAIL: gnu.testlet.java.net.URLClassLoader.getResourceRemote: testdir/../testdir/resourceindir (number 1)
FAIL: gnu.testlet.java.net.URLClassLoader.getResourceRemote: testdir///resourceindir (number 1)
FAIL: gnu.testlet.java.net.URLClassLoader.getResourceRemote: URL file path ends with /mauve/testarea/remotejar.jar!/remote-jresource (number 1)
FAIL: gnu.testlet.java.net.URLClassLoader.getResourceRemote: URL file path ends with /mauve/testarea/remotejar.jar!/path/in/remote-jar/resourcefile (number 1)
FAIL: gnu.testlet.java.net.URLConnection.URLConnectionTest: Error in test_getContentFunctions - 5 should not have raised exception here (number 1)
FAIL: gnu.testlet.java.net.URLConnection.URLConnectionTest: Error in test_getHeaderField - 0 0 header field wrong (number 1)
FAIL: gnu.testlet.java.net.URLConnection.URLConnectionTest: Error in test_getHeaderField - 10 should not have raised exception here (number 1)
FAIL: gnu.testlet.java.net.URLConnection.URLConnectionTest: Error in test_streams - 1 should not have raised exception here (number 1)
XPASS: gnu.testlet.java.text.SimpleDateFormat.Test: equals() (number 1)
FAIL: gnu.testlet.java.util.zip.InflaterInputStream.basic: compressing string (number 2)
ERROR: tcl error sourcing /mnt/dasdc1/weigand/fsf/gcc-head/libjava/testsuite/libjava.verify/verify.exp.
ERROR: couldn't change working directory to "/mnt/dasdc1/weigand/fsf/gcc-head/libjava/testsuite/libjava.verify/verify": no such file or directory
=== libjava Summary ===
# of expected passes 11358
# of unexpected failures 37
# of unexpected successes 2
# of expected failures 129
# of untested testcases 12
=== libstdc++-v3 tests ===
Running target unix
FAIL: 22_locale/time_put/put/char/2.cc execution test
FAIL: 22_locale/time_put/put/char/wrapped_env.cc execution test
FAIL: 22_locale/time_put/put/char/wrapped_locale.cc execution test
FAIL: 22_locale/time_put/put/wchar_t/2.cc execution test
FAIL: 22_locale/time_put/put/wchar_t/wrapped_env.cc execution test
FAIL: 22_locale/time_put/put/wchar_t/wrapped_locale.cc execution test
XPASS: 26_numerics/c99_classification_macros_c.cc (test for excess errors)
=== libstdc++-v3 Summary ===
# of expected passes 2013
# of unexpected failures 6
# of unexpected successes 1
# of expected failures 9
Compiler version: 3.4 20030715 (experimental)
Platform: s390x-ibm-linux-gnu
configure flags: --enable-__cxa_atexit --prefix=/home/weigand/fsf/gcc-head-install --disable-multilib