This is the mail archive of the
gcc-testresults@gcc.gnu.org
mailing list for the GCC project.
Results for 3.3.1 20030715 (prerelease) testsuite on sparc-sun-solaris2.8
- From: Rainer Orth <ro at TechFak dot Uni-Bielefeld dot DE>
- To: gcc-testresults at gcc dot gnu dot org
- Date: Wed, 16 Jul 2003 13:30:08 +0200 (MEST)
- Subject: Results for 3.3.1 20030715 (prerelease) testsuite on sparc-sun-solaris2.8
LAST_UPDATED: Tue Jul 15 17:47:45 UTC 2003
Native configuration is sparc-sun-solaris2.8
=== g++ tests ===
Running target unix
=== g++ Summary for unix ===
# of expected passes 8028
# of expected failures 98
# of untested testcases 21
# of unsupported tests 26
Running target unix/-m64
=== g++ Summary for unix/-m64 ===
# of expected passes 8027
# of expected failures 99
# of untested testcases 21
# of unsupported tests 26
=== g++ Summary ===
# of expected passes 16055
# of expected failures 197
# of untested testcases 42
# of unsupported tests 52
/amnt/figaro/volumes/obj-gcc/gcc/obj.sol2/gcc-3.3.1-20030715/8-gcc/gcc/testsuite/../g++ version 3.3.1 20030715 (prerelease)
=== g77 tests ===
Running target unix
=== g77 Summary for unix ===
# of expected passes 1686
# of unsupported tests 8
Running target unix/-m64
=== g77 Summary for unix/-m64 ===
# of expected passes 1686
# of unsupported tests 8
=== g77 Summary ===
# of expected passes 3372
# of unsupported tests 16
/amnt/figaro/volumes/obj-gcc/gcc/obj.sol2/gcc-3.3.1-20030715/8-gcc/gcc/testsuite/../g77 version 3.3.1 20030715 (prerelease)
=== gcc tests ===
Running target unix
WARNING: gcc.dg/20021014-1.c compilation failed to produce executable
FAIL: gcc.dg/duff-2.c (test for excess errors)
=== gcc Summary for unix ===
# of expected passes 20881
# of unexpected failures 1
# of expected failures 67
# of unsupported tests 165
Running target unix/-m64
WARNING: gcc.dg/20021014-1.c compilation failed to produce executable
FAIL: gcc.dg/duff-2.c (test for excess errors)
FAIL: gcc.dg/sparc-ret.c (test for excess errors)
ERROR: gcc.dg/sparc-ret.c: error executing dg-final: couldn't open "sparc-ret.s": no such file or directory
UNRESOLVED: gcc.dg/sparc-ret.c: error executing dg-final: couldn't open "sparc-ret.s": no such file or directory
=== gcc Summary for unix/-m64 ===
# of expected passes 20868
# of unexpected failures 2
# of expected failures 77
# of unresolved testcases 1
# of unsupported tests 165
=== gcc Summary ===
# of expected passes 41749
# of unexpected failures 3
# of expected failures 144
# of unresolved testcases 1
# of unsupported tests 330
/amnt/figaro/volumes/obj-gcc/gcc/obj.sol2/gcc-3.3.1-20030715/8-gcc/gcc/xgcc version 3.3.1 20030715 (prerelease)
=== objc tests ===
Running target unix
=== objc Summary for unix ===
# of expected passes 1153
Running target unix/-m64
=== objc Summary for unix/-m64 ===
# of expected passes 1153
=== objc Summary ===
# of expected passes 2306
/amnt/figaro/volumes/obj-gcc/gcc/obj.sol2/gcc-3.3.1-20030715/8-gcc/gcc/xgcc version 3.3.1 20030715 (prerelease)
=== libjava tests ===
Running target unix
FAIL: Array_3 execution - gij test
FAIL: Array_3 execution - gij test
FAIL: FileHandleGcTest execution - source compiled test
FAIL: FileHandleGcTest execution - bytecode->native test
FAIL: FileHandleGcTest -O execution - source compiled test
FAIL: FileHandleGcTest -O execution - bytecode->native test
FAIL: SyncTest execution - gij test
FAIL: SyncTest execution - gij test
FAIL: TLtest execution - gij test
FAIL: Thread_Monitor execution - gij test
FAIL: Thread_Monitor execution - gij test
FAIL: Thread_Wait_Interrupt execution - gij test
FAIL: Throw_2 execution - source compiled test
FAIL: Throw_2 execution - gij test
FAIL: Throw_2 execution - bytecode->native test
FAIL: Throw_2 -O execution - source compiled test
FAIL: Throw_2 execution - gij test
FAIL: Throw_2 -O execution - bytecode->native test
=== libjava Summary for unix ===
# of expected passes 2955
# of unexpected failures 18
# of expected failures 16
# of untested testcases 30
Running target unix/-m64
FAIL: Array_3 execution - gij test
FAIL: Array_3 execution - gij test
FAIL: FileHandleGcTest execution - source compiled test
FAIL: FileHandleGcTest execution - gij test
FAIL: FileHandleGcTest execution - bytecode->native test
FAIL: FileHandleGcTest -O execution - source compiled test
FAIL: FileHandleGcTest execution - gij test
FAIL: FileHandleGcTest -O execution - bytecode->native test
FAIL: PR141 execution - gij test
FAIL: PR141 execution - gij test
WARNING: program timed out.
FAIL: Thread_Wait_2 execution - gij test
WARNING: program timed out.
FAIL: Thread_Wait_2 execution - gij test
FAIL: Thread_Wait_Interrupt execution - gij test
FAIL: Thread_Wait_Interrupt execution - gij test
=== libjava Summary for unix/-m64 ===
# of expected passes 2963
# of unexpected failures 14
# of expected failures 16
# of untested testcases 26
=== libjava Summary ===
# of expected passes 5918
# of unexpected failures 32
# of expected failures 32
# of untested testcases 56
=== libstdc++-v3 tests ===
Running target unix
WARNING: program timed out.
FAIL: thread/pthread4.cc execution test
=== libstdc++-v3 Summary for unix ===
# of expected passes 428
# of unexpected failures 1
# of expected failures 18
Running target unix/-m64
=== libstdc++-v3 Summary for unix/-m64 ===
# of expected passes 429
# of expected failures 18
=== libstdc++-v3 Summary ===
# of expected passes 857
# of unexpected failures 1
# of expected failures 36
Compiler version: 3.3.1 20030715 (prerelease)
Platform: sparc-sun-solaris2.8
configure flags: --host=sparc-sun-solaris2.8 --prefix=/vol/gcc --with-local-prefix=/vol/gcc --disable-nls