This is the mail archive of the
gcc-testresults@gcc.gnu.org
mailing list for the GCC project.
Results for [3.3] 3.3.120030713(prerelease) testsuite on i686-pc-linux-gnu
- From: "Autocrasher" <autocrasher at devphil dot com>
- To: gcc-testresults at gcc dot gnu dot org
- Date: 13 Jul 2003 22:01:01 -0000
- Subject: Results for [3.3] 3.3.120030713(prerelease) testsuite on i686-pc-linux-gnu
The configure/build/test log and libstdc++-v3 regression plots can be
found at http://www.devphil.com/build/
Host was specified as athlon_mp-pc-linux-gnu.
This particular run used standard (previously installed) binutils.
- The Autocrasher (Phil's Builder Bot, version 2.0)
LAST_UPDATED: Wed Jul 9 21:54:50 UTC 2003
Native configuration is i686-pc-linux-gnu
=== g++ tests ===
Running target unix
FAIL: g++.dg/tls/init-2.C (test for excess errors)
XPASS: g++.other/init5.C Execution test
=== g++ Summary ===
# of expected passes 8065
# of unexpected failures 1
# of unexpected successes 1
# of expected failures 94
# of untested testcases 9
# of unsupported tests 14
/mnt/build/build-2003-07-13-3.3/gcc/testsuite/../g++ version 3.3.1 20030713 (prerelease)
=== libstdc++-v3 check-abi Summary ===
# of added symbols: 46
# of missing symbols: 46
# of incompatible symbols: 92
=== libstdc++-v3 tests ===
Running target unix
XPASS: 22_locale/ctype_is_wchar_t.cc execution test
=== libstdc++-v3 Summary ===
# of expected passes 453
# of unexpected successes 1
# of expected failures 27
Compiler version: 3.3.120030713(prerelease)
Platform: i686-pc-linux-gnu
configure flags: --host=i686-pc-linux-gnu --prefix=/mnt/build/install-2003-07-13-3.3 --build=athlon_mp-pc-linux-gnu --enable-threads=posix --enable-__cxa_atexit --enable-languages=c++ --with-dwarf2 --enable-cxx-flags=-march=athlon-mp