This is the mail archive of the
gcc-testresults@gcc.gnu.org
mailing list for the GCC project.
Results for 3.5-tree-ssa 20030711 (merged 20030525) testsuite on powerpc-unknown-linux-gnu
- From: Diego Novillo <dnovillo at toystory dot toronto dot redhat dot com>
- To: gcc-testresults at gcc dot gnu dot org
- Date: Fri, 11 Jul 2003 06:37:45 -0400
- Subject: Results for 3.5-tree-ssa 20030711 (merged 20030525) testsuite on powerpc-unknown-linux-gnu
LAST_UPDATED:
Native configuration is powerpc-unknown-linux-gnu
=== g++ tests ===
Running target unix
ERROR: g++.dg/abi/rtti1.C: error executing dg-final: child killed: illegal instruction
UNRESOLVED: g++.dg/abi/rtti1.C: error executing dg-final: child killed: illegal instruction
FAIL: g++.dg/ext/pretty1.C scan-assembler top level
FAIL: g++.dg/ext/pretty2.C (test for excess errors)
WARNING: g++.dg/ext/pretty2.C compilation failed to produce executable
XPASS: g++.dg/other/packed1.C execution test
FAIL: 23:is 2:should be 1
FAIL: g++.dg/gcov/gcov-2.C gcov: 1 failures in line counts, 0 in branch percentages, 0 in return percentages
WARNING: g++.old-deja/g++.mike/p10769a.C compilation failed to produce executable
XPASS: g++.old-deja/g++.oliva/template1.C (test for errors, line 14)
WARNING: g++.old-deja/g++.other/enum5.C compilation failed to produce executable
FAIL: g++.old-deja/g++.other/vaarg3.C (test for errors, line 23)
FAIL: g++.old-deja/g++.other/vaarg3.C (test for errors, line 26)
WARNING: g++.old-deja/g++.pt/friend44.C compilation failed to produce executable
=== g++ Summary ===
# of expected passes 8509
# of unexpected failures 6
# of unexpected successes 2
# of expected failures 68
# of unresolved testcases 1
# of unsupported tests 46
/notnfs/dnovillo/sbox/tree-ssa-branch/bld.toystory/gcc/testsuite/../g++ version 3.5-tree-ssa 20030711 (merged 20030525)
=== g77 tests ===
Running target unix
FAIL: g77.f-torture/execute/980520-1.f compilation, -O0
=== g77 Summary ===
# of expected passes 1722
# of unexpected failures 1
# of untested testcases 1
# of unsupported tests 6
/notnfs/dnovillo/sbox/tree-ssa-branch/bld.toystory/gcc/testsuite/../g77 version 3.5-tree-ssa 20030711 (merged 20030525)
=== gcc tests ===
Running target unix
XPASS: gcc.c-torture/execute/builtins/string-4.c execution, -O0
XPASS: gcc.c-torture/execute/builtins/string-5.c execution, -O0
XPASS: gcc.c-torture/execute/builtins/string-4.c execution, -O0
XPASS: gcc.c-torture/execute/builtins/string-5.c execution, -O0
FAIL: gcc.c-torture/execute/20000603-1.c execution, -O3 -fomit-frame-pointer
FAIL: gcc.c-torture/execute/20000603-1.c execution, -O3 -g
FAIL: gcc.c-torture/execute/20030125-1.c execution, -O1
FAIL: gcc.c-torture/execute/20030125-1.c execution, -O2
FAIL: gcc.c-torture/execute/20030125-1.c execution, -O3 -fomit-frame-pointer
FAIL: gcc.c-torture/execute/20030125-1.c execution, -O3 -g
FAIL: gcc.c-torture/execute/20030125-1.c execution, -Os
FAIL: gcc.dg/20010516-1.c (test for excess errors)
FAIL: gcc.dg/20020103-1.c scan-assembler-not LC
FAIL: gcc.dg/20020118-1.c execution test
FAIL: gcc.dg/20030331-2.c (test for excess errors)
FAIL: gcc.dg/Wunreachable-2.c (test for excess errors)
FAIL: gcc.dg/Wunreachable-4.c (test for excess errors)
FAIL: gcc.dg/altivec-4.c (test for excess errors)
FAIL: gcc.dg/altivec-5.c (test for excess errors)
FAIL: gcc.dg/doloop-1.c scan-assembler bdnz
FAIL: gcc.dg/doloop-1.c scan-assembler-not blt
FAIL: gcc.dg/ppc-sdata-1.c scan-assembler sdat@sdarel\\(13\\)
FAIL: gcc.dg/ppc-sdata-1.c scan-assembler sdat2@sda21\\(2\\)
XPASS: gcc.dg/uninit-4.c uninitialized variable warning (test for bogus messages, line 26)
XPASS: gcc.dg/uninit-5.c uninitialized variable warning (test for bogus messages, line 13)
XPASS: gcc.dg/uninit-5.c uninitialized variable warning (test for bogus messages, line 27)
XPASS: gcc.dg/uninit-8.c uninitialized variable warning (test for bogus messages, line 14)
FAIL: gcc.dg/warn-1.c (test for warnings, line 8)
FAIL: gcc.dg/warn-1.c (test for warnings, line 15)
FAIL: gcc.dg/warn-1.c (test for excess errors)
FAIL: gcc.dg/pch/static-3.c -O2 assembly comparison
FAIL: gcc.dg/pch/system-1.c -O0 -g assembly comparison
FAIL: gcc.dg/pch/system-1.c -O3 -g assembly comparison
=== gcc Summary ===
# of expected passes 22798
# of unexpected failures 25
# of unexpected successes 8
# of expected failures 88
# of unsupported tests 190
/notnfs/dnovillo/sbox/tree-ssa-branch/bld.toystory/gcc/xgcc version 3.5-tree-ssa 20030711 (merged 20030525)
=== objc tests ===
Running target unix
=== objc Summary ===
# of expected passes 1156
/notnfs/dnovillo/sbox/tree-ssa-branch/bld.toystory/gcc/xgcc version 3.5-tree-ssa 20030711 (merged 20030525)
=== libjava tests ===
Running target unix
FAIL: ArrayStore execution - gij test
FAIL: ArrayStore execution - gij test
FAIL: Array_3 execution - gij test
FAIL: Array_3 -O execution - source compiled test
FAIL: Array_3 execution - gij test
FAIL: FileHandleGcTest execution - gij test
FAIL: FileHandleGcTest execution - gij test
FAIL: PR218 execution - gij test
FAIL: PR218 execution - gij test
FAIL: initexc execution - gij test
FAIL: initexc execution - gij test
FAIL: instinit2 execution - gij test
FAIL: instinit2 execution - gij test
FAIL: invokethrow execution - gij test
FAIL: invokethrow execution - gij test
=== libjava Summary ===
# of expected passes 2989
# of unexpected failures 15
# of expected failures 16
# of untested testcases 27
=== libmudflap tests ===
Running target unix
FAIL: libmudflap.c/fail13-frag.c (-O2) crash test
FAIL: libmudflap.c/fail13-frag.c (-O2) output pattern test
FAIL: libmudflap.c/fail13-frag.c (-O3) crash test
FAIL: libmudflap.c/fail13-frag.c (-O3) output pattern test
=== libmudflap Summary ===
# of expected passes 972
# of unexpected failures 4
=== libstdc++-v3 tests ===
Running target unix
XPASS: 26_numerics/c99_classification_macros_c.cc (test for excess errors)
FAIL: 26_numerics/fabs_inline.cc (test for excess errors)
WARNING: 26_numerics/fabs_inline.cc compilation failed to produce executable
=== libstdc++-v3 Summary ===
# of expected passes 1852
# of unexpected failures 1
# of unexpected successes 1
Compiler version: 3.5-tree-ssa 20030711 (merged 20030525)
Platform: powerpc-unknown-linux-gnu
configure flags: --prefix=/home/dnovillo/perf/sbox/tree-ssa-branch/local/inst.toystory --srcdir=/home/dnovillo/perf/sbox/tree-ssa-branch/local/src --disable-multilib --disable-checking --enable-threads --enable-languages=c,c++,f77,java,objc --with-libbanshee