This is the mail archive of the
gcc-testresults@gcc.gnu.org
mailing list for the GCC project.
Results for 3.3 20030708 (Red Hat Linux 3.3-13) testsuite on i686-pc-linux-gnu
- From: hjl at gnu-5 dot sc dot intel dot com (H.J. Lu)
- To: gcc-testresults at gcc dot gnu dot org
- Date: Thu, 10 Jul 2003 13:28:59 -0400 (EDT)
- Subject: Results for 3.3 20030708 (Red Hat Linux 3.3-13) testsuite on i686-pc-linux-gnu
LAST_UPDATED: Thu Jul 10 14:31:33 UTC 2003
Native configuration is i686-pc-linux-gnu
=== g77 tests ===
Running target unix
=== g77 Summary ===
# of expected passes 1702
/export/build/gnu/gcc-3.3-redhat/build-i686-linux/gcc/testsuite/../g77 version 3.3 20030708 (Red Hat Linux 3.3-13)
=== gcc tests ===
Running target unix
FAIL: gcc.dg/duff-2.c (test for excess errors)
FAIL: gcc.dg/uninit-C.c (test for excess errors)
=== gcc Summary ===
# of expected passes 21252
# of unexpected failures 2
# of expected failures 69
# of unsupported tests 88
/export/build/gnu/gcc-3.3-redhat/build-i686-linux/gcc/xgcc version 3.3 20030708 (Red Hat Linux 3.3-13)
=== g++ tests ===
Running target unix
FAIL: g++.dg/tls/init-2.C (test for excess errors)
=== g++ Summary ===
# of expected passes 8063
# of unexpected failures 1
# of expected failures 95
# of untested testcases 9
# of unsupported tests 4
/export/build/gnu/gcc-3.3-redhat/build-i686-linux/gcc/testsuite/../g++ version 3.3 20030708 (Red Hat Linux 3.3-13)
=== objc tests ===
Running target unix
=== objc Summary ===
# of expected passes 1153
/export/build/gnu/gcc-3.3-redhat/build-i686-linux/gcc/xgcc version 3.3 20030708 (Red Hat Linux 3.3-13)
=== libjava tests ===
Running target unix
FAIL: Thread_Interrupt output - gij test
=== libjava Summary ===
# of expected passes 2990
# of unexpected failures 1
# of expected failures 16
# of untested testcases 12
=== libstdc++-v3 tests ===
Running target unix
FAIL: 22_locale/ctor_copy_dtor.cc execution test
XPASS: 22_locale/ctype_is_wchar_t.cc execution test
FAIL: 22_locale/facet.cc execution test
FAIL: 27_io/filebuf_virtuals.cc execution test
FAIL: 27_io/ostream_inserter_arith.cc execution test
FAIL: 27_io/streambuf_members.cc execution test
FAIL: 27_io/stringbuf_virtuals.cc execution test
=== libstdc++-v3 Summary ===
# of expected passes 447
# of unexpected failures 6
# of unexpected successes 1
# of expected failures 27
Compiler version: 3.3 20030708 (Red Hat Linux 3.3-13)
Platform: i686-pc-linux-gnu
configure flags: --host=i686-pc-linux-gnu --enable-clocale=gnu --with-system-zlib --enable-shared --enable-threads=posix --enable-haifa --disable-checking --prefix=/usr/gcc-3.3-redhat --with-local-prefix=/usr/local