This is the mail archive of the
gcc-testresults@gcc.gnu.org
mailing list for the GCC project.
Results for 3.4 20030710 (experimental) testsuite on ia64-suse-linux-gnu
- From: schwab at suse dot de (Andreas Schwab)
- To: gcc-testresults at gcc dot gnu dot org
- Date: Thu, 10 Jul 2003 16:41:48 +0200 (CEST)
- Subject: Results for 3.4 20030710 (experimental) testsuite on ia64-suse-linux-gnu
LAST_UPDATED: Thu Jul 10 09:46:02 UTC 2003
Native configuration is ia64-suse-linux-gnu
=== g++ tests ===
Running target unix
FAIL: g++.dg/ext/pretty1.C scan-assembler top level
FAIL: g++.dg/ext/pretty2.C (test for excess errors)
WARNING: g++.dg/ext/pretty2.C compilation failed to produce executable
FAIL: g++.dg/init/array10.C (test for excess errors)
FAIL: g++.dg/gcov/gcov-1.C gcov failed:
FAIL: g++.dg/gcov/gcov-2.C gcov failed:
FAIL: g++.dg/gcov/gcov-3.C gcov failed:
WARNING: g++.old-deja/g++.mike/p10769a.C compilation failed to produce executable
WARNING: g++.old-deja/g++.other/enum5.C compilation failed to produce executable
WARNING: g++.old-deja/g++.pt/friend44.C compilation failed to produce executable
=== g++ Summary ===
# of expected passes 8397
# of unexpected failures 6
# of expected failures 68
# of unsupported tests 53
/tmp/cvs/gcc-20030710/Build/gcc/testsuite/../g++ version 3.4 20030710 (experimental)
=== g77 tests ===
Running target unix
FAIL: g77.dg/gcov/gcov-1.f gcov failed:
FAIL: g77.f-torture/execute/980520-1.f compilation, -O0
=== g77 Summary ===
# of expected passes 1745
# of unexpected failures 2
# of untested testcases 1
# of unsupported tests 6
/tmp/cvs/gcc-20030710/Build/gcc/testsuite/../g77 version 3.4 20030710 (experimental)
=== gcc tests ===
Running target unix
XPASS: gcc.c-torture/compile/920625-1.c (test for excess errors)
XPASS: gcc.c-torture/compile/920625-1.c (test for excess errors)
XPASS: gcc.c-torture/compile/920625-1.c (test for excess errors)
XPASS: gcc.c-torture/compile/920625-1.c (test for excess errors)
XPASS: gcc.c-torture/compile/920625-1.c (test for excess errors)
XPASS: gcc.c-torture/execute/990208-1.c execution, -O3 -fomit-frame-pointer
XPASS: gcc.c-torture/execute/990208-1.c execution, -O3 -g
UNRESOLVED: gcc.c-torture/execute/wchar_t-1.c execution, -O0
UNRESOLVED: gcc.c-torture/execute/wchar_t-1.c execution, -O1
UNRESOLVED: gcc.c-torture/execute/wchar_t-1.c execution, -O2
UNRESOLVED: gcc.c-torture/execute/wchar_t-1.c execution, -O3 -fomit-frame-pointer
UNRESOLVED: gcc.c-torture/execute/wchar_t-1.c execution, -O3 -g
UNRESOLVED: gcc.c-torture/execute/wchar_t-1.c execution, -Os
FAIL: gcc.dg/compat/scalar-by-value-3 c_compat_x_tst.o compile
UNRESOLVED: gcc.dg/compat/scalar-by-value-3 c_compat_x_tst.o-c_compat_y_tst.o link
UNRESOLVED: gcc.dg/compat/scalar-by-value-3 c_compat_x_tst.o-c_compat_y_tst.o execute
FAIL: gcc.dg/compat/scalar-by-value-4 c_compat_x_tst.o compile
UNRESOLVED: gcc.dg/compat/scalar-by-value-4 c_compat_x_tst.o-c_compat_y_tst.o link
UNRESOLVED: gcc.dg/compat/scalar-by-value-4 c_compat_x_tst.o-c_compat_y_tst.o execute
FAIL: gcc.dg/compat/scalar-return-3 c_compat_x_tst.o compile
UNRESOLVED: gcc.dg/compat/scalar-return-3 c_compat_x_tst.o-c_compat_y_tst.o link
UNRESOLVED: gcc.dg/compat/scalar-return-3 c_compat_x_tst.o-c_compat_y_tst.o execute
FAIL: gcc.dg/compat/struct-by-value-16 c_compat_x_tst.o compile
FAIL: gcc.dg/compat/struct-by-value-16 c_compat_y_tst.o compile
UNRESOLVED: gcc.dg/compat/struct-by-value-16 c_compat_x_tst.o-c_compat_y_tst.o link
UNRESOLVED: gcc.dg/compat/struct-by-value-16 c_compat_x_tst.o-c_compat_y_tst.o execute
FAIL: gcc.dg/compat/struct-by-value-18 c_compat_x_tst.o compile
UNRESOLVED: gcc.dg/compat/struct-by-value-18 c_compat_x_tst.o-c_compat_y_tst.o link
UNRESOLVED: gcc.dg/compat/struct-by-value-18 c_compat_x_tst.o-c_compat_y_tst.o execute
FAIL: gcc.dg/compat/struct-by-value-5 c_compat_x_tst.o compile
UNRESOLVED: gcc.dg/compat/struct-by-value-5 c_compat_x_tst.o-c_compat_y_tst.o link
UNRESOLVED: gcc.dg/compat/struct-by-value-5 c_compat_x_tst.o-c_compat_y_tst.o execute
FAIL: gcc.dg/compat/vector-1 c_compat_x_tst.o compile
FAIL: gcc.dg/compat/vector-1 c_compat_y_tst.o compile
UNRESOLVED: gcc.dg/compat/vector-1 c_compat_x_tst.o-c_compat_y_tst.o link
UNRESOLVED: gcc.dg/compat/vector-1 c_compat_x_tst.o-c_compat_y_tst.o execute
FAIL: gcc.dg/compat/vector-2 c_compat_x_tst.o compile
FAIL: gcc.dg/compat/vector-2 c_compat_y_tst.o compile
UNRESOLVED: gcc.dg/compat/vector-2 c_compat_x_tst.o-c_compat_y_tst.o link
UNRESOLVED: gcc.dg/compat/vector-2 c_compat_x_tst.o-c_compat_y_tst.o execute
FAIL: gcc.dg/builtins-18.c (test for excess errors)
FAIL: gcc.dg/warn-1.c (test for warnings, line 15)
FAIL: gcc.misc-tests/gcov-1.c gcov failed:
FAIL: gcc.misc-tests/gcov-10.c gcov failed:
FAIL: gcc.misc-tests/gcov-11.c gcov failed:
FAIL: gcc.misc-tests/gcov-2.c gcov failed:
FAIL: gcc.misc-tests/gcov-3.c gcov failed:
FAIL: gcc.misc-tests/gcov-4.c gcov failed:
FAIL: gcc.misc-tests/gcov-4b.c gcov failed:
FAIL: gcc.misc-tests/gcov-5b.c gcov failed:
FAIL: gcc.misc-tests/gcov-6.c gcov failed:
FAIL: gcc.misc-tests/gcov-7.c gcov failed:
FAIL: gcc.misc-tests/gcov-8.c gcov failed:
FAIL: gcc.misc-tests/gcov-9.c gcov failed:
=== gcc Summary ===
# of expected passes 22409
# of unexpected failures 25
# of unexpected successes 7
# of expected failures 88
# of unresolved testcases 22
# of unsupported tests 243
/tmp/cvs/gcc-20030710/Build/gcc/xgcc version 3.4 20030710 (experimental)
=== objc tests ===
Running target unix
=== objc Summary ===
# of expected passes 1156
/tmp/cvs/gcc-20030710/Build/gcc/xgcc version 3.4 20030710 (experimental)
=== libjava tests ===
Running target unix
FAIL: Thread_Interrupt -O output - source compiled test
=== libjava Summary ===
# of expected passes 3054
# of unexpected failures 1
# of expected failures 16
# of untested testcases 12
=== libstdc++-v3 tests ===
Running target unix
FAIL: 22_locale/codecvt/encoding/wchar_t/wrapped_locale.cc execution test
FAIL: 22_locale/codecvt/max_length/wchar_t/wrapped_locale.cc execution test
FAIL: 22_locale/ctype/widen/wchar_t/2.cc execution test
FAIL: 25_algorithms/min_max.cc (test for excess errors)
XPASS: 26_numerics/c99_classification_macros_c.cc (test for excess errors)
FAIL: 27_io/basic_filebuf/underflow/wchar_t/9520.cc execution test
=== libstdc++-v3 Summary ===
# of expected passes 2014
# of unexpected failures 5
# of unexpected successes 1
# of expected failures 9
Compiler version: 3.4 20030710 (experimental)
Platform: ia64-suse-linux-gnu
configure flags: --host=ia64-suse-linux --enable-shared --enable-threads --with-system-zlib