This is the mail archive of the
gcc-testresults@gcc.gnu.org
mailing list for the GCC project.
Results for 3.3.1 20030707 (prerelease) testsuite on sparc-unknown-linux-gnu
- From: Christian Joensson <c dot christian dot joensson at comhem dot se>
- To: gcc-testresults at gcc dot gnu dot org
- Date: Tue, 8 Jul 2003 21:28:52 +0200
- Subject: Results for 3.3.1 20030707 (prerelease) testsuite on sparc-unknown-linux-gnu
Aurora SPARC Linux 1.0 (Ansel) SS20 dual SuperSparc-(II) sun4m:
binutils-2.14.90 20030705 sparc-linux
bison-1.35-1
dejagnu-1.4.2-10 (ftp://ftp.redhat.com/pub/redhat/linux/rawhide/SRPMS/SRPMS)
expect-5.32.2-67
gcc-2.96-113
glibc-2.2.5-43
glibc-kernheaders-2.4-8.9sparc (ftp://auroralinux.org/pub/aurora/corona/RPMS)
kernel-smp-2.4.20-3.4sparc (ftp://auroralinux.org/pub/aurora/corona/RPMS)
tcl-8.3.3-67
LAST_UPDATED:
Native configuration is sparc-unknown-linux-gnu
=== g77 tests ===
Running target unix/-fPIC
=== g77 Summary for unix/-fPIC ===
# of expected passes 1686
# of unsupported tests 8
Running target unix
=== g77 Summary for unix ===
# of expected passes 1686
# of unsupported tests 8
=== g77 Summary ===
# of expected passes 3372
# of unsupported tests 16
/usr/local/src/branch/objdir/gcc/testsuite/../g77 version 3.3.1 20030707 (prerelease)
=== gcc tests ===
Running target unix/-fPIC
FAIL: gcc.dg/duff-2.c (test for excess errors)
FAIL: gcc.dg/ultrasp9.c execution test
FAIL: gcc.dg/uninit-C.c (test for excess errors)
=== gcc Summary for unix/-fPIC ===
# of expected passes 20857
# of unexpected failures 3
# of expected failures 67
# of unsupported tests 163
Running target unix
FAIL: gcc.dg/duff-2.c (test for excess errors)
FAIL: gcc.dg/ultrasp9.c execution test
FAIL: gcc.dg/uninit-C.c (test for excess errors)
=== gcc Summary for unix ===
# of expected passes 20857
# of unexpected failures 3
# of expected failures 67
# of unsupported tests 163
=== gcc Summary ===
# of expected passes 41714
# of unexpected failures 6
# of expected failures 134
# of unsupported tests 326
/usr/local/src/branch/objdir/gcc/xgcc version 3.3.1 20030707 (prerelease)
=== g++ tests ===
Running target unix/-fPIC
WARNING: program timed out.
FAIL: g++.dg/parse/stack1.C (test for excess errors)
XPASS: g++.other/init5.C Execution test
=== g++ Summary for unix/-fPIC ===
# of expected passes 7984
# of unexpected failures 1
# of unexpected successes 1
# of expected failures 95
# of untested testcases 22
# of unsupported tests 17
Running target unix
XPASS: g++.other/init5.C Execution test
=== g++ Summary for unix ===
# of expected passes 7985
# of unexpected successes 1
# of expected failures 95
# of untested testcases 22
# of unsupported tests 17
=== g++ Summary ===
# of expected passes 15969
# of unexpected failures 1
# of unexpected successes 2
# of expected failures 190
# of untested testcases 44
# of unsupported tests 34
/usr/local/src/branch/objdir/gcc/testsuite/../g++ version 3.3.1 20030707 (prerelease)
=== objc tests ===
Running target unix/-fPIC
=== objc Summary for unix/-fPIC ===
# of expected passes 1153
Running target unix
=== objc Summary for unix ===
# of expected passes 1153
=== objc Summary ===
# of expected passes 2306
/usr/local/src/branch/objdir/gcc/xgcc version 3.3.1 20030707 (prerelease)
=== treelang tests ===
Running target unix/-fPIC
=== treelang Summary for unix/-fPIC ===
# of expected passes 1
Running target unix
=== treelang Summary for unix ===
=== treelang Summary ===
# of expected passes 1
=== libjava tests ===
Running target unix/-fPIC
FAIL: Array_3 execution - source compiled test
FAIL: Array_3 execution - gij test
FAIL: Array_3 execution - bytecode->native test
FAIL: Array_3 -O execution - source compiled test
FAIL: Array_3 execution - gij test
FAIL: Array_3 -O execution - bytecode->native test
FAIL: Invoke_1 execution - source compiled test
FAIL: Invoke_1 execution - bytecode->native test
FAIL: Invoke_1 -O execution - source compiled test
FAIL: Invoke_1 -O execution - bytecode->native test
FAIL: PR218 execution - source compiled test
FAIL: PR218 execution - gij test
FAIL: PR218 execution - bytecode->native test
FAIL: PR218 -O execution - source compiled test
FAIL: PR218 execution - gij test
FAIL: PR218 -O execution - bytecode->native test
WARNING: program timed out.
FAIL: SyncTest execution - source compiled test
WARNING: program timed out.
FAIL: SyncTest execution - gij test
WARNING: program timed out.
FAIL: SyncTest execution - bytecode->native test
WARNING: program timed out.
FAIL: SyncTest -O execution - source compiled test
WARNING: program timed out.
FAIL: SyncTest execution - gij test
WARNING: program timed out.
FAIL: SyncTest -O execution - bytecode->native test
FAIL: Throw_2 execution - source compiled test
FAIL: Throw_2 execution - gij test
FAIL: Throw_2 execution - bytecode->native test
FAIL: Throw_2 -O execution - source compiled test
FAIL: Throw_2 execution - gij test
FAIL: Throw_2 -O execution - bytecode->native test
=== libjava Summary for unix/-fPIC ===
# of expected passes 2935
# of unexpected failures 28
# of expected failures 16
# of untested testcases 40
Running target unix
FAIL: Array_3 execution - source compiled test
FAIL: Array_3 execution - gij test
FAIL: Array_3 execution - bytecode->native test
FAIL: Array_3 -O execution - source compiled test
FAIL: Array_3 execution - gij test
FAIL: Array_3 -O execution - bytecode->native test
FAIL: Invoke_1 execution - source compiled test
FAIL: Invoke_1 execution - bytecode->native test
FAIL: Invoke_1 -O execution - source compiled test
FAIL: Invoke_1 -O execution - bytecode->native test
FAIL: PR218 execution - source compiled test
FAIL: PR218 execution - gij test
FAIL: PR218 execution - bytecode->native test
FAIL: PR218 -O execution - source compiled test
FAIL: PR218 execution - gij test
FAIL: PR218 -O execution - bytecode->native test
WARNING: program timed out.
FAIL: SyncTest execution - source compiled test
WARNING: program timed out.
FAIL: SyncTest execution - gij test
WARNING: program timed out.
FAIL: SyncTest execution - bytecode->native test
WARNING: program timed out.
FAIL: SyncTest -O execution - source compiled test
WARNING: program timed out.
FAIL: SyncTest execution - gij test
WARNING: program timed out.
FAIL: SyncTest -O execution - bytecode->native test
FAIL: Throw_2 execution - source compiled test
FAIL: Throw_2 execution - gij test
FAIL: Throw_2 execution - bytecode->native test
FAIL: Throw_2 -O execution - source compiled test
FAIL: Throw_2 execution - gij test
FAIL: Throw_2 -O execution - bytecode->native test
=== libjava Summary for unix ===
# of expected passes 2935
# of unexpected failures 28
# of expected failures 16
# of untested testcases 40
=== libjava Summary ===
# of expected passes 5870
# of unexpected failures 56
# of expected failures 32
# of untested testcases 80
=== libstdc++-v3 tests ===
Running target unix/-fPIC
XPASS: 22_locale/collate_byname.cc execution test
XPASS: 22_locale/collate_members_char.cc execution test
XPASS: 22_locale/collate_members_wchar_t.cc execution test
XPASS: 22_locale/ctype_is_char.cc execution test
XPASS: 22_locale/ctype_is_wchar_t.cc execution test
XPASS: 22_locale/members.cc execution test
XPASS: 22_locale/messages_byname.cc execution test
XPASS: 22_locale/messages_members_char.cc execution test
XPASS: 22_locale/money_get_members_char.cc execution test
XPASS: 22_locale/money_get_members_wchar_t.cc execution test
XPASS: 22_locale/money_put_members_char.cc execution test
XPASS: 22_locale/money_put_members_wchar_t.cc execution test
XPASS: 22_locale/moneypunct_byname.cc execution test
XPASS: 22_locale/moneypunct_members_char.cc execution test
XPASS: 22_locale/moneypunct_members_wchar_t.cc execution test
XPASS: 22_locale/num_get_members_char.cc execution test
XPASS: 22_locale/num_get_members_wchar_t.cc execution test
XPASS: 22_locale/num_put_members_char.cc execution test
XPASS: 22_locale/num_put_members_wchar_t.cc execution test
XPASS: 22_locale/numpunct_byname.cc execution test
XPASS: 22_locale/numpunct_members_char.cc execution test
XPASS: 22_locale/numpunct_members_wchar_t.cc execution test
XPASS: 22_locale/time_get_members_char.cc execution test
XPASS: 22_locale/time_get_members_wchar_t.cc execution test
XPASS: 22_locale/time_put_members_char.cc execution test
XPASS: 22_locale/time_put_members_wchar_t.cc execution test
WARNING: program timed out.
FAIL: thread/pthread1.cc execution test
WARNING: program timed out.
FAIL: thread/pthread5.cc execution test
WARNING: program timed out.
FAIL: thread/pthread6.cc execution test
=== libstdc++-v3 Summary for unix/-fPIC ===
# of expected passes 450
# of unexpected failures 3
# of unexpected successes 26
# of expected failures 2
Running target unix
XPASS: 22_locale/collate_byname.cc execution test
XPASS: 22_locale/collate_members_char.cc execution test
XPASS: 22_locale/collate_members_wchar_t.cc execution test
XPASS: 22_locale/ctype_is_char.cc execution test
XPASS: 22_locale/ctype_is_wchar_t.cc execution test
XPASS: 22_locale/members.cc execution test
XPASS: 22_locale/messages_byname.cc execution test
XPASS: 22_locale/messages_members_char.cc execution test
XPASS: 22_locale/money_get_members_char.cc execution test
XPASS: 22_locale/money_get_members_wchar_t.cc execution test
XPASS: 22_locale/money_put_members_char.cc execution test
XPASS: 22_locale/money_put_members_wchar_t.cc execution test
XPASS: 22_locale/moneypunct_byname.cc execution test
XPASS: 22_locale/moneypunct_members_char.cc execution test
XPASS: 22_locale/moneypunct_members_wchar_t.cc execution test
XPASS: 22_locale/num_get_members_char.cc execution test
XPASS: 22_locale/num_get_members_wchar_t.cc execution test
XPASS: 22_locale/num_put_members_char.cc execution test
XPASS: 22_locale/num_put_members_wchar_t.cc execution test
XPASS: 22_locale/numpunct_byname.cc execution test
XPASS: 22_locale/numpunct_members_char.cc execution test
XPASS: 22_locale/numpunct_members_wchar_t.cc execution test
XPASS: 22_locale/time_get_members_char.cc execution test
XPASS: 22_locale/time_get_members_wchar_t.cc execution test
XPASS: 22_locale/time_put_members_char.cc execution test
XPASS: 22_locale/time_put_members_wchar_t.cc execution test
WARNING: program timed out.
FAIL: thread/pthread1.cc execution test
WARNING: program timed out.
FAIL: thread/pthread4.cc execution test
WARNING: program timed out.
FAIL: thread/pthread5.cc execution test
WARNING: program timed out.
FAIL: thread/pthread6.cc execution test
=== libstdc++-v3 Summary for unix ===
# of expected passes 449
# of unexpected failures 4
# of unexpected successes 26
# of expected failures 2
=== libstdc++-v3 Summary ===
# of expected passes 899
# of unexpected failures 7
# of unexpected successes 52
# of expected failures 4
Compiler version: 3.3.1 20030707 (prerelease)
Platform: sparc-unknown-linux-gnu
configure flags: --host=sparc-unknown-linux-gnu --prefix=/usr/local/gcc-binutils --enable-__cxa_atexit --enable-shared --enable-threads=posix --enable-languages=c,c++,f77,java,objc,treelang
Counting all warnings,
there are 88 warnings in stage0 of this bootstrap.
Number of warnings per file:
20 libiberty/regex.c
16 include/linux/sysctl.h
6 libjava/gnu/java/nio/natSocketChannelImpl.cc
4 libjava/java/lang/strtod.c
4 libjava/java/lang/dtoa.c
3 libjava/java/lang/e_exp.c
3 libf2c/libI77/rsne.c
2 Makefile
2 libtool
2 libobjc/linking.m
2 libffi/src/sparc/v8.S
2 include/xregex2.h
2 include/gc.h
2 <command line>
1 libobjc/Protocol.m
1 libobjc/Object.m
1 libobjc/encoding.c
1 libjava/verify.cc
1 libjava/prims.cc
1 libjava/jni.cc
1 libjava/java/net/natNetworkInterface.cc
1 libjava/java/lang/e_rem_pio2.c
1 libjava/java/lang/e_asin.c
1 libjava/gnu/java/nio/natFileChannelImpl.cc
1 libjava/gnu/gcj/runtime/natSharedLibLoader.cc
1 libjava/gnu/gcj/io/shs.cc
1 libf2c/libU77/vxtidate_.c
1 libf2c/libU77/date_.c
1 libf2c/libI77/open.c
1 libf2c/libI77/inquire.c
1 gcc/boehm-gc/mark_rts.c
1 fastjar/jartool.c
Number of warning types:
17 \`???' might be used uninitialized in this function
16 signed and unsigned type in conditional expression
16 comma at end of enumerator list
8 unused
4 unused parameter \`???'
4 dereferencing type-punned pointer will break strict-aliasing rules
3 this is the location of the previous definition
2 unused parameter \`
2 ISO C90 does not support \`static' or type qualifiers in parameter array declarators
2 \`GC_LINUX_THREADS' redefined
2 control reaches end of non-void function
1 \`void
1 to ensure that POSIX-compatible ar will work
1 string length \`???' is greater than the length \`???' ISO C89 compilers are required to support
1 statement with no
1 \`STACKFRAME' redefined
1 overriding commands for target \`???'
1 object name conflicts; overriding AR_FLAGS to 'cq'
1 ignoring old commands for target \`???'
1 function returns address of local variable
1 \`???' defined but not used
1 comparison between signed and unsigned
1 comparison
Counting all warnings,
there are 28 warnings in stage3 of this bootstrap.
Number of warnings per file:
8 /usr/share/bison/bison.simple
3 gcc/tlink.c
3 gcc/gcc.c
2 gcc/f/sta.c
2 gcc/crtstuff.c
1 gcc/unwind-pe.h
1 gcc/tree.c
1 gcc/stmt.c
1 gcc/objc/lang-specs.h
1 gcc/java/jvspec.c
1 gcc/function.c
1 gcc/emit-rtl.c
1 gcc/cp/typeck.c
1 gcc/cp/decl.c
1 gcc/collect2.c
Number of warning types:
5 string length \`???' is greater than the length \`???' ISO C89 compilers are required to support
4 comparison of unsigned expression < 0 is always false
3 label \`???' defined but not used
3 assignment makes pointer from integer without a cast
2 passing arg ??? of \`???' discards qualifiers from pointer target type
2 dereferencing type-punned pointer will break strict-aliasing rules
1 unused parameter \`???'
1 traditional C rejects string concatenation
1 traditional C rejects ISO C style function definitions
1 signed and unsigned type in conditional expression
1 \`???' might be used uninitialized in this function
1 initialization makes pointer from integer without a cast
1 implicit declaration of function \`???'
1 \`???' defined but not used
1 comparison between signed and unsigned