This is the mail archive of the
gcc-testresults@gcc.gnu.org
mailing list for the GCC project.
Results for 3.4 20030706 (experimental) testsuite on hppa-unknown-linux-gnu
- From: Matthias Klose <doko at auric dot debian dot org>
- To: gcc-testresults at gcc dot gnu dot org
- Cc: debian-gcc at lists dot debian dot org
- Date: Sun, 06 Jul 2003 17:54:15 -0400
- Subject: Results for 3.4 20030706 (experimental) testsuite on hppa-unknown-linux-gnu
- Reply-to: Matthias Klose <doko at debian dot org>
LAST_UPDATED: Sun Jul 6 08:11:30 UTC 2003
Native configuration is hppa-unknown-linux-gnu
=== g++ tests ===
Running target unix
FAIL: g++.dg/compat/break/bitfield7 cp_compat_x_tst.o compile
UNRESOLVED: g++.dg/compat/break/bitfield7 cp_compat_x_tst.o-cp_compat_y_tst.o link
UNRESOLVED: g++.dg/compat/break/bitfield7 cp_compat_x_tst.o-cp_compat_y_tst.o execute
FAIL: g++.dg/ext/pretty1.C scan-assembler top level
FAIL: g++.dg/ext/pretty2.C (test for excess errors)
WARNING: g++.dg/ext/pretty2.C compilation failed to produce executable
FAIL: g++.dg/init/array10.C (test for excess errors)
XPASS: g++.dg/other/packed1.C execution test
WARNING: g++.old-deja/g++.mike/p10769a.C compilation failed to produce executable
WARNING: g++.old-deja/g++.other/enum5.C compilation failed to produce executable
XPASS: g++.old-deja/g++.other/init5.C execution test
WARNING: g++.old-deja/g++.pt/friend44.C compilation failed to produce executable
=== g++ Summary ===
# of expected passes 8599
# of unexpected failures 4
# of unexpected successes 2
# of expected failures 67
# of unresolved testcases 2
# of unsupported tests 54
/build/packages/gcc/snap/gcc-snapshot-20030706/build/gcc/testsuite/../g++ version 3.4 20030706 (experimental)
=== g77 tests ===
Running target unix
FAIL: g77.f-torture/execute/980520-1.f compilation, -O0
=== g77 Summary ===
# of expected passes 1746
# of unexpected failures 1
# of untested testcases 1
# of unsupported tests 6
/build/packages/gcc/snap/gcc-snapshot-20030706/build/gcc/testsuite/../g77 version 3.4 20030706 (experimental)
=== gcc tests ===
Running target unix
UNRESOLVED: gcc.c-torture/execute/wchar_t-1.c execution, -O0
UNRESOLVED: gcc.c-torture/execute/wchar_t-1.c execution, -O1
UNRESOLVED: gcc.c-torture/execute/wchar_t-1.c execution, -O2
UNRESOLVED: gcc.c-torture/execute/wchar_t-1.c execution, -O3 -fomit-frame-pointer
UNRESOLVED: gcc.c-torture/execute/wchar_t-1.c execution, -O3 -g
UNRESOLVED: gcc.c-torture/execute/wchar_t-1.c execution, -Os
=== objc tests ===
Running target unix
=== objc Summary ===
# of expected passes 1156
/build/packages/gcc/snap/gcc-snapshot-20030706/build/gcc/xgcc version 3.4 20030706 (experimental)
=== treelang tests ===
Running target unix
FAIL: gcc 01 01 rc!=0
=== treelang Summary ===
# of unexpected failures 1
=== libstdc++-v3 tests ===
Running target unix
FAIL: 22_locale/ctype/is/wchar_t/1.cc execution test
XPASS: 26_numerics/c99_classification_macros_c.cc (test for excess errors)
=== libstdc++-v3 Summary ===
# of expected passes 2004
# of unexpected failures 1
# of unexpected successes 1
# of expected failures 9
Compiler version: 3.4 20030706 (experimental)
Platform: hppa-unknown-linux-gnu
configure flags: -v --enable-languages=c,c++,f77,objc,treelang --prefix=/usr/lib/gcc-snapshot --enable-shared --with-system-zlib --enable-nls --without-included-gettext --enable-debug --enable-__cxa_atexit --enable-clocale=gnu --with-cpp-install-dir=bin hppa-linux
BOOT_CFLAGS=-O2
Build Dependencies:
Desired=Unknown/Install/Remove/Purge/Hold
| Status=Not/Installed/Config-files/Unpacked/Failed-config/Half-installed
|/ Err?=(none)/Hold/Reinst-required/X=both-problems (Status,Err: uppercase=bad)
||/ Name Version Description
+++-==============-==============-============================================
ii binutils 2.14.90.0.4-0. The GNU assembler, linker and binary utiliti
ii libc6-dev 2.3.1-17.0.1 GNU C Library: Development Libraries and Hea
Patches that Debian applied in this version:
test-summary:
add libstdc++-v3's check and performance summaries to the test summary