This is the mail archive of the
gcc-testresults@gcc.gnu.org
mailing list for the GCC project.
Results for 3.4 20030704 (experimental) testsuite on i686-unknown-openbsd3.1
- From: Andrew Thomas Pinski <pinskia at physics dot uc dot edu>
- To: gcc-testresults at gcc dot gnu dot org
- Date: Fri, 4 Jul 2003 20:00:52 -0400 (EDT)
- Subject: Results for 3.4 20030704 (experimental) testsuite on i686-unknown-openbsd3.1
LAST_UPDATED: Fri Jul 4 20:57:43 UTC 2003
Native configuration is i686-unknown-openbsd3.1
=== g++ tests ===
Running target unix
FAIL: g++.dg/eh/simd-2.C (test for excess errors)
WARNING: g++.dg/eh/simd-2.C compilation failed to produce executable
FAIL: g++.dg/ext/pretty1.C scan-assembler top level
FAIL: g++.dg/ext/pretty2.C (test for excess errors)
WARNING: g++.dg/ext/pretty2.C compilation failed to produce executable
FAIL: g++.dg/init/array10.C (test for excess errors)
FAIL: g++.dg/parse/attr-ctor1.C (test for excess errors)
WARNING: g++.old-deja/g++.jason/typeid1.C compilation failed to produce executable
FAIL: g++.old-deja/g++.law/profile1.C (test for excess errors)
WARNING: g++.old-deja/g++.law/profile1.C compilation failed to produce executable
WARNING: g++.old-deja/g++.mike/p10769a.C compilation failed to produce executable
WARNING: g++.old-deja/g++.other/enum5.C compilation failed to produce executable
WARNING: g++.old-deja/g++.pt/friend44.C compilation failed to produce executable
=== g++ Summary ===
# of expected passes 8518
# of unexpected failures 6
# of expected failures 68
# of unsupported tests 30
/export/gates/pinskia/src/gnu/gcc/src/objdir.openbsd/gcc/testsuite/../g++ version 3.4 20030704 (experimental)
=== g77 tests ===
Running target unix
FAIL: g77.f-torture/execute/980520-1.f compilation, -O0
=== g77 Summary ===
# of expected passes 1758
# of unexpected failures 1
# of untested testcases 1
/export/gates/pinskia/src/gnu/gcc/src/objdir.openbsd/gcc/testsuite/../g77 version 3.4 20030704 (experimental)
=== gcc tests ===
Running target unix
FAIL: gcc.c-torture/compile/20020605-1.c (test for excess errors)
FAIL: gcc.c-torture/compile/920729-1.c (test for excess errors)
FAIL: gcc.c-torture/compile/930503-1.c (test for excess errors)
FAIL: gcc.c-torture/compile/940611-1.c (test for excess errors)
FAIL: gcc.c-torture/compile/940718-1.c (test for excess errors)
FAIL: gcc.c-torture/compile/990617-1.c (test for excess errors)
FAIL: gcc.c-torture/compile/990801-1.c (test for excess errors)
FAIL: gcc.c-torture/compile/991213-2.c (test for excess errors)
FAIL: gcc.c-torture/compile/goto-1.c (test for excess errors)
FAIL: gcc.c-torture/compile/iftrap-1.c (test for excess errors)
FAIL: gcc.c-torture/execute/20020118-1.c compilation, -O3 -fomit-frame-pointer -funroll-all-loops -finline-functions
UNRESOLVED: gcc.c-torture/execute/20020118-1.c execution, -O3 -fomit-frame-pointer -funroll-all-loops -finline-functions
FAIL: gcc.c-torture/execute/930719-1.c compilation, -O3 -fomit-frame-pointer -funroll-all-loops -finline-functions
UNRESOLVED: gcc.c-torture/execute/930719-1.c execution, -O3 -fomit-frame-pointer -funroll-all-loops -finline-functions
FAIL: gcc.c-torture/execute/conversion.c execution, -O0
FAIL: gcc.c-torture/execute/conversion.c execution, -O1
FAIL: gcc.c-torture/execute/conversion.c execution, -O2
FAIL: gcc.c-torture/execute/conversion.c execution, -Os
FAIL: gcc.c-torture/execute/ieee/rbug.c execution, -O0
FAIL: gcc.c-torture/execute/ieee/rbug.c execution, -O1
FAIL: gcc.c-torture/execute/ieee/rbug.c execution, -O2
FAIL: gcc.c-torture/execute/ieee/rbug.c execution, -Os
FAIL: gcc.c-torture/unsorted/sound.c, -O3 -fomit-frame-pointer -funroll-all-loops -finline-functions
FAIL: gcc.dg/compat/vector-1 c_compat_x_tst.o compile
FAIL: gcc.dg/compat/vector-1 c_compat_y_tst.o compile
UNRESOLVED: gcc.dg/compat/vector-1 c_compat_x_tst.o-c_compat_y_tst.o link
UNRESOLVED: gcc.dg/compat/vector-1 c_compat_x_tst.o-c_compat_y_tst.o execute
FAIL: gcc.dg/compat/vector-2 c_compat_x_tst.o compile
FAIL: gcc.dg/compat/vector-2 c_compat_y_tst.o compile
UNRESOLVED: gcc.dg/compat/vector-2 c_compat_x_tst.o-c_compat_y_tst.o link
UNRESOLVED: gcc.dg/compat/vector-2 c_compat_x_tst.o-c_compat_y_tst.o execute
FAIL: gcc.dg/20021014-1.c (test for excess errors)
WARNING: gcc.dg/20021014-1.c compilation failed to produce executable
FAIL: gcc.dg/builtins-18.c (test for excess errors)
FAIL: gcc.dg/builtins-20.c (test for excess errors)
FAIL: gcc.dg/nest.c (test for excess errors)
WARNING: gcc.dg/nest.c compilation failed to produce executable
FAIL: gcc.dg/warn-1.c (test for warnings, line 15)
FAIL: gcc.dg/wchar_t-1.c (test for excess errors)
FAIL: gcc.dg/wint_t-1.c (test for excess errors)
FAIL: gcc.dg/format/c99-scanf-3.c vfscanf (test for warnings, line 21)
FAIL: gcc.dg/format/c99-scanf-3.c vfscanf (test for warnings, line 21)
FAIL: gcc.dg/format/ext-6.c vfscanf (test for warnings, line 42)
FAIL: gcc.dg/format/ext-6.c vfscanf (test for warnings, line 42)
FAIL: gcc.dg/special/weak-1.c execution test
=== gcc Summary ===
# of expected passes 22793
# of unexpected failures 37
# of expected failures 74
# of unresolved testcases 6
# of unsupported tests 137
/export/gates/pinskia/src/gnu/gcc/src/objdir.openbsd/gcc/xgcc version 3.4 20030704 (experimental)
=== objc tests ===
Running target unix
=== objc Summary ===
# of expected passes 1156
/export/gates/pinskia/src/gnu/gcc/src/objdir.openbsd/gcc/xgcc version 3.4 20030704 (experimental)
=== libstdc++-v3 tests ===
Running target unix
=== libstdc++-v3 Summary ===
# of expected passes 1514
# of unsupported tests 7
Compiler version: 3.4 20030704 (experimental)
Platform: i686-unknown-openbsd3.1
configure flags: --target=i686-unknown-openbsd3.1 --host=i686-unknown-openbsd3.1 --build=i686-unknown-openbsd3.1 --disable-nls --verbose --enable-cpp --prefix=/home/gates/pinskia/openbsd --enable-shared