This is the mail archive of the
gcc-testresults@gcc.gnu.org
mailing list for the GCC project.
Results for 3.4 20030702 (experimental) testsuite on mips-sgi-irix6.5
- From: "Kaveh R. Ghazi" <ghazi at caip dot rutgers dot edu>
- To: gcc-testresults at gcc dot gnu dot org
- Date: Wed, 2 Jul 2003 21:19:57 -0400 (EDT)
- Subject: Results for 3.4 20030702 (experimental) testsuite on mips-sgi-irix6.5
LAST_UPDATED:
Native configuration is mips-sgi-irix6.5
=== g++ tests ===
Running target unix
FAIL: g++.dg/abi/mangle2.C execution test
FAIL: g++.dg/expr/anew1.C execution test
FAIL: g++.dg/expr/anew2.C execution test
FAIL: g++.dg/expr/anew3.C execution test
FAIL: g++.dg/expr/anew4.C execution test
FAIL: g++.dg/ext/pretty1.C scan-assembler int bar\\(T\\).*with T = int
FAIL: g++.dg/ext/pretty1.C scan-assembler top level
FAIL: g++.dg/ext/pretty1.C scan-assembler int main\\(\\)
FAIL: g++.dg/ext/pretty1.C scan-assembler int bar\\(T\\).*with T = double
FAIL: g++.dg/ext/pretty1.C scan-assembler int bar\\(T\\).*with T = unsigned char*
FAIL: g++.dg/ext/pretty2.C (test for excess errors)
WARNING: g++.dg/ext/pretty2.C compilation failed to produce executable
FAIL: g++.dg/init/array10.C (test for excess errors)
FAIL: g++.dg/pch/system-1.C -g assembly comparison
FAIL: g++.dg/pch/system-1.C -O2 -g assembly comparison
FAIL: g++.dg/pch/system-1.C -O2 assembly comparison
FAIL: g++.dg/pch/system-2.C -g assembly comparison
FAIL: g++.dg/pch/system-2.C -O2 -g assembly comparison
FAIL: g++.dg/pch/system-2.C -O2 assembly comparison
FAIL: g++.old-deja/g++.jason/thunk3.C (test for excess errors)
WARNING: g++.old-deja/g++.jason/thunk3.C compilation failed to produce executable
FAIL: g++.old-deja/g++.law/profile1.C (test for excess errors)
WARNING: g++.old-deja/g++.law/profile1.C compilation failed to produce executable
WARNING: g++.old-deja/g++.mike/p10769a.C compilation failed to produce executable
FAIL: g++.old-deja/g++.other/comdat1.C (test for excess errors)
WARNING: g++.old-deja/g++.other/comdat1.C compilation failed to produce executable
FAIL: g++.old-deja/g++.other/comdat2.C (test for excess errors)
WARNING: g++.old-deja/g++.other/comdat2.C compilation failed to produce executable
FAIL: g++.old-deja/g++.other/comdat3.C (test for excess errors)
WARNING: g++.old-deja/g++.other/comdat3.C compilation failed to produce executable
FAIL: g++.old-deja/g++.other/ctor1.C (test for excess errors)
WARNING: g++.old-deja/g++.other/ctor1.C compilation failed to produce executable
WARNING: g++.old-deja/g++.other/enum5.C compilation failed to produce executable
WARNING: g++.old-deja/g++.pt/friend44.C compilation failed to produce executable
FAIL: g++.old-deja/g++.pt/instantiate5.C (test for excess errors)
=== g++ Summary ===
# of expected passes 8306
# of unexpected failures 25
# of expected failures 68
# of unsupported tests 46
/caip/u58/ghazi/gcc-testing/build/gcc/testsuite/../g++ version 3.4 20030702 (experimental)
=== g77 tests ===
Running target unix
FAIL: g77.f-torture/execute/980520-1.f compilation, -O0
=== g77 Summary ===
# of expected passes 1746
# of unexpected failures 1
# of untested testcases 1
# of unsupported tests 6
/caip/u58/ghazi/gcc-testing/build/gcc/testsuite/../g77 version 3.4 20030702 (experimental)
=== gcc tests ===
Running target unix
FAIL: gcc.c-torture/compile/inline-1.c (test for excess errors)
FAIL: gcc.c-torture/compile/inline-1.c (test for excess errors)
FAIL: gcc.c-torture/compile/mipscop-1.c (test for excess errors)
FAIL: gcc.c-torture/compile/mipscop-1.c (test for excess errors)
FAIL: gcc.c-torture/compile/mipscop-1.c (test for excess errors)
FAIL: gcc.c-torture/compile/mipscop-1.c (test for excess errors)
FAIL: gcc.c-torture/compile/mipscop-1.c (test for excess errors)
FAIL: gcc.c-torture/compile/mipscop-1.c (test for excess errors)
FAIL: gcc.c-torture/compile/mipscop-2.c (test for excess errors)
FAIL: gcc.c-torture/compile/mipscop-2.c (test for excess errors)
FAIL: gcc.c-torture/compile/mipscop-2.c (test for excess errors)
FAIL: gcc.c-torture/compile/mipscop-2.c (test for excess errors)
FAIL: gcc.c-torture/compile/mipscop-2.c (test for excess errors)
FAIL: gcc.c-torture/compile/mipscop-2.c (test for excess errors)
FAIL: gcc.c-torture/compile/mipscop-3.c (test for excess errors)
FAIL: gcc.c-torture/compile/mipscop-3.c (test for excess errors)
FAIL: gcc.c-torture/compile/mipscop-3.c (test for excess errors)
FAIL: gcc.c-torture/compile/mipscop-3.c (test for excess errors)
FAIL: gcc.c-torture/compile/mipscop-3.c (test for excess errors)
FAIL: gcc.c-torture/compile/mipscop-3.c (test for excess errors)
FAIL: gcc.c-torture/compile/mipscop-4.c (test for excess errors)
FAIL: gcc.c-torture/compile/mipscop-4.c (test for excess errors)
FAIL: gcc.c-torture/compile/mipscop-4.c (test for excess errors)
FAIL: gcc.c-torture/compile/mipscop-4.c (test for excess errors)
FAIL: gcc.c-torture/compile/mipscop-4.c (test for excess errors)
FAIL: gcc.c-torture/compile/mipscop-4.c (test for excess errors)
FAIL: gcc.c-torture/compile/simd-5.c (test for excess errors)
FAIL: gcc.c-torture/compile/simd-5.c (test for excess errors)
FAIL: gcc.c-torture/compile/simd-5.c (test for excess errors)
FAIL: gcc.c-torture/compile/simd-5.c (test for excess errors)
FAIL: gcc.c-torture/execute/20000519-1.c compilation, -O3 -fomit-frame-pointer
UNRESOLVED: gcc.c-torture/execute/20000519-1.c execution, -O3 -fomit-frame-pointer
FAIL: gcc.c-torture/execute/20000519-1.c compilation, -O3 -fomit-frame-pointer -funroll-loops
UNRESOLVED: gcc.c-torture/execute/20000519-1.c execution, -O3 -fomit-frame-pointer -funroll-loops
FAIL: gcc.c-torture/execute/20000519-1.c compilation, -O3 -fomit-frame-pointer -funroll-all-loops -finline-functions
UNRESOLVED: gcc.c-torture/execute/20000519-1.c execution, -O3 -fomit-frame-pointer -funroll-all-loops -finline-functions
FAIL: gcc.c-torture/execute/20000519-1.c compilation, -O3 -g
UNRESOLVED: gcc.c-torture/execute/20000519-1.c execution, -O3 -g
FAIL: gcc.c-torture/execute/20000822-1.c compilation, -O3 -fomit-frame-pointer
UNRESOLVED: gcc.c-torture/execute/20000822-1.c execution, -O3 -fomit-frame-pointer
FAIL: gcc.c-torture/execute/20000822-1.c compilation, -O3 -g
UNRESOLVED: gcc.c-torture/execute/20000822-1.c execution, -O3 -g
FAIL: gcc.c-torture/execute/20020412-1.c execution, -O0
FAIL: gcc.c-torture/execute/20020412-1.c execution, -O1
FAIL: gcc.c-torture/execute/20020412-1.c execution, -O2
FAIL: gcc.c-torture/execute/20020412-1.c execution, -O3 -fomit-frame-pointer
FAIL: gcc.c-torture/execute/20020412-1.c execution, -O3 -fomit-frame-pointer -funroll-loops
FAIL: gcc.c-torture/execute/20020412-1.c execution, -O3 -fomit-frame-pointer -funroll-all-loops -finline-functions
FAIL: gcc.c-torture/execute/20020412-1.c execution, -O3 -g
FAIL: gcc.c-torture/execute/20020412-1.c execution, -Os
FAIL: gcc.c-torture/execute/920302-1.c execution, -O3 -fomit-frame-pointer
FAIL: gcc.c-torture/execute/920302-1.c execution, -O3 -fomit-frame-pointer -funroll-loops
FAIL: gcc.c-torture/execute/920302-1.c execution, -O3 -fomit-frame-pointer -funroll-all-loops -finline-functions
FAIL: gcc.c-torture/execute/920302-1.c execution, -O3 -g
FAIL: gcc.c-torture/execute/920428-2.c compilation, -O3 -fomit-frame-pointer
UNRESOLVED: gcc.c-torture/execute/920428-2.c execution, -O3 -fomit-frame-pointer
FAIL: gcc.c-torture/execute/920428-2.c compilation, -O3 -g
UNRESOLVED: gcc.c-torture/execute/920428-2.c execution, -O3 -g
FAIL: gcc.c-torture/execute/920501-4.c execution, -O3 -fomit-frame-pointer
FAIL: gcc.c-torture/execute/920501-4.c execution, -O3 -g
FAIL: gcc.c-torture/execute/920501-7.c compilation, -O3 -fomit-frame-pointer
UNRESOLVED: gcc.c-torture/execute/920501-7.c execution, -O3 -fomit-frame-pointer
FAIL: gcc.c-torture/execute/920501-7.c compilation, -O3 -g
UNRESOLVED: gcc.c-torture/execute/920501-7.c execution, -O3 -g
FAIL: gcc.c-torture/execute/920625-1.c compilation, -O3 -fomit-frame-pointer
UNRESOLVED: gcc.c-torture/execute/920625-1.c execution, -O3 -fomit-frame-pointer
FAIL: gcc.c-torture/execute/920625-1.c compilation, -O3 -fomit-frame-pointer -funroll-loops
UNRESOLVED: gcc.c-torture/execute/920625-1.c execution, -O3 -fomit-frame-pointer -funroll-loops
FAIL: gcc.c-torture/execute/920625-1.c compilation, -O3 -fomit-frame-pointer -funroll-all-loops -finline-functions
UNRESOLVED: gcc.c-torture/execute/920625-1.c execution, -O3 -fomit-frame-pointer -funroll-all-loops -finline-functions
FAIL: gcc.c-torture/execute/920625-1.c compilation, -O3 -g
UNRESOLVED: gcc.c-torture/execute/920625-1.c execution, -O3 -g
FAIL: gcc.c-torture/execute/920726-1.c compilation, -O3 -fomit-frame-pointer
UNRESOLVED: gcc.c-torture/execute/920726-1.c execution, -O3 -fomit-frame-pointer
FAIL: gcc.c-torture/execute/920726-1.c compilation, -O3 -fomit-frame-pointer -funroll-loops
UNRESOLVED: gcc.c-torture/execute/920726-1.c execution, -O3 -fomit-frame-pointer -funroll-loops
FAIL: gcc.c-torture/execute/920726-1.c compilation, -O3 -fomit-frame-pointer -funroll-all-loops -finline-functions
UNRESOLVED: gcc.c-torture/execute/920726-1.c execution, -O3 -fomit-frame-pointer -funroll-all-loops -finline-functions
FAIL: gcc.c-torture/execute/920726-1.c compilation, -O3 -g
UNRESOLVED: gcc.c-torture/execute/920726-1.c execution, -O3 -g
FAIL: gcc.c-torture/execute/920908-1.c compilation, -O3 -fomit-frame-pointer
UNRESOLVED: gcc.c-torture/execute/920908-1.c execution, -O3 -fomit-frame-pointer
FAIL: gcc.c-torture/execute/920908-1.c compilation, -O3 -g
UNRESOLVED: gcc.c-torture/execute/920908-1.c execution, -O3 -g
FAIL: gcc.c-torture/execute/931004-10.c compilation, -O3 -fomit-frame-pointer
UNRESOLVED: gcc.c-torture/execute/931004-10.c execution, -O3 -fomit-frame-pointer
FAIL: gcc.c-torture/execute/931004-10.c compilation, -O3 -fomit-frame-pointer -funroll-loops
UNRESOLVED: gcc.c-torture/execute/931004-10.c execution, -O3 -fomit-frame-pointer -funroll-loops
FAIL: gcc.c-torture/execute/931004-10.c compilation, -O3 -fomit-frame-pointer -funroll-all-loops -finline-functions
UNRESOLVED: gcc.c-torture/execute/931004-10.c execution, -O3 -fomit-frame-pointer -funroll-all-loops -finline-functions
FAIL: gcc.c-torture/execute/931004-10.c compilation, -O3 -g
UNRESOLVED: gcc.c-torture/execute/931004-10.c execution, -O3 -g
FAIL: gcc.c-torture/execute/931004-12.c compilation, -O3 -fomit-frame-pointer
UNRESOLVED: gcc.c-torture/execute/931004-12.c execution, -O3 -fomit-frame-pointer
FAIL: gcc.c-torture/execute/931004-12.c compilation, -O3 -fomit-frame-pointer -funroll-loops
UNRESOLVED: gcc.c-torture/execute/931004-12.c execution, -O3 -fomit-frame-pointer -funroll-loops
FAIL: gcc.c-torture/execute/931004-12.c compilation, -O3 -fomit-frame-pointer -funroll-all-loops -finline-functions
UNRESOLVED: gcc.c-torture/execute/931004-12.c execution, -O3 -fomit-frame-pointer -funroll-all-loops -finline-functions
FAIL: gcc.c-torture/execute/931004-12.c compilation, -O3 -g
UNRESOLVED: gcc.c-torture/execute/931004-12.c execution, -O3 -g
FAIL: gcc.c-torture/execute/931004-14.c compilation, -O3 -fomit-frame-pointer
UNRESOLVED: gcc.c-torture/execute/931004-14.c execution, -O3 -fomit-frame-pointer
FAIL: gcc.c-torture/execute/931004-14.c compilation, -O3 -fomit-frame-pointer -funroll-loops
UNRESOLVED: gcc.c-torture/execute/931004-14.c execution, -O3 -fomit-frame-pointer -funroll-loops
FAIL: gcc.c-torture/execute/931004-14.c compilation, -O3 -fomit-frame-pointer -funroll-all-loops -finline-functions
UNRESOLVED: gcc.c-torture/execute/931004-14.c execution, -O3 -fomit-frame-pointer -funroll-all-loops -finline-functions
FAIL: gcc.c-torture/execute/931004-14.c compilation, -O3 -g
UNRESOLVED: gcc.c-torture/execute/931004-14.c execution, -O3 -g
FAIL: gcc.c-torture/execute/931004-2.c compilation, -O3 -fomit-frame-pointer
UNRESOLVED: gcc.c-torture/execute/931004-2.c execution, -O3 -fomit-frame-pointer
FAIL: gcc.c-torture/execute/931004-2.c compilation, -O3 -fomit-frame-pointer -funroll-loops
UNRESOLVED: gcc.c-torture/execute/931004-2.c execution, -O3 -fomit-frame-pointer -funroll-loops
FAIL: gcc.c-torture/execute/931004-2.c compilation, -O3 -fomit-frame-pointer -funroll-all-loops -finline-functions
UNRESOLVED: gcc.c-torture/execute/931004-2.c execution, -O3 -fomit-frame-pointer -funroll-all-loops -finline-functions
FAIL: gcc.c-torture/execute/931004-2.c compilation, -O3 -g
UNRESOLVED: gcc.c-torture/execute/931004-2.c execution, -O3 -g
FAIL: gcc.c-torture/execute/931004-4.c compilation, -O3 -fomit-frame-pointer
UNRESOLVED: gcc.c-torture/execute/931004-4.c execution, -O3 -fomit-frame-pointer
FAIL: gcc.c-torture/execute/931004-4.c compilation, -O3 -fomit-frame-pointer -funroll-loops
UNRESOLVED: gcc.c-torture/execute/931004-4.c execution, -O3 -fomit-frame-pointer -funroll-loops
FAIL: gcc.c-torture/execute/931004-4.c compilation, -O3 -fomit-frame-pointer -funroll-all-loops -finline-functions
UNRESOLVED: gcc.c-torture/execute/931004-4.c execution, -O3 -fomit-frame-pointer -funroll-all-loops -finline-functions
FAIL: gcc.c-torture/execute/931004-4.c compilation, -O3 -g
UNRESOLVED: gcc.c-torture/execute/931004-4.c execution, -O3 -g
FAIL: gcc.c-torture/execute/931004-6.c compilation, -O3 -fomit-frame-pointer
UNRESOLVED: gcc.c-torture/execute/931004-6.c execution, -O3 -fomit-frame-pointer
FAIL: gcc.c-torture/execute/931004-6.c compilation, -O3 -fomit-frame-pointer -funroll-loops
UNRESOLVED: gcc.c-torture/execute/931004-6.c execution, -O3 -fomit-frame-pointer -funroll-loops
FAIL: gcc.c-torture/execute/931004-6.c compilation, -O3 -fomit-frame-pointer -funroll-all-loops -finline-functions
UNRESOLVED: gcc.c-torture/execute/931004-6.c execution, -O3 -fomit-frame-pointer -funroll-all-loops -finline-functions
FAIL: gcc.c-torture/execute/931004-6.c compilation, -O3 -g
UNRESOLVED: gcc.c-torture/execute/931004-6.c execution, -O3 -g
FAIL: gcc.c-torture/execute/931004-8.c compilation, -O3 -fomit-frame-pointer
UNRESOLVED: gcc.c-torture/execute/931004-8.c execution, -O3 -fomit-frame-pointer
FAIL: gcc.c-torture/execute/931004-8.c compilation, -O3 -fomit-frame-pointer -funroll-loops
UNRESOLVED: gcc.c-torture/execute/931004-8.c execution, -O3 -fomit-frame-pointer -funroll-loops
FAIL: gcc.c-torture/execute/931004-8.c compilation, -O3 -fomit-frame-pointer -funroll-all-loops -finline-functions
UNRESOLVED: gcc.c-torture/execute/931004-8.c execution, -O3 -fomit-frame-pointer -funroll-all-loops -finline-functions
FAIL: gcc.c-torture/execute/931004-8.c compilation, -O3 -g
UNRESOLVED: gcc.c-torture/execute/931004-8.c execution, -O3 -g
FAIL: gcc.c-torture/execute/970217-1.c execution, -O3 -fomit-frame-pointer
FAIL: gcc.c-torture/execute/970217-1.c execution, -O3 -g
FAIL: gcc.c-torture/execute/980205.c compilation, -O3 -fomit-frame-pointer
UNRESOLVED: gcc.c-torture/execute/980205.c execution, -O3 -fomit-frame-pointer
FAIL: gcc.c-torture/execute/980205.c compilation, -O3 -g
UNRESOLVED: gcc.c-torture/execute/980205.c execution, -O3 -g
FAIL: gcc.c-torture/execute/980526-1.c execution, -O3 -fomit-frame-pointer
FAIL: gcc.c-torture/execute/980526-1.c execution, -O3 -g
FAIL: gcc.c-torture/execute/980608-1.c compilation, -O3 -fomit-frame-pointer
UNRESOLVED: gcc.c-torture/execute/980608-1.c execution, -O3 -fomit-frame-pointer
FAIL: gcc.c-torture/execute/980608-1.c compilation, -O3 -g
UNRESOLVED: gcc.c-torture/execute/980608-1.c execution, -O3 -g
FAIL: gcc.c-torture/execute/980716-1.c compilation, -O3 -fomit-frame-pointer
UNRESOLVED: gcc.c-torture/execute/980716-1.c execution, -O3 -fomit-frame-pointer
FAIL: gcc.c-torture/execute/980716-1.c compilation, -O3 -fomit-frame-pointer -funroll-loops
UNRESOLVED: gcc.c-torture/execute/980716-1.c execution, -O3 -fomit-frame-pointer -funroll-loops
FAIL: gcc.c-torture/execute/980716-1.c compilation, -O3 -fomit-frame-pointer -funroll-all-loops -finline-functions
UNRESOLVED: gcc.c-torture/execute/980716-1.c execution, -O3 -fomit-frame-pointer -funroll-all-loops -finline-functions
FAIL: gcc.c-torture/execute/980716-1.c compilation, -O3 -g
UNRESOLVED: gcc.c-torture/execute/980716-1.c execution, -O3 -g
FAIL: gcc.c-torture/execute/991216-2.c compilation, -O3 -fomit-frame-pointer
UNRESOLVED: gcc.c-torture/execute/991216-2.c execution, -O3 -fomit-frame-pointer
FAIL: gcc.c-torture/execute/991216-2.c compilation, -O3 -fomit-frame-pointer -funroll-loops
UNRESOLVED: gcc.c-torture/execute/991216-2.c execution, -O3 -fomit-frame-pointer -funroll-loops
FAIL: gcc.c-torture/execute/991216-2.c compilation, -O3 -fomit-frame-pointer -funroll-all-loops -finline-functions
UNRESOLVED: gcc.c-torture/execute/991216-2.c execution, -O3 -fomit-frame-pointer -funroll-all-loops -finline-functions
FAIL: gcc.c-torture/execute/991216-2.c compilation, -O3 -g
UNRESOLVED: gcc.c-torture/execute/991216-2.c execution, -O3 -g
FAIL: gcc.c-torture/execute/991216-3.c compilation, -O3 -fomit-frame-pointer
UNRESOLVED: gcc.c-torture/execute/991216-3.c execution, -O3 -fomit-frame-pointer
FAIL: gcc.c-torture/execute/991216-3.c compilation, -O3 -fomit-frame-pointer -funroll-loops
UNRESOLVED: gcc.c-torture/execute/991216-3.c execution, -O3 -fomit-frame-pointer -funroll-loops
FAIL: gcc.c-torture/execute/991216-3.c compilation, -O3 -fomit-frame-pointer -funroll-all-loops -finline-functions
UNRESOLVED: gcc.c-torture/execute/991216-3.c execution, -O3 -fomit-frame-pointer -funroll-all-loops -finline-functions
FAIL: gcc.c-torture/execute/991216-3.c compilation, -O3 -g
UNRESOLVED: gcc.c-torture/execute/991216-3.c execution, -O3 -g
FAIL: gcc.c-torture/execute/comp-goto-2.c compilation, -O3 -fomit-frame-pointer
UNRESOLVED: gcc.c-torture/execute/comp-goto-2.c execution, -O3 -fomit-frame-pointer
FAIL: gcc.c-torture/execute/comp-goto-2.c compilation, -O3 -g
UNRESOLVED: gcc.c-torture/execute/comp-goto-2.c execution, -O3 -g
FAIL: gcc.c-torture/execute/multi-ix.c compilation, -O3 -fomit-frame-pointer
UNRESOLVED: gcc.c-torture/execute/multi-ix.c execution, -O3 -fomit-frame-pointer
FAIL: gcc.c-torture/execute/multi-ix.c compilation, -O3 -fomit-frame-pointer -funroll-loops
UNRESOLVED: gcc.c-torture/execute/multi-ix.c execution, -O3 -fomit-frame-pointer -funroll-loops
FAIL: gcc.c-torture/execute/multi-ix.c compilation, -O3 -fomit-frame-pointer -funroll-all-loops -finline-functions
UNRESOLVED: gcc.c-torture/execute/multi-ix.c execution, -O3 -fomit-frame-pointer -funroll-all-loops -finline-functions
FAIL: gcc.c-torture/execute/multi-ix.c compilation, -O3 -g
UNRESOLVED: gcc.c-torture/execute/multi-ix.c execution, -O3 -g
FAIL: gcc.c-torture/execute/nestfunc-1.c compilation, -O3 -fomit-frame-pointer
UNRESOLVED: gcc.c-torture/execute/nestfunc-1.c execution, -O3 -fomit-frame-pointer
FAIL: gcc.c-torture/execute/nestfunc-1.c compilation, -O3 -g
UNRESOLVED: gcc.c-torture/execute/nestfunc-1.c execution, -O3 -g
FAIL: gcc.c-torture/execute/strct-stdarg-1.c compilation, -O3 -fomit-frame-pointer
UNRESOLVED: gcc.c-torture/execute/strct-stdarg-1.c execution, -O3 -fomit-frame-pointer
FAIL: gcc.c-torture/execute/strct-stdarg-1.c compilation, -O3 -fomit-frame-pointer -funroll-loops
UNRESOLVED: gcc.c-torture/execute/strct-stdarg-1.c execution, -O3 -fomit-frame-pointer -funroll-loops
FAIL: gcc.c-torture/execute/strct-stdarg-1.c compilation, -O3 -fomit-frame-pointer -funroll-all-loops -finline-functions
UNRESOLVED: gcc.c-torture/execute/strct-stdarg-1.c execution, -O3 -fomit-frame-pointer -funroll-all-loops -finline-functions
FAIL: gcc.c-torture/execute/strct-stdarg-1.c compilation, -O3 -g
UNRESOLVED: gcc.c-torture/execute/strct-stdarg-1.c execution, -O3 -g
FAIL: gcc.c-torture/execute/strct-varg-1.c compilation, -O3 -fomit-frame-pointer
UNRESOLVED: gcc.c-torture/execute/strct-varg-1.c execution, -O3 -fomit-frame-pointer
FAIL: gcc.c-torture/execute/strct-varg-1.c compilation, -O3 -g
UNRESOLVED: gcc.c-torture/execute/strct-varg-1.c execution, -O3 -g
FAIL: gcc.c-torture/execute/va-arg-1.c compilation, -O3 -fomit-frame-pointer
UNRESOLVED: gcc.c-torture/execute/va-arg-1.c execution, -O3 -fomit-frame-pointer
FAIL: gcc.c-torture/execute/va-arg-1.c compilation, -O3 -g
UNRESOLVED: gcc.c-torture/execute/va-arg-1.c execution, -O3 -g
FAIL: gcc.c-torture/execute/va-arg-11.c compilation, -O3 -fomit-frame-pointer
UNRESOLVED: gcc.c-torture/execute/va-arg-11.c execution, -O3 -fomit-frame-pointer
FAIL: gcc.c-torture/execute/va-arg-11.c compilation, -O3 -fomit-frame-pointer -funroll-loops
UNRESOLVED: gcc.c-torture/execute/va-arg-11.c execution, -O3 -fomit-frame-pointer -funroll-loops
FAIL: gcc.c-torture/execute/va-arg-11.c compilation, -O3 -fomit-frame-pointer -funroll-all-loops -finline-functions
UNRESOLVED: gcc.c-torture/execute/va-arg-11.c execution, -O3 -fomit-frame-pointer -funroll-all-loops -finline-functions
FAIL: gcc.c-torture/execute/va-arg-11.c compilation, -O3 -g
UNRESOLVED: gcc.c-torture/execute/va-arg-11.c execution, -O3 -g
FAIL: gcc.c-torture/execute/va-arg-12.c compilation, -O3 -fomit-frame-pointer
UNRESOLVED: gcc.c-torture/execute/va-arg-12.c execution, -O3 -fomit-frame-pointer
FAIL: gcc.c-torture/execute/va-arg-12.c compilation, -O3 -g
UNRESOLVED: gcc.c-torture/execute/va-arg-12.c execution, -O3 -g
FAIL: gcc.c-torture/execute/va-arg-13.c compilation, -O3 -fomit-frame-pointer
UNRESOLVED: gcc.c-torture/execute/va-arg-13.c execution, -O3 -fomit-frame-pointer
FAIL: gcc.c-torture/execute/va-arg-13.c compilation, -O3 -g
UNRESOLVED: gcc.c-torture/execute/va-arg-13.c execution, -O3 -g
FAIL: gcc.c-torture/execute/va-arg-15.c compilation, -O3 -fomit-frame-pointer
UNRESOLVED: gcc.c-torture/execute/va-arg-15.c execution, -O3 -fomit-frame-pointer
FAIL: gcc.c-torture/execute/va-arg-15.c compilation, -O3 -fomit-frame-pointer -funroll-loops
UNRESOLVED: gcc.c-torture/execute/va-arg-15.c execution, -O3 -fomit-frame-pointer -funroll-loops
FAIL: gcc.c-torture/execute/va-arg-15.c compilation, -O3 -fomit-frame-pointer -funroll-all-loops -finline-functions
UNRESOLVED: gcc.c-torture/execute/va-arg-15.c execution, -O3 -fomit-frame-pointer -funroll-all-loops -finline-functions
FAIL: gcc.c-torture/execute/va-arg-15.c compilation, -O3 -g
UNRESOLVED: gcc.c-torture/execute/va-arg-15.c execution, -O3 -g
FAIL: gcc.c-torture/execute/va-arg-16.c compilation, -O3 -fomit-frame-pointer
UNRESOLVED: gcc.c-torture/execute/va-arg-16.c execution, -O3 -fomit-frame-pointer
FAIL: gcc.c-torture/execute/va-arg-16.c compilation, -O3 -g
UNRESOLVED: gcc.c-torture/execute/va-arg-16.c execution, -O3 -g
FAIL: gcc.c-torture/execute/va-arg-17.c compilation, -O3 -fomit-frame-pointer
UNRESOLVED: gcc.c-torture/execute/va-arg-17.c execution, -O3 -fomit-frame-pointer
FAIL: gcc.c-torture/execute/va-arg-17.c compilation, -O3 -g
UNRESOLVED: gcc.c-torture/execute/va-arg-17.c execution, -O3 -g
FAIL: gcc.c-torture/execute/va-arg-18.c compilation, -O3 -fomit-frame-pointer
UNRESOLVED: gcc.c-torture/execute/va-arg-18.c execution, -O3 -fomit-frame-pointer
FAIL: gcc.c-torture/execute/va-arg-18.c compilation, -O3 -g
UNRESOLVED: gcc.c-torture/execute/va-arg-18.c execution, -O3 -g
FAIL: gcc.c-torture/execute/va-arg-19.c compilation, -O3 -fomit-frame-pointer
UNRESOLVED: gcc.c-torture/execute/va-arg-19.c execution, -O3 -fomit-frame-pointer
FAIL: gcc.c-torture/execute/va-arg-19.c compilation, -O3 -g
UNRESOLVED: gcc.c-torture/execute/va-arg-19.c execution, -O3 -g
FAIL: gcc.c-torture/execute/va-arg-2.c compilation, -O3 -fomit-frame-pointer
UNRESOLVED: gcc.c-torture/execute/va-arg-2.c execution, -O3 -fomit-frame-pointer
FAIL: gcc.c-torture/execute/va-arg-2.c compilation, -O3 -fomit-frame-pointer -funroll-loops
UNRESOLVED: gcc.c-torture/execute/va-arg-2.c execution, -O3 -fomit-frame-pointer -funroll-loops
FAIL: gcc.c-torture/execute/va-arg-2.c compilation, -O3 -fomit-frame-pointer -funroll-all-loops -finline-functions
UNRESOLVED: gcc.c-torture/execute/va-arg-2.c execution, -O3 -fomit-frame-pointer -funroll-all-loops -finline-functions
FAIL: gcc.c-torture/execute/va-arg-2.c compilation, -O3 -g
UNRESOLVED: gcc.c-torture/execute/va-arg-2.c execution, -O3 -g
FAIL: gcc.c-torture/execute/va-arg-20.c compilation, -O3 -fomit-frame-pointer
UNRESOLVED: gcc.c-torture/execute/va-arg-20.c execution, -O3 -fomit-frame-pointer
FAIL: gcc.c-torture/execute/va-arg-20.c compilation, -O3 -g
UNRESOLVED: gcc.c-torture/execute/va-arg-20.c execution, -O3 -g
FAIL: gcc.c-torture/execute/va-arg-21.c compilation, -O3 -fomit-frame-pointer
UNRESOLVED: gcc.c-torture/execute/va-arg-21.c execution, -O3 -fomit-frame-pointer
FAIL: gcc.c-torture/execute/va-arg-21.c compilation, -O3 -fomit-frame-pointer -funroll-loops
UNRESOLVED: gcc.c-torture/execute/va-arg-21.c execution, -O3 -fomit-frame-pointer -funroll-loops
FAIL: gcc.c-torture/execute/va-arg-21.c compilation, -O3 -fomit-frame-pointer -funroll-all-loops -finline-functions
UNRESOLVED: gcc.c-torture/execute/va-arg-21.c execution, -O3 -fomit-frame-pointer -funroll-all-loops -finline-functions
FAIL: gcc.c-torture/execute/va-arg-21.c compilation, -O3 -g
UNRESOLVED: gcc.c-torture/execute/va-arg-21.c execution, -O3 -g
FAIL: gcc.c-torture/execute/va-arg-23.c compilation, -O3 -fomit-frame-pointer
UNRESOLVED: gcc.c-torture/execute/va-arg-23.c execution, -O3 -fomit-frame-pointer
FAIL: gcc.c-torture/execute/va-arg-23.c compilation, -O3 -g
UNRESOLVED: gcc.c-torture/execute/va-arg-23.c execution, -O3 -g
FAIL: gcc.c-torture/execute/va-arg-4.c compilation, -O3 -fomit-frame-pointer
UNRESOLVED: gcc.c-torture/execute/va-arg-4.c execution, -O3 -fomit-frame-pointer
FAIL: gcc.c-torture/execute/va-arg-4.c compilation, -O3 -g
UNRESOLVED: gcc.c-torture/execute/va-arg-4.c execution, -O3 -g
FAIL: gcc.c-torture/execute/va-arg-5.c compilation, -O3 -fomit-frame-pointer
UNRESOLVED: gcc.c-torture/execute/va-arg-5.c execution, -O3 -fomit-frame-pointer
FAIL: gcc.c-torture/execute/va-arg-5.c compilation, -O3 -g
UNRESOLVED: gcc.c-torture/execute/va-arg-5.c execution, -O3 -g
FAIL: gcc.c-torture/execute/va-arg-6.c compilation, -O3 -fomit-frame-pointer
UNRESOLVED: gcc.c-torture/execute/va-arg-6.c execution, -O3 -fomit-frame-pointer
FAIL: gcc.c-torture/execute/va-arg-6.c compilation, -O3 -g
UNRESOLVED: gcc.c-torture/execute/va-arg-6.c execution, -O3 -g
FAIL: gcc.c-torture/execute/va-arg-7.c compilation, -O3 -fomit-frame-pointer
UNRESOLVED: gcc.c-torture/execute/va-arg-7.c execution, -O3 -fomit-frame-pointer
FAIL: gcc.c-torture/execute/va-arg-7.c compilation, -O3 -g
UNRESOLVED: gcc.c-torture/execute/va-arg-7.c execution, -O3 -g
FAIL: gcc.c-torture/execute/va-arg-8.c compilation, -O3 -fomit-frame-pointer
UNRESOLVED: gcc.c-torture/execute/va-arg-8.c execution, -O3 -fomit-frame-pointer
FAIL: gcc.c-torture/execute/va-arg-8.c compilation, -O3 -g
UNRESOLVED: gcc.c-torture/execute/va-arg-8.c execution, -O3 -g
FAIL: gcc.c-torture/execute/va-arg-9.c compilation, -O3 -fomit-frame-pointer
UNRESOLVED: gcc.c-torture/execute/va-arg-9.c execution, -O3 -fomit-frame-pointer
FAIL: gcc.c-torture/execute/va-arg-9.c compilation, -O3 -fomit-frame-pointer -funroll-loops
UNRESOLVED: gcc.c-torture/execute/va-arg-9.c execution, -O3 -fomit-frame-pointer -funroll-loops
FAIL: gcc.c-torture/execute/va-arg-9.c compilation, -O3 -fomit-frame-pointer -funroll-all-loops -finline-functions
UNRESOLVED: gcc.c-torture/execute/va-arg-9.c execution, -O3 -fomit-frame-pointer -funroll-all-loops -finline-functions
FAIL: gcc.c-torture/execute/va-arg-9.c compilation, -O3 -g
UNRESOLVED: gcc.c-torture/execute/va-arg-9.c execution, -O3 -g
FAIL: gcc.dg/compat/struct-by-value-11 c_compat_x_tst.o-c_compat_y_tst.o execute
FAIL: gcc.dg/compat/struct-by-value-12 c_compat_x_tst.o-c_compat_y_tst.o execute
FAIL: gcc.dg/compat/struct-by-value-2 c_compat_x_tst.o-c_compat_y_tst.o execute
FAIL: gcc.dg/compat/struct-by-value-3 c_compat_x_tst.o-c_compat_y_tst.o execute
FAIL: gcc.dg/compat/struct-by-value-4 c_compat_x_tst.o-c_compat_y_tst.o execute
FAIL: gcc.dg/compat/struct-by-value-5 c_compat_x_tst.o-c_compat_y_tst.o execute
FAIL: gcc.dg/compat/struct-by-value-8 c_compat_x_tst.o-c_compat_y_tst.o execute
FAIL: gcc.dg/compat/struct-by-value-9 c_compat_x_tst.o-c_compat_y_tst.o execute
FAIL: gcc.dg/compat/struct-return-2 c_compat_x_tst.o-c_compat_y_tst.o execute
FAIL: gcc.dg/compat/struct-return-3 c_compat_x_tst.o-c_compat_y_tst.o execute
FAIL: gcc.dg/cpp/19990228-1.c scan-file-not [^\\n]#
FAIL: gcc.dg/cpp/_Pragma4.c scan-file (^|\\n)#pragma bar(\$|\\n)
FAIL: gcc.dg/cpp/avoidpaste2.c scan-file (^|\\n): : : - > - >
FAIL: gcc.dg/cpp/avoidpaste2.c scan-file (^|\\n):2: :22 22:
FAIL: gcc.dg/cpp/cmdlne-dD-dM.c scan-file (^|\\n)#define foo bar(\$|\\n)
FAIL: gcc.dg/cpp/cmdlne-dM-M.c scan-file (^|\\n)#define foo bar(\$|\\n)
FAIL: gcc.dg/cpp/cmdlne-dM-dD.c scan-file (^|\\n)#define foo bar(\$|\\n)
FAIL: gcc.dg/cpp/maccom1.c scan-file (^|\\n)passed
FAIL: gcc.dg/cpp/ucs.c (test for excess errors)
WARNING: gcc.dg/20021014-1.c compilation failed to produce executable
FAIL: gcc.dg/20030626-1.c (test for bogus messages, line 17)
FAIL: gcc.dg/builtins-10.c (test for excess errors)
FAIL: gcc.dg/builtins-18.c (test for excess errors)
FAIL: gcc.dg/builtins-20.c (test for excess errors)
ERROR: gcc.dg/const-elim-2.c: error executing dg-final: bad switch "-inline": must be -indices, -nocase, or --
UNRESOLVED: gcc.dg/const-elim-2.c: error executing dg-final: bad switch "-inline": must be -indices, -nocase, or --
WARNING: gcc.dg/nest.c compilation failed to produce executable
XPASS: gcc.dg/sibcall-3.c execution test
XPASS: gcc.dg/sibcall-4.c execution test
FAIL: gcc.dg/unused-5.c scan-assembler string_to_look_for
FAIL: gcc.dg/warn-1.c (test for warnings, line 15)
FAIL: gcc.dg/pch/static-1.c -O0 assembly comparison
FAIL: gcc.dg/pch/static-1.c -O1 assembly comparison
FAIL: gcc.dg/pch/static-1.c -O2 assembly comparison
FAIL: gcc.dg/pch/static-1.c -Os assembly comparison
FAIL: gcc.dg/pch/static-2.c -O0 assembly comparison
FAIL: gcc.dg/pch/static-2.c -O1 assembly comparison
FAIL: gcc.dg/pch/static-2.c -O2 assembly comparison
FAIL: gcc.dg/pch/static-2.c -Os assembly comparison
FAIL: gcc.dg/pch/static-3.c -O0 assembly comparison
FAIL: gcc.dg/pch/static-3.c -O1 assembly comparison
FAIL: gcc.dg/pch/static-3.c -O2 assembly comparison
FAIL: gcc.dg/pch/static-3.c -Os assembly comparison
FAIL: gcc.dg/special/wkali-2.c (test for excess errors)
FAIL: gcc.dg/special/wkali-2.c execution test
FAIL: gcc.misc-tests/bprob-2.c execution, -O3 -DPERFTIME -fprofile-arcs
UNRESOLVED: gcc.misc-tests/bprob-2.c compilation, -O3 -DPERFTIME -fbranch-probabilities
UNRESOLVED: gcc.misc-tests/bprob-2.c execution, -O3 -DPERFTIME -fbranch-probabilities
FAIL: gcc.misc-tests/bprob-2.c execution, -O3 -g -DPERFTIME -fprofile-arcs
UNRESOLVED: gcc.misc-tests/bprob-2.c compilation, -O3 -g -DPERFTIME -fbranch-probabilities
UNRESOLVED: gcc.misc-tests/bprob-2.c execution, -O3 -g -DPERFTIME -fbranch-probabilities
=== gcc Summary ===
# of expected passes 22020
# of unexpected failures 215
# of unexpected successes 2
# of expected failures 79
# of unresolved testcases 131
# of unsupported tests 229
/caip/u58/ghazi/gcc-testing/build/gcc/xgcc version 3.4 20030702 (experimental)
=== objc tests ===
Running target unix
=== objc Summary ===
# of expected passes 1156
/caip/u58/ghazi/gcc-testing/build/gcc/xgcc version 3.4 20030702 (experimental)
=== libstdc++-v3 tests ===
Running target unix
FAIL: 22_locale/ctype/cons/char/1.cc execution test
FAIL: 22_locale/num_put/put/char/7.cc (test for excess errors)
WARNING: 22_locale/num_put/put/char/7.cc compilation failed to produce executable
FAIL: 23_containers/vector_bool.cc (test for excess errors)
WARNING: 23_containers/vector_bool.cc compilation failed to produce executable
FAIL: 27_io/basic_filebuf/sgetn/char/1-in.cc execution test
FAIL: 27_io/basic_filebuf/sgetn/char/1-io.cc execution test
FAIL: 27_io/basic_filebuf/sgetn/char/2-in.cc execution test
FAIL: 27_io/basic_filebuf/sgetn/char/2-io.cc execution test
FAIL: 27_io/basic_filebuf/showmanyc/char/9533-2.cc execution test
FAIL: 27_io/basic_istream/readsome/char/6746-2.cc execution test
=== libstdc++-v3 Summary ===
# of expected passes 1502
# of unexpected failures 9
# of unsupported tests 7
Compiler version: 3.4 20030702 (experimental)
Platform: mips-sgi-irix6.5
configure flags: --verbose --enable-languages=c,objc,c++,f77,java --with-included-gettext --disable-werror