This is the mail archive of the
gcc-testresults@gcc.gnu.org
mailing list for the GCC project.
Results for 3.3.1 20030623 (prerelease) testsuite on mips-sgi-irix6.5o32
- From: Rainer Orth <ro at TechFak dot Uni-Bielefeld dot DE>
- To: gcc-testresults at gcc dot gnu dot org
- Date: Wed, 25 Jun 2003 13:48:58 +0200 (MEST)
- Subject: Results for 3.3.1 20030623 (prerelease) testsuite on mips-sgi-irix6.5o32
LAST_UPDATED: Mon Jun 23 13:23:53 UTC 2003
Native configuration is mips-sgi-irix6.5o32
=== g++ tests ===
Running target unix
FAIL: g++.dg/expr/anew1.C execution test
FAIL: g++.dg/expr/anew2.C execution test
FAIL: g++.dg/expr/anew3.C execution test
FAIL: g++.dg/expr/anew4.C execution test
FAIL: g++.dg/ext/attrib5.C (test for excess errors)
=== g++ Summary ===
# of expected passes 8053
# of unexpected failures 5
# of expected failures 102
# of untested testcases 23
# of unsupported tests 18
/var/tmp/gcc-obj/gcc-3.3.1-20030623/6.5o32-cc-gas/gcc/testsuite/../g++ version 3.3.1 20030623 (prerelease)
=== g77 tests ===
Running target unix
=== g77 Summary ===
# of expected passes 1686
# of unsupported tests 8
/var/tmp/gcc-obj/gcc-3.3.1-20030623/6.5o32-cc-gas/gcc/testsuite/../g77 version 3.3.1 20030623 (prerelease)
=== gcc tests ===
Running target unix
XPASS: gcc.c-torture/execute/20020227-1.c execution, -O0
XPASS: gcc.c-torture/execute/20020227-1.c execution, -O1
XPASS: gcc.c-torture/execute/20020227-1.c execution, -O2
XPASS: gcc.c-torture/execute/20020227-1.c execution, -O3 -fomit-frame-pointer
XPASS: gcc.c-torture/execute/20020227-1.c execution, -O3 -g
XPASS: gcc.c-torture/execute/20020227-1.c execution, -Os
FAIL: gcc.c-torture/execute/20020412-1.c execution, -O0
FAIL: gcc.c-torture/execute/20020412-1.c execution, -O1
FAIL: gcc.c-torture/execute/20020412-1.c execution, -O2
FAIL: gcc.c-torture/execute/20020412-1.c execution, -O3 -fomit-frame-pointer
FAIL: gcc.c-torture/execute/20020412-1.c execution, -O3 -fomit-frame-pointer -funroll-loops
FAIL: gcc.c-torture/execute/20020412-1.c execution, -O3 -fomit-frame-pointer -funroll-all-loops -finline-functions
FAIL: gcc.c-torture/execute/20020412-1.c execution, -O3 -g
FAIL: gcc.c-torture/execute/20020412-1.c execution, -Os
WARNING: gcc.dg/20021014-1.c compilation failed to produce executable
FAIL: gcc.dg/duff-2.c (test for excess errors)
FAIL: gcc.dg/inline-1.c scan-assembler-not xyzzy
WARNING: gcc.dg/nest.c compilation failed to produce executable
=== gcc Summary ===
# of expected passes 20974
# of unexpected failures 10
# of unexpected successes 6
# of expected failures 94
# of unsupported tests 179
/var/tmp/gcc-obj/gcc-3.3.1-20030623/6.5o32-cc-gas/gcc/xgcc version 3.3.1 20030623 (prerelease)
=== objc tests ===
Running target unix
=== objc Summary ===
# of expected passes 1153
/var/tmp/gcc-obj/gcc-3.3.1-20030623/6.5o32-cc-gas/gcc/xgcc version 3.3.1 20030623 (prerelease)
=== libstdc++-v3 tests ===
Running target unix
FAIL: 27_io/ios_init.cc (test for excess errors)
WARNING: 27_io/ios_init.cc compilation failed to produce executable
FAIL: 27_io/istream_extractor_arith/12.cc execution test
=== libstdc++-v3 Summary ===
# of expected passes 415
# of unexpected failures 2
# of expected failures 17
# of unsupported tests 6
Compiler version: 3.3.1 20030623 (prerelease)
Platform: mips-sgi-irix6.5o32
configure flags: --host=mips-sgi-irix6.5o32 --prefix=/.vol/gcc --with-local-prefix=/.vol/gcc --disable-nls --with-gnu-as --with-as=/homes/ro/bin/gas-2.14