This is the mail archive of the
gcc-testresults@gcc.gnu.org
mailing list for the GCC project.
Results for 3.3.1 20030610 (prerelease) testsuite on sparc-redhat-linux-gnu
- From: Horst von Brand <vonbrand at inf dot utfsm dot cl>
- To: gcc-testresults at gcc dot gnu dot org
- Date: Mon, 16 Jun 2003 11:29:00 -0400
- Subject: Results for 3.3.1 20030610 (prerelease) testsuite on sparc-redhat-linux-gnu
LAST_UPDATED: Sun Jun 15 23:02:37 UTC 2003
Native configuration is sparc-redhat-linux-gnu
=== g++ tests ===
Running target unix
=== g++ Summary ===
# of expected passes 7934
# of expected failures 98
# of untested testcases 22
# of unsupported tests 17
/usr/src/build/GCC/build-gcc-cvs/gcc/testsuite/../g++ version 3.3.1 20030610 (prerelease)
=== g77 tests ===
Running target unix
=== g77 Summary ===
# of expected passes 1686
# of unsupported tests 8
/usr/src/build/GCC/build-gcc-cvs/gcc/testsuite/../g77 version 3.3.1 20030610 (prerelease)
=== gcc tests ===
Running target unix
WARNING: program timed out.
FAIL: gcc.c-torture/compile/20001226-1.c, -O1
WARNING: program timed out.
FAIL: gcc.c-torture/compile/20001226-1.c, -O2
WARNING: program timed out.
FAIL: gcc.c-torture/compile/20001226-1.c, -O3 -fomit-frame-pointer
WARNING: program timed out.
FAIL: gcc.c-torture/compile/20001226-1.c, -O3 -g
WARNING: program timed out.
FAIL: gcc.c-torture/compile/20001226-1.c, -Os
FAIL: gcc.c-torture/execute/strncmp-1.c execution, -O0
FAIL: gcc.c-torture/execute/strncmp-1.c execution, -O1
FAIL: gcc.c-torture/execute/strncmp-1.c execution, -O2
FAIL: gcc.c-torture/execute/strncmp-1.c execution, -O3 -fomit-frame-pointer
FAIL: gcc.c-torture/execute/strncmp-1.c execution, -O3 -fomit-frame-pointer -funroll-loops
FAIL: gcc.c-torture/execute/strncmp-1.c execution, -O3 -fomit-frame-pointer -funroll-all-loops -finline-functions
FAIL: gcc.c-torture/execute/strncmp-1.c execution, -O3 -g
FAIL: gcc.c-torture/execute/strncmp-1.c execution, -Os
FAIL: gcc.dg/asm-7.c (test for warnings, line 14)
FAIL: gcc.dg/asm-7.c (test for warnings, line 15)
FAIL: gcc.dg/asm-7.c (test for excess errors)
FAIL: gcc.dg/duff-2.c (test for excess errors)
FAIL: gcc.dg/uninit-C.c (test for excess errors)
=== gcc Summary ===
# of expected passes 20803
# of unexpected failures 18
# of expected failures 67
# of unsupported tests 160
/usr/src/build/GCC/build-gcc-cvs/gcc/xgcc version 3.3.1 20030610 (prerelease)
=== objc tests ===
Running target unix
=== objc Summary ===
# of expected passes 1153
/usr/src/build/GCC/build-gcc-cvs/gcc/xgcc version 3.3.1 20030610 (prerelease)
=== libstdc++-v3 tests ===
Running target unix
XPASS: 22_locale/collate_byname.cc execution test
FAIL: 22_locale/ctor_copy_dtor.cc execution test
XPASS: 22_locale/ctype_is_char.cc execution test
XPASS: 22_locale/ctype_is_wchar_t.cc execution test
XPASS: 22_locale/messages_byname.cc execution test
XPASS: 22_locale/moneypunct_byname.cc execution test
WARNING: program timed out.
FAIL: thread/pthread4.cc execution test
WARNING: program timed out.
FAIL: thread/pthread5.cc execution test
=== libstdc++-v3 Summary ===
# of expected passes 450
# of unexpected failures 3
# of unexpected successes 5
# of expected failures 23
Compiler version: 3.3.1 20030610 (prerelease)
Platform: sparc-redhat-linux-gnu
configure flags: --host=sparc-redhat-linux --prefix=/usr