This is the mail archive of the
gcc-testresults@gcc.gnu.org
mailing list for the GCC project.
Results for 3.3.1 20030612 (prerelease) testsuite on mips-sgi-irix6.2
- From: "Kaveh R. Ghazi" <ghazi at caip dot rutgers dot edu>
- To: gcc-testresults at gcc dot gnu dot org
- Date: Fri, 13 Jun 2003 23:16:07 -0400 (EDT)
- Subject: Results for 3.3.1 20030612 (prerelease) testsuite on mips-sgi-irix6.2
LAST_UPDATED:
Native configuration is mips-sgi-irix6.2
=== g++ tests ===
Running target unix/-mabi=64
=== g++ Summary for unix/-mabi=64 ===
# of expected passes 7703
# of expected failures 106
# of untested testcases 23
# of unsupported tests 18
Running target unix/-mips4
=== g++ Summary for unix/-mips4 ===
# of expected passes 7703
# of expected failures 106
# of untested testcases 23
# of unsupported tests 18
Running target unix
=== g++ Summary for unix ===
# of expected passes 7703
# of expected failures 106
# of untested testcases 23
# of unsupported tests 18
=== g++ Summary ===
# of expected passes 23109
# of expected failures 318
# of untested testcases 69
# of unsupported tests 54
/teal/tmpdisk/ghazi/gcc-testing-irix62/branch/build/gcc/testsuite/../g++ version 3.3.1 20030612 (prerelease)
=== g77 tests ===
Running target unix/-mabi=64
=== g77 Summary for unix/-mabi=64 ===
# of expected passes 1686
# of unsupported tests 8
Running target unix/-mips4
=== g77 Summary for unix/-mips4 ===
# of expected passes 1686
# of unsupported tests 8
Running target unix
=== g77 Summary for unix ===
# of expected passes 1686
# of unsupported tests 8
=== g77 Summary ===
# of expected passes 5058
# of unsupported tests 24
/teal/tmpdisk/ghazi/gcc-testing-irix62/branch/build/gcc/testsuite/../g77 version 3.3.1 20030612 (prerelease)
=== gcc tests ===
Running target unix/-mabi=64
FAIL: gcc.c-torture/execute/20020412-1.c execution, -O0
FAIL: gcc.c-torture/execute/20020412-1.c execution, -O1
FAIL: gcc.c-torture/execute/20020412-1.c execution, -O2
FAIL: gcc.c-torture/execute/20020412-1.c execution, -O3 -fomit-frame-pointer
FAIL: gcc.c-torture/execute/20020412-1.c execution, -O3 -fomit-frame-pointer -funroll-loops
FAIL: gcc.c-torture/execute/20020412-1.c execution, -O3 -fomit-frame-pointer -funroll-all-loops -finline-functions
FAIL: gcc.c-torture/execute/20020412-1.c execution, -O3 -g
FAIL: gcc.c-torture/execute/20020412-1.c execution, -Os
WARNING: gcc.dg/20021014-1.c compilation failed to produce executable
FAIL: gcc.dg/duff-2.c (test for excess errors)
WARNING: gcc.dg/nest.c compilation failed to produce executable
=== gcc Summary for unix/-mabi=64 ===
# of expected passes 20438
# of unexpected failures 9
# of expected failures 100
# of unsupported tests 178
Running target unix/-mips4
FAIL: gcc.c-torture/execute/20020412-1.c execution, -O0
FAIL: gcc.c-torture/execute/20020412-1.c execution, -O1
FAIL: gcc.c-torture/execute/20020412-1.c execution, -O2
FAIL: gcc.c-torture/execute/20020412-1.c execution, -O3 -fomit-frame-pointer
FAIL: gcc.c-torture/execute/20020412-1.c execution, -O3 -fomit-frame-pointer -funroll-loops
FAIL: gcc.c-torture/execute/20020412-1.c execution, -O3 -fomit-frame-pointer -funroll-all-loops -finline-functions
FAIL: gcc.c-torture/execute/20020412-1.c execution, -O3 -g
FAIL: gcc.c-torture/execute/20020412-1.c execution, -Os
WARNING: gcc.dg/20021014-1.c compilation failed to produce executable
FAIL: gcc.dg/duff-2.c (test for excess errors)
WARNING: gcc.dg/nest.c compilation failed to produce executable
=== gcc Summary for unix/-mips4 ===
# of expected passes 20438
# of unexpected failures 9
# of expected failures 100
# of unsupported tests 178
Running target unix
FAIL: gcc.c-torture/execute/20020412-1.c execution, -O0
FAIL: gcc.c-torture/execute/20020412-1.c execution, -O1
FAIL: gcc.c-torture/execute/20020412-1.c execution, -O2
FAIL: gcc.c-torture/execute/20020412-1.c execution, -O3 -fomit-frame-pointer
FAIL: gcc.c-torture/execute/20020412-1.c execution, -O3 -fomit-frame-pointer -funroll-loops
FAIL: gcc.c-torture/execute/20020412-1.c execution, -O3 -fomit-frame-pointer -funroll-all-loops -finline-functions
FAIL: gcc.c-torture/execute/20020412-1.c execution, -O3 -g
FAIL: gcc.c-torture/execute/20020412-1.c execution, -Os
WARNING: gcc.dg/20021014-1.c compilation failed to produce executable
FAIL: gcc.dg/duff-2.c (test for excess errors)
WARNING: gcc.dg/nest.c compilation failed to produce executable
=== gcc Summary for unix ===
# of expected passes 20438
# of unexpected failures 9
# of expected failures 100
# of unsupported tests 178
=== gcc Summary ===
# of expected passes 61314
# of unexpected failures 27
# of expected failures 300
# of unsupported tests 534
/teal/tmpdisk/ghazi/gcc-testing-irix62/branch/build/gcc/xgcc version 3.3.1 20030612 (prerelease)
=== objc tests ===
Running target unix/-mabi=64
=== objc Summary for unix/-mabi=64 ===
# of expected passes 1153
Running target unix/-mips4
=== objc Summary for unix/-mips4 ===
# of expected passes 1153
Running target unix
=== objc Summary for unix ===
# of expected passes 1153
=== objc Summary ===
# of expected passes 3459
/teal/tmpdisk/ghazi/gcc-testing-irix62/branch/build/gcc/xgcc version 3.3.1 20030612 (prerelease)
=== libstdc++-v3 tests ===
Running target unix/-mabi=64
FAIL: 27_io/istream_unformatted.cc execution test
=== libstdc++-v3 Summary for unix/-mabi=64 ===
# of expected passes 417
# of unexpected failures 1
# of expected failures 17
# of unsupported tests 6
Running target unix/-mips4
FAIL: 27_io/istream_unformatted.cc execution test
=== libstdc++-v3 Summary for unix/-mips4 ===
# of expected passes 417
# of unexpected failures 1
# of expected failures 17
# of unsupported tests 6
Running target unix
FAIL: 27_io/istream_unformatted.cc execution test
=== libstdc++-v3 Summary for unix ===
# of expected passes 417
# of unexpected failures 1
# of expected failures 17
# of unsupported tests 6
=== libstdc++-v3 Summary ===
# of expected passes 1251
# of unexpected failures 3
# of expected failures 51
# of unsupported tests 18
Compiler version: 3.3.1 20030612 (prerelease)
Platform: mips-sgi-irix6.2
configure flags: --host=mips-sgi-irix6.2 --verbose --enable-languages=c,objc,c++,f77,java