This is the mail archive of the
gcc-testresults@gcc.gnu.org
mailing list for the GCC project.
Results for 3.4 20030613 (experimental) testsuite on i386-unknown-netbsdelf2.0
- From: thorpej at shagadelic dot org (Jason R Thorpe)
- To: gcc-testresults at gcc dot gnu dot org
- Date: Fri, 13 Jun 2003 15:41:37 -0700 (PDT)
- Subject: Results for 3.4 20030613 (experimental) testsuite on i386-unknown-netbsdelf2.0
LAST_UPDATED: Fri Jun 13 13:33:12 UTC 2003
Native configuration is i386-unknown-netbsdelf2.0
=== g++ tests ===
Running target unix
FAIL: g++.dg/eh/simd-2.C (test for excess errors)
WARNING: g++.dg/eh/simd-2.C compilation failed to produce executable
FAIL: g++.dg/ext/pretty1.C scan-assembler top level
FAIL: g++.dg/ext/pretty2.C (test for excess errors)
WARNING: g++.dg/ext/pretty2.C compilation failed to produce executable
FAIL: g++.dg/init/array10.C (test for excess errors)
WARNING: g++.old-deja/g++.mike/p10769a.C compilation failed to produce executable
WARNING: g++.old-deja/g++.other/enum5.C compilation failed to produce executable
XPASS: g++.old-deja/g++.other/init5.C execution test
WARNING: g++.old-deja/g++.pt/friend44.C compilation failed to produce executable
=== g++ Summary ===
# of expected passes 8619
# of unexpected failures 4
# of unexpected successes 1
# of expected failures 67
# of unsupported tests 22
/FSF/gcc/build/netbsd-i386-i386-2.0/gcc/testsuite/../g++ version 3.4 20030613 (experimental)
=== g77 tests ===
Running target unix
FAIL: g77.f-torture/compile/20010321-1.f, -O0
FAIL: g77.f-torture/compile/20010321-1.f, -O1
FAIL: g77.f-torture/compile/20010321-1.f, -O2
FAIL: g77.f-torture/compile/20010321-1.f, -O3 -fomit-frame-pointer
FAIL: g77.f-torture/compile/20010321-1.f, -O3 -g
FAIL: g77.f-torture/compile/20010321-1.f, -Os
FAIL: g77.f-torture/execute/980520-1.f compilation, -O0
=== g77 Summary ===
# of expected passes 1740
# of unexpected failures 7
# of untested testcases 1
# of unsupported tests 6
/FSF/gcc/build/netbsd-i386-i386-2.0/gcc/testsuite/../g77 version 3.4 20030613 (experimental)
=== gcc tests ===
Running target unix
FAIL: gcc.c-torture/execute/conversion.c execution, -O0
FAIL: gcc.c-torture/execute/conversion.c execution, -O1
FAIL: gcc.c-torture/execute/conversion.c execution, -O2
FAIL: gcc.c-torture/execute/conversion.c execution, -Os
FAIL: gcc.c-torture/execute/ieee/rbug.c execution, -O0
FAIL: gcc.c-torture/execute/ieee/rbug.c execution, -O1
FAIL: gcc.c-torture/execute/ieee/rbug.c execution, -O2
FAIL: gcc.c-torture/execute/ieee/rbug.c execution, -Os
FAIL: gcc.c-torture/execute/ieee/rbug.c execution, -O0
FAIL: gcc.c-torture/execute/ieee/rbug.c execution, -O1
FAIL: gcc.c-torture/execute/ieee/rbug.c execution, -O2
FAIL: gcc.c-torture/execute/ieee/rbug.c execution, -Os
XPASS: gcc.dg/cpp/cmdlne-dI-M.c scan-file (^|\\n)cmdlne-dI-M.*:[^\\n]*cmdlne-dI-M.c
XPASS: gcc.dg/cpp/cmdlne-dM-M.c scan-file (^|\\n)cmdlne-dM-M[^\\n]*:[^\\n]*cmdlne-dM-M.c
FAIL: gcc.dg/cpp/trad/maccom4.c (test for excess errors)
ERROR: gcc.dg/cpp/trad/maccom4.c: error executing dg-final: couldn't open "maccom4.i": no such file or directory
UNRESOLVED: gcc.dg/cpp/trad/maccom4.c: error executing dg-final: couldn't open "maccom4.i": no such file or directory
FAIL: gcc.dg/cpp/trad/maccom6.c (test for excess errors)
ERROR: gcc.dg/cpp/trad/maccom6.c: error executing dg-final: couldn't open "maccom6.i": no such file or directory
UNRESOLVED: gcc.dg/cpp/trad/maccom6.c: error executing dg-final: couldn't open "maccom6.i": no such file or directory
FAIL: gcc.dg/cpp/trad/maccom4.c (test for excess errors)
ERROR: gcc.dg/cpp/trad/maccom4.c: error executing dg-final: couldn't open "maccom4.i": no such file or directory
UNRESOLVED: gcc.dg/cpp/trad/maccom4.c: error executing dg-final: couldn't open "maccom4.i": no such file or directory
FAIL: gcc.dg/cpp/trad/maccom6.c (test for excess errors)
ERROR: gcc.dg/cpp/trad/maccom6.c: error executing dg-final: couldn't open "maccom6.i": no such file or directory
UNRESOLVED: gcc.dg/cpp/trad/maccom6.c: error executing dg-final: couldn't open "maccom6.i": no such file or directory
FAIL: gcc.dg/builtins-20.c (test for excess errors)
FAIL: gcc.dg/const-elim-1.c scan-assembler-not LC[^A-Z]
FAIL: gcc.dg/warn-1.c (test for warnings, line 15)
=== gcc Summary ===
# of expected passes 23331
# of unexpected failures 19
# of unexpected successes 2
# of expected failures 73
# of unresolved testcases 4
# of unsupported tests 134
/FSF/gcc/build/netbsd-i386-i386-2.0/gcc/xgcc version 3.4 20030613 (experimental)
=== objc tests ===
Running target unix
=== objc Summary ===
# of expected passes 1156
/FSF/gcc/build/netbsd-i386-i386-2.0/gcc/xgcc version 3.4 20030613 (experimental)
=== libjava tests ===
Running target unix
FAIL: FileHandleGcTest execution - source compiled test
FAIL: FileHandleGcTest execution - gij test
FAIL: FileHandleGcTest execution - bytecode->native test
FAIL: FileHandleGcTest -O execution - source compiled test
FAIL: FileHandleGcTest execution - gij test
FAIL: FileHandleGcTest -O execution - bytecode->native test
FAIL: SyncGlobal -O execution - bytecode->native test
FAIL: SyncTest execution - gij test
FAIL: SyncTest execution - bytecode->native test
FAIL: SyncTest execution - gij test
FAIL: SyncTest -O execution - bytecode->native test
FAIL: Thread_Wait_2 -O execution - bytecode->native test
FAIL: Throw_2 execution - source compiled test
FAIL: Throw_2 execution - gij test
FAIL: Throw_2 execution - bytecode->native test
FAIL: Throw_2 -O execution - source compiled test
FAIL: Throw_2 execution - gij test
FAIL: Throw_2 -O execution - bytecode->native test
FAIL: /FSF/gcc/build/netbsd-i386-i386-2.0/i386-unknown-netbsdelf2.0/libjava/testsuite/TestEarlyGC.exe execution - /FSF/gcc/build/netbsd-i386-i386-2.0/i386-unknown-netbsdelf2.0/libjava/testsuite/TestEarlyGC.exe
FAIL: /FSF/gcc/build/netbsd-i386-i386-2.0/i386-unknown-netbsdelf2.0/libjava/testsuite/TestLeak.exe execution - /FSF/gcc/build/netbsd-i386-i386-2.0/i386-unknown-netbsdelf2.0/libjava/testsuite/TestLeak.exe
=== libjava Summary ===
# of expected passes 3015
# of unexpected failures 20
# of expected failures 16
# of untested testcases 32
=== libstdc++-v3 tests ===
Running target unix
FAIL: 22_locale/ctype/cons/char/1.cc execution test
FAIL: 27_io/basic_filebuf/sgetn/char/1-in.cc execution test
FAIL: 27_io/basic_filebuf/sgetn/char/1-io.cc execution test
=== libstdc++-v3 Summary ===
# of expected passes 1482
# of unexpected failures 3
Compiler version: 3.4 20030613 (experimental)
Platform: i386-unknown-netbsdelf2.0
configure flags: --prefix=/usr/local/gnu --host=i386-unknown-netbsdelf2.0 --disable-shared