This is the mail archive of the
gcc-testresults@gcc.gnu.org
mailing list for the GCC project.
Results for 3.4 20030611 (experimental) testsuite on i686-suse8-linux-gnu
- From: Manfred Hollstein <manfred at airs dot com>
- To: gcc-testresults at gcc dot gnu dot org
- Date: Wed, 11 Jun 2003 19:26:13 +0200
- Subject: Results for 3.4 20030611 (experimental) testsuite on i686-suse8-linux-gnu
LAST_UPDATED: Mit Jun 11 10:56:39 UTC 2003
Native configuration is i686-suse8-linux-gnu
=== g++ tests ===
Running target unix
FAIL: g++.dg/eh/simd-2.C (test for excess errors)
WARNING: g++.dg/eh/simd-2.C compilation failed to produce executable
FAIL: g++.dg/ext/pretty1.C scan-assembler top level
FAIL: g++.dg/ext/pretty2.C (test for excess errors)
WARNING: g++.dg/ext/pretty2.C compilation failed to produce executable
FAIL: g++.dg/init/array10.C (test for excess errors)
WARNING: g++.old-deja/g++.mike/p10769a.C compilation failed to produce executable
WARNING: g++.old-deja/g++.other/enum5.C compilation failed to produce executable
XPASS: g++.old-deja/g++.other/init5.C execution test
WARNING: g++.old-deja/g++.pt/friend44.C compilation failed to produce executable
=== g++ Summary ===
# of expected passes 8625
# of unexpected failures 4
# of unexpected successes 1
# of expected failures 67
# of unsupported tests 15
/home/gnu/work/GNU/gcc-20030611-i686-suse8-linux-gnu/gcc/testsuite/../g++ version 3.4 20030611 (experimental)
=== g77 tests ===
Running target unix
FAIL: g77.f-torture/compile/20010321-1.f, -O0
FAIL: g77.f-torture/compile/20010321-1.f, -O1
FAIL: g77.f-torture/compile/20010321-1.f, -O2
FAIL: g77.f-torture/compile/20010321-1.f, -O3 -fomit-frame-pointer
FAIL: g77.f-torture/compile/20010321-1.f, -O3 -g
FAIL: g77.f-torture/compile/20010321-1.f, -Os
FAIL: g77.f-torture/execute/980520-1.f compilation, -O0
=== g77 Summary ===
# of expected passes 1752
# of unexpected failures 7
# of untested testcases 1
/home/gnu/work/GNU/gcc-20030611-i686-suse8-linux-gnu/gcc/testsuite/../g77 version 3.4 20030611 (experimental)
=== gcc tests ===
Running target unix
FAIL: gcc.dg/warn-1.c (test for warnings, line 15)
FAIL: gcc.dg/tls/opt-6.c (test for excess errors)
=== gcc Summary ===
# of expected passes 23265
# of unexpected failures 2
# of expected failures 75
# of unsupported tests 103
/home/gnu/work/GNU/gcc-20030611-i686-suse8-linux-gnu/gcc/xgcc version 3.4 20030611 (experimental)
=== objc tests ===
Running target unix
=== objc Summary ===
# of expected passes 1156
/home/gnu/work/GNU/gcc-20030611-i686-suse8-linux-gnu/gcc/xgcc version 3.4 20030611 (experimental)
=== libjava tests ===
Running target unix
FAIL: cxxtest output
=== libjava Summary ===
# of expected passes 3054
# of unexpected failures 1
# of expected failures 16
# of untested testcases 12
=== libstdc++-v3 tests ===
Running target unix
XPASS: 26_numerics/c99_classification_macros_c.cc (test for excess errors)
=== libstdc++-v3 Summary ===
# of expected passes 1956
# of unexpected successes 1
Compiler version: 3.4 20030611 (experimental)
Platform: i686-suse8-linux-gnu
configure flags: --srcdir=../gcc-20030611 --prefix=/opt/gnu --exec-prefix=/opt/gnu/H-ia32-linux --with-gnu-as --with-gnu-ld --enable-__cxa_atexit --disable-checking --enable-clocale=gnu --enable-interpreter --enable-shared --enable-threads=posix --with-system-zlib --with-local-prefix=/opt/gnu --enable-nls --verbose
Counting all warnings,
there are 17 warnings in stage3 of this bootstrap.
Number of warnings per file:
4 insn-conditions.c
3 gcc/gcc.c
2 gcc/objc/lang-specs.h
2 gcc/f/sta.c
2 gcc/crtstuff.c
1 gcc/unwind-pe.h
1 gcc/java/jvspec.c
1 gcc/config/i386/i386.md
1 gcc/ada/tracebak.c
Number of warning types:
10 string length `???' is greater than the length `???' ISO C89 compilers are required to support
2 passing arg ??? of `???' discards qualifiers from pointer target type
2 dereferencing type-punned pointer will break strict-aliasing rules
1 operand 1 missing mode?
1 comparison of unsigned expression < 0 is always false
1 `???' defined but not used