This is the mail archive of the
gcc-testresults@gcc.gnu.org
mailing list for the GCC project.
Results for 3.4 20030609 (experimental) testsuite on powerpc-apple-darwin6.3-dylibs
- From: Andreas Tobler <toa at pop dot agri dot ch>
- To: gcc-results <gcc-testresults at gcc dot gnu dot org>
- Date: Tue, 10 Jun 2003 18:00:46 +0200
- Subject: Results for 3.4 20030609 (experimental) testsuite on powerpc-apple-darwin6.3-dylibs
Another one with darwin dylibs. I think I have some linking issues.......
Andreas
P.S, Throw_2 from java tests removed. Bombed the machine tu unusability.
LAST_UPDATED: Mon Jun 9 07:27:47 UTC 2003
Native configuration is powerpc-apple-darwin6.3
=== g++ tests ===
Running target unix/-msoft-float
FAIL: g++.dg/conversion/to-virtual-base-1.C (test for excess errors)
FAIL: g++.dg/eh/simd-2.C (test for excess errors)
WARNING: g++.dg/eh/simd-2.C compilation failed to produce executable
FAIL: g++.dg/ext/pretty1.C scan-assembler top level
FAIL: g++.dg/ext/pretty2.C (test for excess errors)
WARNING: g++.dg/ext/pretty2.C compilation failed to produce executable
FAIL: g++.dg/init/array10.C (test for excess errors)
FAIL: g++.dg/other/offsetof3.C (test for warnings, line 14)
FAIL: g++.dg/other/offsetof3.C (test for excess errors)
XPASS: g++.dg/other/packed1.C execution test
FAIL: g++.dg/parse/attr-ctor1.C (test for excess errors)
FAIL: g++.dg/template/inline1.C scan-assembler-not _ZN1X3FooIiEEvT_:
FAIL: g++.dg/warn/weak1.C (test for excess errors)
FAIL: g++.dg/special/conpr-3.C execution test
FAIL: g++.old-deja/g++.abi/cxa_vec.C execution test
FAIL: g++.old-deja/g++.brendan/new3.C execution test
FAIL: g++.old-deja/g++.ext/attrib5.C (test for excess errors)
WARNING: g++.old-deja/g++.ext/attrib5.C compilation failed to produce executable
FAIL: g++.old-deja/g++.law/ctors2.C execution test
FAIL: g++.old-deja/g++.law/missed-error3.C (test for excess errors)
WARNING: g++.old-deja/g++.mike/p10769a.C compilation failed to produce executable
FAIL: g++.old-deja/g++.mike/p4750.C (test for excess errors)
FAIL: g++.old-deja/g++.other/comdat3.C (test for excess errors)
WARNING: g++.old-deja/g++.other/comdat3.C compilation failed to produce executable
WARNING: g++.old-deja/g++.other/enum5.C compilation failed to produce executable
FAIL: g++.old-deja/g++.other/local-alloc1.C (test for excess errors)
FAIL: g++.old-deja/g++.other/mangle3.C (test for excess errors)
WARNING: g++.old-deja/g++.pt/friend44.C compilation failed to produce executable
FAIL: g++.old-deja/g++.pt/static3.C (test for excess errors)
WARNING: g++.old-deja/g++.pt/static3.C compilation failed to produce executable
FAIL: g++.old-deja/g++.pt/static6.C (test for excess errors)
=== g++ Summary for unix/-msoft-float ===
# of expected passes 8380
# of unexpected failures 22
# of unexpected successes 1
# of expected failures 69
# of unsupported tests 46
Running target unix
FAIL: g++.dg/debug/debug3.C (test for excess errors)
FAIL: g++.dg/debug/debug3.C (test for excess errors)
FAIL: g++.dg/debug/debug3.C (test for excess errors)
FAIL: g++.dg/debug/debug3.C (test for excess errors)
FAIL: g++.dg/debug/debug3.C (test for excess errors)
FAIL: g++.dg/debug/debug3.C (test for excess errors)
FAIL: g++.dg/debug/debug3.C (test for excess errors)
FAIL: g++.dg/debug/debug3.C (test for excess errors)
FAIL: g++.dg/debug/debug3.C (test for excess errors)
FAIL: g++.dg/debug/debug3.C (test for excess errors)
FAIL: g++.dg/debug/debug3.C (test for excess errors)
FAIL: g++.dg/debug/debug3.C (test for excess errors)
FAIL: g++.dg/debug/debug3.C (test for excess errors)
FAIL: g++.dg/debug/debug3.C (test for excess errors)
FAIL: g++.dg/debug/debug3.C (test for excess errors)
FAIL: g++.dg/debug/debug3.C (test for excess errors)
FAIL: g++.dg/debug/debug3.C (test for excess errors)
FAIL: g++.dg/debug/debug3.C (test for excess errors)
FAIL: g++.dg/conversion/to-virtual-base-1.C (test for excess errors)
FAIL: g++.dg/eh/simd-2.C (test for excess errors)
WARNING: g++.dg/eh/simd-2.C compilation failed to produce executable
FAIL: g++.dg/ext/pretty1.C scan-assembler top level
FAIL: g++.dg/ext/pretty2.C (test for excess errors)
WARNING: g++.dg/ext/pretty2.C compilation failed to produce executable
FAIL: g++.dg/init/array10.C (test for excess errors)
FAIL: g++.dg/opt/vt1.C (test for excess errors)
FAIL: g++.dg/other/offsetof3.C (test for warnings, line 14)
FAIL: g++.dg/other/offsetof3.C (test for excess errors)
XPASS: g++.dg/other/packed1.C execution test
FAIL: g++.dg/parse/attr-ctor1.C (test for excess errors)
FAIL: g++.dg/template/inline1.C scan-assembler-not _ZN1X3FooIiEEvT_:
FAIL: g++.dg/warn/weak1.C (test for excess errors)
FAIL: g++.dg/special/conpr-3.C execution test
FAIL: g++.old-deja/g++.abi/cxa_vec.C execution test
FAIL: g++.old-deja/g++.brendan/new3.C execution test
FAIL: g++.old-deja/g++.ext/attrib5.C (test for excess errors)
WARNING: g++.old-deja/g++.ext/attrib5.C compilation failed to produce executable
FAIL: g++.old-deja/g++.law/ctors2.C execution test
FAIL: g++.old-deja/g++.law/missed-error3.C (test for excess errors)
WARNING: g++.old-deja/g++.mike/p10769a.C compilation failed to produce executable
FAIL: g++.old-deja/g++.mike/p4750.C (test for excess errors)
FAIL: g++.old-deja/g++.other/comdat3.C (test for excess errors)
WARNING: g++.old-deja/g++.other/comdat3.C compilation failed to produce executable
WARNING: g++.old-deja/g++.other/enum5.C compilation failed to produce executable
FAIL: g++.old-deja/g++.other/local-alloc1.C (test for excess errors)
FAIL: g++.old-deja/g++.other/mangle3.C (test for excess errors)
WARNING: g++.old-deja/g++.pt/friend44.C compilation failed to produce executable
FAIL: g++.old-deja/g++.pt/static3.C (test for excess errors)
WARNING: g++.old-deja/g++.pt/static3.C compilation failed to produce executable
FAIL: g++.old-deja/g++.pt/static6.C (test for excess errors)
=== g++ Summary for unix ===
# of expected passes 8361
# of unexpected failures 41
# of unexpected successes 1
# of expected failures 69
# of unsupported tests 46
=== g++ Summary ===
# of expected passes 16741
# of unexpected failures 63
# of unexpected successes 2
# of expected failures 138
# of unsupported tests 92
/Volumes/xufs/gcc-cvs-dylib/objdir/gcc/testsuite/../g++ version 3.4 20030609 (experimental)
=== gcc tests ===
Running target unix/-msoft-float
WARNING: program timed out.
FAIL: gcc.c-torture/compile/20001226-1.c, -O1
WARNING: program timed out.
FAIL: gcc.c-torture/compile/20001226-1.c, -O2
WARNING: program timed out.
FAIL: gcc.c-torture/compile/20001226-1.c, -O3 -fomit-frame-pointer
WARNING: program timed out.
FAIL: gcc.c-torture/compile/20001226-1.c, -O3 -g
WARNING: program timed out.
FAIL: gcc.c-torture/compile/20001226-1.c, -Os
FAIL: gcc.c-torture/execute/20000412-3.c execution, -O3 -fomit-frame-pointer
FAIL: gcc.c-torture/execute/20000412-3.c execution, -O3 -g
FAIL: gcc.c-torture/execute/20020720-1.c compilation, -O1
UNRESOLVED: gcc.c-torture/execute/20020720-1.c execution, -O1
FAIL: gcc.c-torture/execute/20020720-1.c compilation, -O2
UNRESOLVED: gcc.c-torture/execute/20020720-1.c execution, -O2
FAIL: gcc.c-torture/execute/20020720-1.c compilation, -O3 -fomit-frame-pointer
UNRESOLVED: gcc.c-torture/execute/20020720-1.c execution, -O3 -fomit-frame-pointer
FAIL: gcc.c-torture/execute/20020720-1.c compilation, -O3 -g
UNRESOLVED: gcc.c-torture/execute/20020720-1.c execution, -O3 -g
FAIL: gcc.c-torture/execute/20020720-1.c compilation, -Os
UNRESOLVED: gcc.c-torture/execute/20020720-1.c execution, -Os
FAIL: gcc.c-torture/execute/980709-1.c execution, -O0
FAIL: gcc.c-torture/execute/980709-1.c execution, -O1
FAIL: gcc.c-torture/execute/980709-1.c execution, -O2
FAIL: gcc.c-torture/execute/980709-1.c execution, -O3 -fomit-frame-pointer
FAIL: gcc.c-torture/execute/980709-1.c execution, -O3 -g
FAIL: gcc.c-torture/execute/980709-1.c execution, -Os
FAIL: gcc.c-torture/execute/990826-0.c execution, -O0
FAIL: gcc.c-torture/execute/990826-0.c execution, -O1
FAIL: gcc.c-torture/execute/990826-0.c execution, -O2
FAIL: gcc.c-torture/execute/990826-0.c execution, -O3 -fomit-frame-pointer
FAIL: gcc.c-torture/execute/990826-0.c execution, -O3 -fomit-frame-pointer -funroll-loops
FAIL: gcc.c-torture/execute/990826-0.c execution, -O3 -fomit-frame-pointer -funroll-all-loops -finline-functions
FAIL: gcc.c-torture/execute/990826-0.c execution, -O3 -g
FAIL: gcc.c-torture/execute/990826-0.c execution, -Os
FAIL: gcc.c-torture/execute/pure-1.c compilation, -O1
UNRESOLVED: gcc.c-torture/execute/pure-1.c execution, -O1
FAIL: gcc.c-torture/execute/pure-1.c compilation, -O2
UNRESOLVED: gcc.c-torture/execute/pure-1.c execution, -O2
FAIL: gcc.c-torture/execute/pure-1.c compilation, -Os
UNRESOLVED: gcc.c-torture/execute/pure-1.c execution, -Os
FAIL: gcc.dg/compat/struct-by-value-1 c_compat_x_tst.o-c_compat_y_tst.o link
UNRESOLVED: gcc.dg/compat/struct-by-value-1 c_compat_x_tst.o-c_compat_y_tst.o execute
FAIL: gcc.dg/compat/struct-by-value-2 c_compat_x_tst.o-c_compat_y_tst.o link
UNRESOLVED: gcc.dg/compat/struct-by-value-2 c_compat_x_tst.o-c_compat_y_tst.o execute
FAIL: gcc.dg/compat/struct-by-value-3 c_compat_x_tst.o-c_compat_y_tst.o execute
FAIL: gcc.dg/compat/struct-by-value-4 c_compat_x_tst.o-c_compat_y_tst.o link
UNRESOLVED: gcc.dg/compat/struct-by-value-4 c_compat_x_tst.o-c_compat_y_tst.o execute
FAIL: gcc.dg/compat/struct-by-value-8 c_compat_x_tst.o-c_compat_y_tst.o link
UNRESOLVED: gcc.dg/compat/struct-by-value-8 c_compat_x_tst.o-c_compat_y_tst.o execute
FAIL: gcc.dg/compat/struct-by-value-9 c_compat_x_tst.o-c_compat_y_tst.o link
UNRESOLVED: gcc.dg/compat/struct-by-value-9 c_compat_x_tst.o-c_compat_y_tst.o execute
FAIL: gcc.dg/compat/struct-return-2 c_compat_x_tst.o-c_compat_y_tst.o link
UNRESOLVED: gcc.dg/compat/struct-return-2 c_compat_x_tst.o-c_compat_y_tst.o execute
FAIL: gcc.dg/compat/struct-return-3 c_compat_x_tst.o-c_compat_y_tst.o execute
FAIL: gcc.dg/builtins-10.c (test for excess errors)
FAIL: gcc.dg/builtins-11.c (test for excess errors)
FAIL: gcc.dg/builtins-18.c (test for excess errors)
FAIL: gcc.dg/builtins-19.c (test for excess errors)
FAIL: gcc.dg/builtins-8.c execution test
FAIL: gcc.dg/const-elim-1.c scan-assembler-not LC[^A-Z]
FAIL: gcc.dg/ppc-fsel-1.c scan-assembler fsel
XPASS: gcc.dg/setjmp-1.c spurious clobbered warning (test for bogus messages, line 16)
FAIL: gcc.dg/struct-by-value-1.c (test for excess errors)
WARNING: gcc.dg/struct-by-value-1.c compilation failed to produce executable
FAIL: gcc.dg/warn-1.c (test for warnings, line 15)
FAIL: gcc.dg/special/20000419-2.c (test for excess errors)
ERROR: gcc.dg/special/alias-1.c: can't read "dg": no such variable for " dg-require-alias 2 "" "
UNRESOLVED: gcc.dg/special/alias-1.c: can't read "dg": no such variable for " dg-require-alias 2 "" "
ERROR: gcc.dg/special/alias-2.c: can't read "dg": no such variable for " dg-require-alias 3 "" "
UNRESOLVED: gcc.dg/special/alias-2.c: can't read "dg": no such variable for " dg-require-alias 3 "" "
ERROR: gcc.dg/special/gcsec-1.c: can't read "dg": no such variable for " dg-require-gc-sections 4 "" "
UNRESOLVED: gcc.dg/special/gcsec-1.c: can't read "dg": no such variable for " dg-require-gc-sections 4 "" "
UNRESOLVED: gcc.dg/special/weak-1.c
ERROR: gcc.dg/special/weak-1.c: can't read "dg_do_what": no such variable for " dg-require-weak 2 "" "
UNRESOLVED: gcc.dg/special/weak-1.c: can't read "dg_do_what": no such variable for " dg-require-weak 2 "" "
FAIL: gcc.dg/special/weak-2.c (test for excess errors)
WARNING: gcc.dg/special/weak-2.c compilation failed to produce executable
UNRESOLVED: gcc.dg/special/wkali-1.c
ERROR: gcc.dg/special/wkali-1.c: can't read "dg_do_what": no such variable for " dg-require-weak 2 "" "
UNRESOLVED: gcc.dg/special/wkali-1.c: can't read "dg_do_what": no such variable for " dg-require-weak 2 "" "
UNRESOLVED: gcc.dg/special/wkali-2.c
ERROR: gcc.dg/special/wkali-2.c: can't read "dg_do_what": no such variable for " dg-require-weak 2 "" "
UNRESOLVED: gcc.dg/special/wkali-2.c: can't read "dg_do_what": no such variable for " dg-require-weak 2 "" "
UNRESOLVED: gcc.dg/weak/typeof-2.c
ERROR: gcc.dg/weak/typeof-2.c: can't read "dg_do_what": no such variable for " dg-require-weak 3 "" "
UNRESOLVED: gcc.dg/weak/typeof-2.c: can't read "dg_do_what": no such variable for " dg-require-weak 3 "" "
UNRESOLVED: gcc.dg/weak/weak-1.c
ERROR: gcc.dg/weak/weak-1.c: can't read "dg_do_what": no such variable for " dg-require-weak 2 "" "
UNRESOLVED: gcc.dg/weak/weak-1.c: can't read "dg_do_what": no such variable for " dg-require-weak 2 "" "
UNRESOLVED: gcc.dg/weak/weak-2.c
ERROR: gcc.dg/weak/weak-2.c: can't read "dg_do_what": no such variable for " dg-require-weak 2 "" "
UNRESOLVED: gcc.dg/weak/weak-2.c: can't read "dg_do_what": no such variable for " dg-require-weak 2 "" "
UNRESOLVED: gcc.dg/weak/weak-3.c
ERROR: gcc.dg/weak/weak-3.c: can't read "dg_do_what": no such variable for " dg-require-weak 1 "" "
UNRESOLVED: gcc.dg/weak/weak-3.c: can't read "dg_do_what": no such variable for " dg-require-weak 1 "" "
UNRESOLVED: gcc.dg/weak/weak-4.c
ERROR: gcc.dg/weak/weak-4.c: can't read "dg_do_what": no such variable for " dg-require-weak 2 "" "
UNRESOLVED: gcc.dg/weak/weak-4.c: can't read "dg_do_what": no such variable for " dg-require-weak 2 "" "
UNRESOLVED: gcc.dg/weak/weak-5.c
ERROR: gcc.dg/weak/weak-5.c: can't read "dg_do_what": no such variable for " dg-require-weak 2 "" "
UNRESOLVED: gcc.dg/weak/weak-5.c: can't read "dg_do_what": no such variable for " dg-require-weak 2 "" "
UNRESOLVED: gcc.dg/weak/weak-6.c
ERROR: gcc.dg/weak/weak-6.c: can't read "dg_do_what": no such variable for " dg-require-weak 2 "" "
UNRESOLVED: gcc.dg/weak/weak-6.c: can't read "dg_do_what": no such variable for " dg-require-weak 2 "" "
UNRESOLVED: gcc.dg/weak/weak-7.c
ERROR: gcc.dg/weak/weak-7.c: can't read "dg_do_what": no such variable for " dg-require-weak 2 "" "
UNRESOLVED: gcc.dg/weak/weak-7.c: can't read "dg_do_what": no such variable for " dg-require-weak 2 "" "
UNRESOLVED: gcc.dg/weak/weak-8.c
ERROR: gcc.dg/weak/weak-8.c: can't read "dg_do_what": no such variable for " dg-require-weak 2 "" "
UNRESOLVED: gcc.dg/weak/weak-8.c: can't read "dg_do_what": no such variable for " dg-require-weak 2 "" "
UNRESOLVED: gcc.dg/weak/weak-9.c
ERROR: gcc.dg/weak/weak-9.c: can't read "dg_do_what": no such variable for " dg-require-weak 2 "" "
UNRESOLVED: gcc.dg/weak/weak-9.c: can't read "dg_do_what": no such variable for " dg-require-weak 2 "" "
=== gcc Summary for unix/-msoft-float ===
# of expected passes 22625
# of unexpected failures 48
# of unexpected successes 1
# of expected failures 74
# of unresolved testcases 43
# of unsupported tests 197
Running target unix
FAIL: gcc.c-torture/execute/20000412-3.c execution, -O3 -fomit-frame-pointer
FAIL: gcc.c-torture/execute/20000412-3.c execution, -O3 -g
FAIL: gcc.c-torture/execute/pure-1.c compilation, -O1
UNRESOLVED: gcc.c-torture/execute/pure-1.c execution, -O1
FAIL: gcc.c-torture/execute/pure-1.c compilation, -O2
UNRESOLVED: gcc.c-torture/execute/pure-1.c execution, -O2
FAIL: gcc.c-torture/execute/pure-1.c compilation, -Os
UNRESOLVED: gcc.c-torture/execute/pure-1.c execution, -Os
FAIL: gcc.dg/compat/struct-by-value-1 c_compat_x_tst.o-c_compat_y_tst.o link
UNRESOLVED: gcc.dg/compat/struct-by-value-1 c_compat_x_tst.o-c_compat_y_tst.o execute
FAIL: gcc.dg/compat/struct-by-value-2 c_compat_x_tst.o-c_compat_y_tst.o link
UNRESOLVED: gcc.dg/compat/struct-by-value-2 c_compat_x_tst.o-c_compat_y_tst.o execute
FAIL: gcc.dg/compat/struct-by-value-3 c_compat_x_tst.o-c_compat_y_tst.o execute
FAIL: gcc.dg/compat/struct-by-value-4 c_compat_x_tst.o-c_compat_y_tst.o link
UNRESOLVED: gcc.dg/compat/struct-by-value-4 c_compat_x_tst.o-c_compat_y_tst.o execute
FAIL: gcc.dg/compat/struct-by-value-8 c_compat_x_tst.o-c_compat_y_tst.o link
UNRESOLVED: gcc.dg/compat/struct-by-value-8 c_compat_x_tst.o-c_compat_y_tst.o execute
FAIL: gcc.dg/compat/struct-by-value-9 c_compat_x_tst.o-c_compat_y_tst.o link
UNRESOLVED: gcc.dg/compat/struct-by-value-9 c_compat_x_tst.o-c_compat_y_tst.o execute
FAIL: gcc.dg/compat/struct-return-2 c_compat_x_tst.o-c_compat_y_tst.o link
UNRESOLVED: gcc.dg/compat/struct-return-2 c_compat_x_tst.o-c_compat_y_tst.o execute
FAIL: gcc.dg/compat/struct-return-3 c_compat_x_tst.o-c_compat_y_tst.o execute
FAIL: gcc.dg/builtins-18.c (test for excess errors)
FAIL: gcc.dg/const-elim-1.c scan-assembler-not LC[^A-Z]
FAIL: gcc.dg/struct-by-value-1.c (test for excess errors)
WARNING: gcc.dg/struct-by-value-1.c compilation failed to produce executable
FAIL: gcc.dg/warn-1.c (test for warnings, line 15)
FAIL: gcc.dg/special/20000419-2.c (test for excess errors)
ERROR: gcc.dg/special/alias-1.c: can't read "dg": no such variable for " dg-require-alias 2 "" "
UNRESOLVED: gcc.dg/special/alias-1.c: can't read "dg": no such variable for " dg-require-alias 2 "" "
ERROR: gcc.dg/special/alias-2.c: can't read "dg": no such variable for " dg-require-alias 3 "" "
UNRESOLVED: gcc.dg/special/alias-2.c: can't read "dg": no such variable for " dg-require-alias 3 "" "
ERROR: gcc.dg/special/gcsec-1.c: can't read "dg": no such variable for " dg-require-gc-sections 4 "" "
UNRESOLVED: gcc.dg/special/gcsec-1.c: can't read "dg": no such variable for " dg-require-gc-sections 4 "" "
UNRESOLVED: gcc.dg/special/weak-1.c
ERROR: gcc.dg/special/weak-1.c: can't read "dg_do_what": no such variable for " dg-require-weak 2 "" "
UNRESOLVED: gcc.dg/special/weak-1.c: can't read "dg_do_what": no such variable for " dg-require-weak 2 "" "
FAIL: gcc.dg/special/weak-2.c (test for excess errors)
WARNING: gcc.dg/special/weak-2.c compilation failed to produce executable
UNRESOLVED: gcc.dg/special/wkali-1.c
ERROR: gcc.dg/special/wkali-1.c: can't read "dg_do_what": no such variable for " dg-require-weak 2 "" "
UNRESOLVED: gcc.dg/special/wkali-1.c: can't read "dg_do_what": no such variable for " dg-require-weak 2 "" "
UNRESOLVED: gcc.dg/special/wkali-2.c
ERROR: gcc.dg/special/wkali-2.c: can't read "dg_do_what": no such variable for " dg-require-weak 2 "" "
UNRESOLVED: gcc.dg/special/wkali-2.c: can't read "dg_do_what": no such variable for " dg-require-weak 2 "" "
UNRESOLVED: gcc.dg/weak/typeof-2.c
ERROR: gcc.dg/weak/typeof-2.c: can't read "dg_do_what": no such variable for " dg-require-weak 3 "" "
UNRESOLVED: gcc.dg/weak/typeof-2.c: can't read "dg_do_what": no such variable for " dg-require-weak 3 "" "
UNRESOLVED: gcc.dg/weak/weak-1.c
ERROR: gcc.dg/weak/weak-1.c: can't read "dg_do_what": no such variable for " dg-require-weak 2 "" "
UNRESOLVED: gcc.dg/weak/weak-1.c: can't read "dg_do_what": no such variable for " dg-require-weak 2 "" "
UNRESOLVED: gcc.dg/weak/weak-2.c
ERROR: gcc.dg/weak/weak-2.c: can't read "dg_do_what": no such variable for " dg-require-weak 2 "" "
UNRESOLVED: gcc.dg/weak/weak-2.c: can't read "dg_do_what": no such variable for " dg-require-weak 2 "" "
UNRESOLVED: gcc.dg/weak/weak-3.c
ERROR: gcc.dg/weak/weak-3.c: can't read "dg_do_what": no such variable for " dg-require-weak 1 "" "
UNRESOLVED: gcc.dg/weak/weak-3.c: can't read "dg_do_what": no such variable for " dg-require-weak 1 "" "
UNRESOLVED: gcc.dg/weak/weak-4.c
ERROR: gcc.dg/weak/weak-4.c: can't read "dg_do_what": no such variable for " dg-require-weak 2 "" "
UNRESOLVED: gcc.dg/weak/weak-4.c: can't read "dg_do_what": no such variable for " dg-require-weak 2 "" "
UNRESOLVED: gcc.dg/weak/weak-5.c
ERROR: gcc.dg/weak/weak-5.c: can't read "dg_do_what": no such variable for " dg-require-weak 2 "" "
UNRESOLVED: gcc.dg/weak/weak-5.c: can't read "dg_do_what": no such variable for " dg-require-weak 2 "" "
UNRESOLVED: gcc.dg/weak/weak-6.c
ERROR: gcc.dg/weak/weak-6.c: can't read "dg_do_what": no such variable for " dg-require-weak 2 "" "
UNRESOLVED: gcc.dg/weak/weak-6.c: can't read "dg_do_what": no such variable for " dg-require-weak 2 "" "
UNRESOLVED: gcc.dg/weak/weak-7.c
ERROR: gcc.dg/weak/weak-7.c: can't read "dg_do_what": no such variable for " dg-require-weak 2 "" "
UNRESOLVED: gcc.dg/weak/weak-7.c: can't read "dg_do_what": no such variable for " dg-require-weak 2 "" "
UNRESOLVED: gcc.dg/weak/weak-8.c
ERROR: gcc.dg/weak/weak-8.c: can't read "dg_do_what": no such variable for " dg-require-weak 2 "" "
UNRESOLVED: gcc.dg/weak/weak-8.c: can't read "dg_do_what": no such variable for " dg-require-weak 2 "" "
UNRESOLVED: gcc.dg/weak/weak-9.c
ERROR: gcc.dg/weak/weak-9.c: can't read "dg_do_what": no such variable for " dg-require-weak 2 "" "
UNRESOLVED: gcc.dg/weak/weak-9.c: can't read "dg_do_what": no such variable for " dg-require-weak 2 "" "
=== gcc Summary for unix ===
# of expected passes 22659
# of unexpected failures 19
# of expected failures 75
# of unresolved testcases 38
# of unsupported tests 197
=== gcc Summary ===
# of expected passes 45284
# of unexpected failures 67
# of unexpected successes 1
# of expected failures 149
# of unresolved testcases 81
# of unsupported tests 394
/Volumes/xufs/gcc-cvs-dylib/objdir/gcc/xgcc version 3.4 20030609 (experimental)
=== libjava tests ===
Running target unix/-msoft-float
FAIL: calls output
FAIL: cxxtest.c compilation
FAIL: Array_3 execution - source compiled test
FAIL: Array_3 execution - gij test
FAIL: Array_3 execution - bytecode->native test
FAIL: Array_3 -O execution - source compiled test
FAIL: Array_3 execution - gij test
FAIL: Array_3 -O execution - bytecode->native test
FAIL: Float_1 output - source compiled test
FAIL: Float_1 output - gij test
FAIL: Float_1 output - bytecode->native test
FAIL: Float_1 -O output - source compiled test
FAIL: Float_1 output - gij test
FAIL: Float_1 -O output - bytecode->native test
FAIL: InvokeReturn output - source compiled test
FAIL: InvokeReturn output - bytecode->native test
FAIL: InvokeReturn -O output - source compiled test
FAIL: InvokeReturn -O output - bytecode->native test
FAIL: Invoke_1 execution - source compiled test
FAIL: Invoke_1 execution - bytecode->native test
FAIL: Invoke_1 -O execution - source compiled test
FAIL: Invoke_1 -O execution - bytecode->native test
FAIL: PR141 output - gij test
FAIL: PR141 output - gij test
FAIL: PR218 execution - source compiled test
FAIL: PR218 execution - gij test
FAIL: PR218 execution - bytecode->native test
FAIL: PR218 -O execution - source compiled test
FAIL: PR218 execution - gij test
FAIL: PR218 -O execution - bytecode->native test
FAIL: PR3096 output - source compiled test
FAIL: PR3096 output - gij test
FAIL: PR3096 output - bytecode->native test
FAIL: PR3096 -O output - source compiled test
FAIL: PR3096 output - gij test
FAIL: PR3096 -O output - bytecode->native test
FAIL: SyncTest output - gij test
FAIL: SyncTest output - bytecode->native test
FAIL: SyncTest output - gij test
FAIL: SyncTest -O output - bytecode->native test
FAIL: TLtest execution - gij test
FAIL: TLtest execution - gij test
FAIL: negzero output - source compiled test
FAIL: negzero output - gij test
FAIL: negzero output - bytecode->native test
FAIL: negzero -O output - source compiled test
FAIL: negzero output - gij test
FAIL: negzero -O output - bytecode->native test
FAIL: TestEarlyGC compilation from source
FAIL: TestLeak compilation from source
FAIL: TestMultiple compilation from source
FAIL: TestParent compilation from source
=== libjava Summary for unix/-msoft-float ===
# of expected passes 2957
# of unexpected failures 52
# of expected failures 16
# of untested testcases 34
Running target unix
FAIL: cxxtest.c compilation
FAIL: Array_3 execution - source compiled test
FAIL: Array_3 execution - gij test
FAIL: Array_3 execution - bytecode->native test
FAIL: Array_3 -O execution - source compiled test
FAIL: Array_3 execution - gij test
FAIL: Array_3 -O execution - bytecode->native test
FAIL: Invoke_1 execution - source compiled test
FAIL: Invoke_1 execution - bytecode->native test
FAIL: Invoke_1 -O execution - source compiled test
FAIL: Invoke_1 -O execution - bytecode->native test
FAIL: PR218 execution - source compiled test
FAIL: PR218 execution - gij test
FAIL: PR218 execution - bytecode->native test
FAIL: PR218 -O execution - source compiled test
FAIL: PR218 execution - gij test
FAIL: PR218 -O execution - bytecode->native test
FAIL: SyncTest output - gij test
FAIL: SyncTest output - bytecode->native test
FAIL: SyncTest output - gij test
FAIL: SyncTest -O output - bytecode->native test
FAIL: TestEarlyGC compilation from source
FAIL: TestLeak compilation from source
FAIL: TestMultiple compilation from source
FAIL: TestParent compilation from source
=== libjava Summary for unix ===
# of expected passes 2986
# of unexpected failures 25
# of expected failures 16
# of untested testcases 32
=== libjava Summary ===
# of expected passes 5943
# of unexpected failures 77
# of expected failures 32
# of untested testcases 66
=== libstdc++-v3 tests ===
Running target unix/-msoft-float
FAIL: 20_util/allocator_members.cc execution test
FAIL: 26_numerics/c99_classification_macros_c++.cc (test for excess errors)
FAIL: 26_numerics/c99_classification_macros_c.cc (test for excess errors)
FAIL: 26_numerics/complex_inserters_extractors.cc execution test
FAIL: 27_io/basic_filebuf/open/char/9507.cc execution test
FAIL: 27_io/basic_filebuf/sgetn/char/1-in.cc execution test
FAIL: 27_io/basic_filebuf/sgetn/char/1-io.cc execution test
FAIL: 27_io/basic_istream/extractors_arithmetic/char/01.cc execution test
FAIL: 27_io/basic_istream/extractors_arithmetic/char/07.cc execution test
FAIL: 27_io/basic_istream/extractors_arithmetic/char/09.cc execution test
FAIL: 27_io/basic_istream/extractors_arithmetic/char/10.cc execution test
FAIL: 27_io/basic_istream/extractors_arithmetic/char/12.cc execution test
FAIL: 27_io/basic_istream/extractors_arithmetic/char/13.cc execution test
FAIL: 27_io/basic_ostream/inserters_arithmetic/char/5.cc execution test
FAIL: 27_io/basic_ostream/inserters_arithmetic/char/6.cc execution test
FAIL: ext/concept_checks.cc (test for excess errors)
WARNING: ext/concept_checks.cc compilation failed to produce executable
=== libstdc++-v3 Summary for unix/-msoft-float ===
# of expected passes 1454
# of unexpected failures 16
Running target unix
FAIL: 20_util/allocator_members.cc execution test
FAIL: 26_numerics/c99_classification_macros_c++.cc (test for excess errors)
FAIL: 26_numerics/c99_classification_macros_c.cc (test for excess errors)
FAIL: 27_io/basic_filebuf/open/char/9507.cc execution test
FAIL: 27_io/basic_filebuf/sgetn/char/1-in.cc execution test
FAIL: 27_io/basic_filebuf/sgetn/char/1-io.cc execution test
FAIL: ext/concept_checks.cc (test for excess errors)
WARNING: ext/concept_checks.cc compilation failed to produce executable
=== libstdc++-v3 Summary for unix ===
# of expected passes 1463
# of unexpected failures 7
=== libstdc++-v3 Summary ===
# of expected passes 2917
# of unexpected failures 23
Compiler version: 3.4 20030609 (experimental)
Platform: powerpc-apple-darwin6.3
configure flags: --prefix=/Volumes/xufs/gcc-cvs-dylib/testbin --enable-languages=c,c++,java --enable-shared --enable-libgcj