This is the mail archive of the
gcc-testresults@gcc.gnu.org
mailing list for the GCC project.
Results for 3.4 20030607 (experimental) testsuite on i686-pc-linux-gnu
- From: hjl at gnu-d dot sc dot intel dot com (H.J. Lu)
- To: gcc-testresults at gcc dot gnu dot org
- Date: Sat, 7 Jun 2003 15:19:06 -0700 (PDT)
- Subject: Results for 3.4 20030607 (experimental) testsuite on i686-pc-linux-gnu
LAST_UPDATED: Sat Jun 7 14:57:03 UTC 2003
Native configuration is i686-pc-linux-gnu
=== g++ tests ===
Running target unix
FAIL: g++.dg/eh/simd-2.C (test for excess errors)
WARNING: g++.dg/eh/simd-2.C compilation failed to produce executable
FAIL: g++.dg/ext/pretty1.C scan-assembler top level
FAIL: g++.dg/ext/pretty2.C (test for excess errors)
WARNING: g++.dg/ext/pretty2.C compilation failed to produce executable
FAIL: g++.dg/init/array10.C (test for excess errors)
WARNING: g++.old-deja/g++.mike/p10769a.C compilation failed to produce executable
WARNING: g++.old-deja/g++.other/enum5.C compilation failed to produce executable
WARNING: g++.old-deja/g++.pt/friend44.C compilation failed to produce executable
=== g++ Summary ===
# of expected passes 8607
# of unexpected failures 4
# of expected failures 68
# of unsupported tests 15
/export/build/gnu/gcc/build-pentium4-linux/gcc/testsuite/../g++ version 3.4 20030607 (experimental)
=== g77 tests ===
Running target unix
FAIL: g77.f-torture/compile/20010321-1.f, -O0
FAIL: g77.f-torture/compile/20010321-1.f, -O1
FAIL: g77.f-torture/compile/20010321-1.f, -O2
FAIL: g77.f-torture/compile/20010321-1.f, -O3 -fomit-frame-pointer
FAIL: g77.f-torture/compile/20010321-1.f, -O3 -g
FAIL: g77.f-torture/compile/20010321-1.f, -Os
FAIL: g77.f-torture/execute/980520-1.f compilation, -O0
=== g77 Summary ===
# of expected passes 1752
# of unexpected failures 7
# of untested testcases 1
/export/build/gnu/gcc/build-pentium4-linux/gcc/testsuite/../g77 version 3.4 20030607 (experimental)
=== gcc tests ===
Running target unix
FAIL: gcc.dg/i386-cvt-1.c scan-assembler cvttsd2si.*xmm
FAIL: gcc.dg/i386-cvt-1.c scan-assembler cvttss2si.*xmm
FAIL: gcc.dg/warn-1.c (test for warnings, line 15)
FAIL: gcc.dg/tls/opt-6.c (test for excess errors)
=== gcc Summary ===
# of expected passes 22600
# of unexpected failures 4
# of expected failures 75
# of unsupported tests 103
/export/build/gnu/gcc/build-pentium4-linux/gcc/xgcc version 3.4 20030607 (experimental)
=== objc tests ===
Running target unix
=== objc Summary ===
# of expected passes 1156
/export/build/gnu/gcc/build-pentium4-linux/gcc/xgcc version 3.4 20030607 (experimental)
=== libjava tests ===
Running target unix
=== libjava Summary ===
# of expected passes 3037
# of expected failures 16
# of untested testcases 12
=== libstdc++-v3 tests ===
Running target unix
XPASS: 26_numerics/c99_classification_macros_c.cc (test for excess errors)
=== libstdc++-v3 Summary ===
# of expected passes 1942
# of unexpected successes 1
Compiler version: 3.4 20030607 (experimental)
Platform: i686-pc-linux-gnu
configure flags: --enable-clocale=gnu --with-system-zlib --enable-shared --enable-threads=posix --enable-haifa --disable-checking --prefix=/usr/gcc-3.4 --with-local-prefix=/usr/local