This is the mail archive of the gcc-testresults@gcc.gnu.org mailing list for the GCC project.


Index Nav: [Date Index] [Subject Index] [Author Index] [Thread Index]
Message Nav: [Date Prev] [Date Next] [Thread Prev] [Thread Next]
Other format: [Raw text]

Results for 3.4 20030606 (experimental) testsuite on i686-pc-linux-gnu


This is a Red Hat 7.2 system, running on a dual 2.2 GHz Intel Xeon system.
kernel: 2.4.7-10 (from Red Hat)
glibc: 2.2.4-31 (from Red Hat)
binutils: 2.13.1 (FSF)
Only C, C++, ObjC, and F77 are tested (no Java)

LAST_UPDATED: Fri Jun  6 16:12:20 UTC 2003

Native configuration is i686-pc-linux-gnu

		=== g77 tests ===


Running target unix
FAIL: g77.f-torture/compile/20010321-1.f,  -O0  
FAIL: g77.f-torture/compile/20010321-1.f,  -O1  
FAIL: g77.f-torture/compile/20010321-1.f,  -O2  
FAIL: g77.f-torture/compile/20010321-1.f,  -O3 -fomit-frame-pointer  
FAIL: g77.f-torture/compile/20010321-1.f,  -O3 -g  
FAIL: g77.f-torture/compile/20010321-1.f,  -Os  
FAIL: g77.f-torture/execute/980520-1.f compilation,  -O0 

		=== g77 Summary ===

# of expected passes		1752
# of unexpected failures	7
# of untested testcases		1
/var/tmp/gccbuild/trunk/gcc/testsuite/../g77 version 3.4 20030606 (experimental)

		=== gcc tests ===


Running target unix
FAIL: gcc.dg/builtins-19.c (test for excess errors)
FAIL: gcc.dg/builtins-2.c (test for excess errors)
FAIL: gcc.dg/i386-cvt-1.c scan-assembler cvttsd2si.*xmm
FAIL: gcc.dg/i386-cvt-1.c scan-assembler cvttss2si.*xmm
FAIL: gcc.dg/warn-1.c  (test for warnings, line 15)

		=== gcc Summary ===

# of expected passes		22548
# of unexpected failures	5
# of expected failures		74
# of unsupported tests		103
/var/tmp/gccbuild/trunk/gcc/xgcc version 3.4 20030606 (experimental)

		=== g++ tests ===


Running target unix
FAIL: g++.dg/eh/simd-2.C (test for excess errors)
WARNING: g++.dg/eh/simd-2.C compilation failed to produce executable
FAIL: g++.dg/ext/pretty1.C scan-assembler top level
FAIL: g++.dg/ext/pretty2.C (test for excess errors)
WARNING: g++.dg/ext/pretty2.C compilation failed to produce executable
FAIL: g++.dg/init/array10.C (test for excess errors)
WARNING: g++.old-deja/g++.mike/p10769a.C compilation failed to produce executable
WARNING: g++.old-deja/g++.other/enum5.C compilation failed to produce executable
WARNING: g++.old-deja/g++.pt/friend44.C compilation failed to produce executable

		=== g++ Summary ===

# of expected passes		8585
# of unexpected failures	4
# of expected failures		68
# of unsupported tests		15
/var/tmp/gccbuild/trunk/gcc/testsuite/../g++ version 3.4 20030606 (experimental)

		=== objc tests ===


Running target unix

		=== objc Summary ===

# of expected passes		1156
/var/tmp/gccbuild/trunk/gcc/xgcc version 3.4 20030606 (experimental)

		=== libstdc++-v3 tests ===


Running target unix
FAIL: 22_locale/codecvt/encoding/wchar_t/wrapped_locale.cc execution test
FAIL: 22_locale/codecvt/max_length/wchar_t/wrapped_locale.cc execution test
FAIL: 22_locale/collate/transform/char/2.cc execution test
FAIL: 22_locale/collate/transform/char/3.cc execution test
FAIL: 22_locale/collate/transform/char/wrapped_env.cc execution test
FAIL: 22_locale/collate/transform/char/wrapped_locale.cc execution test
FAIL: 22_locale/collate/transform/wchar_t/2.cc execution test
FAIL: 22_locale/collate/transform/wchar_t/3.cc execution test
FAIL: 22_locale/collate/transform/wchar_t/wrapped_env.cc execution test
FAIL: 22_locale/collate/transform/wchar_t/wrapped_locale.cc execution test
FAIL: 22_locale/collate_byname/1.cc execution test
FAIL: 22_locale/ctype/widen/wchar_t/2.cc execution test
XPASS: 26_numerics/c99_classification_macros_c.cc (test for excess errors)
FAIL: 27_io/basic_filebuf/underflow/wchar_t/9520.cc execution test

		=== libstdc++-v3 Summary ===

# of expected passes		1929
# of unexpected failures	13
# of unexpected successes	1

Compiler version: 3.4 20030606 (experimental) 
Platform: i686-pc-linux-gnu
configure flags: --prefix /usr/localdisk/gcc-cvs/trunk --with-as=/usr/localdisk/binutils-2.13.1/bin/as --with-ld=/usr/localdisk/binutils-2.13.1/bin/ld --enable-languages=c,c++,objc,f77


Index Nav: [Date Index] [Subject Index] [Author Index] [Thread Index]
Message Nav: [Date Prev] [Date Next] [Thread Prev] [Thread Next]