This is the mail archive of the gcc-testresults@gcc.gnu.org mailing list for the GCC project.


Index Nav: [Date Index] [Subject Index] [Author Index] [Thread Index]
Message Nav: [Date Prev] [Date Next] [Thread Prev] [Thread Next]
Other format: [Raw text]

Results for 3.4 20030606 (experimental) testsuite on ia64-unknown-linux-gnu


LAST_UPDATED: Fri Jun  6 14:07:28 UTC 2003

Native configuration is ia64-unknown-linux-gnu

		=== g77 tests ===


Running target unix
FAIL: g77.f-torture/compile/20010321-1.f,  -O0  
FAIL: g77.f-torture/compile/20010321-1.f,  -O1  
FAIL: g77.f-torture/compile/20010321-1.f,  -O2  
FAIL: g77.f-torture/compile/20010321-1.f,  -O3 -fomit-frame-pointer  
FAIL: g77.f-torture/compile/20010321-1.f,  -O3 -g  
FAIL: g77.f-torture/compile/20010321-1.f,  -Os  
FAIL: g77.f-torture/execute/980520-1.f compilation,  -O0 

		=== g77 Summary ===

# of expected passes		1740
# of unexpected failures	7
# of untested testcases		1
# of unsupported tests		6
/export/build/gnu/gcc/build-ia64-linux/gcc/testsuite/../g77 version 3.4 20030606 (experimental)

		=== gcc tests ===


Running target unix
XPASS: gcc.c-torture/compile/920625-1.c,  -O2  
XPASS: gcc.c-torture/compile/920625-1.c,  -O3 -fomit-frame-pointer  
XPASS: gcc.c-torture/compile/920625-1.c,  -O3 -fomit-frame-pointer -funroll-loops  
XPASS: gcc.c-torture/compile/920625-1.c,  -O3 -fomit-frame-pointer -funroll-all-loops -finline-functions  
XPASS: gcc.c-torture/compile/920625-1.c,  -O3 -g  
FAIL: gcc.c-torture/compile/930117-1.c,  -O1  
XPASS: gcc.c-torture/compile/981223-1.c,  -O2  
XPASS: gcc.c-torture/compile/981223-1.c,  -O3 -fomit-frame-pointer  
XPASS: gcc.c-torture/compile/981223-1.c,  -O3 -g  
XPASS: gcc.c-torture/compile/981223-1.c,  -Os  
FAIL: gcc.c-torture/compile/iftrap-1.c,  -O1  
FAIL: gcc.c-torture/compile/iftrap-1.c,  -O2  
FAIL: gcc.c-torture/compile/iftrap-1.c,  -O3 -fomit-frame-pointer  
FAIL: gcc.c-torture/compile/iftrap-1.c,  -O3 -fomit-frame-pointer -funroll-loops  
FAIL: gcc.c-torture/compile/iftrap-1.c,  -O3 -fomit-frame-pointer -funroll-all-loops -finline-functions  
FAIL: gcc.c-torture/compile/iftrap-1.c,  -O3 -g  
FAIL: gcc.c-torture/compile/iftrap-1.c,  -Os  
FAIL: gcc.c-torture/compile/iftrap-2.c,  -O1  
FAIL: gcc.c-torture/compile/iftrap-2.c,  -O2  
FAIL: gcc.c-torture/compile/iftrap-2.c,  -O3 -fomit-frame-pointer  
FAIL: gcc.c-torture/compile/iftrap-2.c,  -O3 -g  
FAIL: gcc.c-torture/compile/iftrap-2.c,  -Os  
FAIL: gcc.c-torture/compile/20030605-1.c,  -O1  
FAIL: gcc.c-torture/compile/20030605-1.c,  -O2  
FAIL: gcc.c-torture/compile/20030605-1.c,  -O3 -fomit-frame-pointer  
FAIL: gcc.c-torture/compile/20030605-1.c,  -O3 -g  
FAIL: gcc.c-torture/compile/20030605-1.c,  -Os  
FAIL: gcc.c-torture/execute/20020418-1.c compilation,  -O1 
UNRESOLVED: gcc.c-torture/execute/20020418-1.c execution,  -O1 
FAIL: gcc.c-torture/execute/20020418-1.c compilation,  -O2 
UNRESOLVED: gcc.c-torture/execute/20020418-1.c execution,  -O2 
FAIL: gcc.c-torture/execute/20020418-1.c compilation,  -O3 -fomit-frame-pointer 
UNRESOLVED: gcc.c-torture/execute/20020418-1.c execution,  -O3 -fomit-frame-pointer 
FAIL: gcc.c-torture/execute/20020418-1.c compilation,  -O3 -g 
UNRESOLVED: gcc.c-torture/execute/20020418-1.c execution,  -O3 -g 
FAIL: gcc.c-torture/execute/20020418-1.c compilation,  -Os 
UNRESOLVED: gcc.c-torture/execute/20020418-1.c execution,  -Os 
XPASS: gcc.c-torture/execute/990208-1.c execution,  -O3 -fomit-frame-pointer 
XPASS: gcc.c-torture/execute/990208-1.c execution,  -O3 -g 
FAIL: gcc.dg/compat/struct-by-value-5 c_compat_x_tst.o compile
UNRESOLVED: gcc.dg/compat/struct-by-value-5 c_compat_x_tst.o-c_compat_y_tst.o link 
UNRESOLVED: gcc.dg/compat/struct-by-value-5 c_compat_x_tst.o-c_compat_y_tst.o execute 
FAIL: gcc.dg/builtins-18.c (test for excess errors)
FAIL: gcc.dg/builtins-19.c (test for excess errors)
FAIL: gcc.dg/builtins-2.c (test for excess errors)
FAIL: gcc.dg/iftrap-1.c (test for excess errors)
ERROR: gcc.dg/iftrap-1.c: error executing dg-final: couldn't open "iftrap-1.s": no such file or directory
UNRESOLVED: gcc.dg/iftrap-1.c: error executing dg-final: couldn't open "iftrap-1.s": no such file or directory
FAIL: gcc.dg/iftrap-2.c (test for excess errors)
ERROR: gcc.dg/iftrap-2.c: error executing dg-final: couldn't open "iftrap-2.s": no such file or directory
UNRESOLVED: gcc.dg/iftrap-2.c: error executing dg-final: couldn't open "iftrap-2.s": no such file or directory
FAIL: gcc.dg/warn-1.c  (test for warnings, line 15)

		=== gcc Summary ===

# of expected passes		21924
# of unexpected failures	30
# of unexpected successes	11
# of expected failures		82
# of unresolved testcases	9
# of unsupported tests		203
/export/build/gnu/gcc/build-ia64-linux/gcc/xgcc version 3.4 20030606 (experimental)

		=== g++ tests ===


Running target unix
FAIL: g++.dg/ext/pretty1.C scan-assembler top level
FAIL: g++.dg/ext/pretty2.C (test for excess errors)
WARNING: g++.dg/ext/pretty2.C compilation failed to produce executable
FAIL: g++.dg/init/array10.C (test for excess errors)
FAIL: g++.dg/other/offsetof3.C (test for excess errors)
FAIL: g++.dg/other/offsetof4.C (test for excess errors)
WARNING: g++.old-deja/g++.mike/p10769a.C compilation failed to produce executable
WARNING: g++.old-deja/g++.other/enum5.C compilation failed to produce executable
WARNING: g++.old-deja/g++.pt/friend44.C compilation failed to produce executable

		=== g++ Summary ===

# of expected passes		8299
# of unexpected failures	5
# of expected failures		68
# of unsupported tests		45
/export/build/gnu/gcc/build-ia64-linux/gcc/testsuite/../g++ version 3.4 20030606 (experimental)

		=== objc tests ===


Running target unix

		=== objc Summary ===

# of expected passes		1156
/export/build/gnu/gcc/build-ia64-linux/gcc/xgcc version 3.4 20030606 (experimental)

		=== libjava tests ===


Running target unix

		=== libjava Summary ===

# of expected passes		3037
# of expected failures		16
# of untested testcases		12
		=== libstdc++-v3 tests ===


Running target unix
FAIL: 22_locale/codecvt/encoding/wchar_t/wrapped_locale.cc execution test
FAIL: 22_locale/codecvt/max_length/wchar_t/wrapped_locale.cc execution test
FAIL: 22_locale/collate/transform/char/2.cc execution test
FAIL: 22_locale/collate/transform/char/3.cc execution test
FAIL: 22_locale/collate/transform/char/wrapped_env.cc execution test
FAIL: 22_locale/collate/transform/char/wrapped_locale.cc execution test
FAIL: 22_locale/collate/transform/wchar_t/2.cc execution test
FAIL: 22_locale/collate/transform/wchar_t/3.cc execution test
FAIL: 22_locale/collate/transform/wchar_t/wrapped_env.cc execution test
FAIL: 22_locale/collate/transform/wchar_t/wrapped_locale.cc execution test
FAIL: 22_locale/collate_byname/1.cc execution test
FAIL: 22_locale/ctype/widen/wchar_t/2.cc execution test
FAIL: 25_algorithms/min_max.cc (test for excess errors)
XPASS: 26_numerics/c99_classification_macros_c.cc (test for excess errors)
FAIL: 27_io/basic_filebuf/underflow/wchar_t/9520.cc execution test

		=== libstdc++-v3 Summary ===

# of expected passes		1928
# of unexpected failures	14
# of unexpected successes	1

Compiler version: 3.4 20030606 (experimental) 
Platform: ia64-unknown-linux-gnu
configure flags: --enable-clocale=gnu --with-system-zlib --enable-shared --enable-threads=posix --enable-haifa --disable-checking --prefix=/usr/gcc-3.4 --with-local-prefix=/usr/local


Index Nav: [Date Index] [Subject Index] [Author Index] [Thread Index]
Message Nav: [Date Prev] [Date Next] [Thread Prev] [Thread Next]