This is the mail archive of the gcc-testresults@gcc.gnu.org mailing list for the GCC project.


Index Nav: [Date Index] [Subject Index] [Author Index] [Thread Index]
Message Nav: [Date Prev] [Date Next] [Thread Prev] [Thread Next]
Other format: [Raw text]

Results for 3.4 20030605 (experimental) testsuite on sh-unknown-elf


LAST_UPDATED: 2003-06-05 18:00 UTC

Target is sh-unknown-elf
Host   is i686-pc-linux-gnu

		=== g++ tests ===


Running target sh-hms-sim
FAIL: g++.dg/abi/mangle17.C (test for excess errors)
FAIL: g++.dg/ext/pretty1.C scan-assembler top level
FAIL: g++.dg/ext/pretty2.C (test for excess errors)
WARNING: g++.dg/ext/pretty2.C compilation failed to produce executable
FAIL: g++.dg/init/array10.C (test for excess errors)
XPASS: g++.old-deja/g++.jason/thunk3.C execution test
WARNING: g++.old-deja/g++.mike/p10769a.C compilation failed to produce executable
WARNING: g++.old-deja/g++.other/enum5.C compilation failed to produce executable
WARNING: g++.old-deja/g++.pt/friend44.C compilation failed to produce executable

		=== g++ Summary for sh-hms-sim ===

# of expected passes		8512
# of unexpected failures	4
# of unexpected successes	1
# of expected failures		69
# of unsupported tests		53

Running target sh-hms-sim/-m2
FAIL: g++.dg/abi/mangle17.C (test for excess errors)
FAIL: g++.dg/ext/pretty1.C scan-assembler top level
FAIL: g++.dg/ext/pretty2.C (test for excess errors)
WARNING: g++.dg/ext/pretty2.C compilation failed to produce executable
FAIL: g++.dg/init/array10.C (test for excess errors)
XPASS: g++.old-deja/g++.jason/thunk3.C execution test
WARNING: g++.old-deja/g++.mike/p10769a.C compilation failed to produce executable
WARNING: g++.old-deja/g++.other/enum5.C compilation failed to produce executable
WARNING: g++.old-deja/g++.pt/friend44.C compilation failed to produce executable

		=== g++ Summary for sh-hms-sim/-m2 ===

# of expected passes		8512
# of unexpected failures	4
# of unexpected successes	1
# of expected failures		69
# of unsupported tests		53

Running target sh-hms-sim/-m2/-ml
FAIL: g++.dg/abi/mangle17.C (test for excess errors)
FAIL: g++.dg/ext/pretty1.C scan-assembler top level
FAIL: g++.dg/ext/pretty2.C (test for excess errors)
WARNING: g++.dg/ext/pretty2.C compilation failed to produce executable
FAIL: g++.dg/init/array10.C (test for excess errors)
XPASS: g++.old-deja/g++.jason/thunk3.C execution test
WARNING: g++.old-deja/g++.mike/p10769a.C compilation failed to produce executable
WARNING: g++.old-deja/g++.other/enum5.C compilation failed to produce executable
WARNING: g++.old-deja/g++.pt/friend44.C compilation failed to produce executable

		=== g++ Summary for sh-hms-sim/-m2/-ml ===

# of expected passes		8512
# of unexpected failures	4
# of unexpected successes	1
# of expected failures		69
# of unsupported tests		53

Running target sh-hms-sim/-m2e
FAIL: g++.dg/abi/mangle17.C (test for excess errors)
FAIL: g++.dg/ext/pretty1.C scan-assembler top level
FAIL: g++.dg/ext/pretty2.C (test for excess errors)
WARNING: g++.dg/ext/pretty2.C compilation failed to produce executable
FAIL: g++.dg/init/array10.C (test for excess errors)
XPASS: g++.old-deja/g++.jason/thunk3.C execution test
WARNING: g++.old-deja/g++.mike/p10769a.C compilation failed to produce executable
WARNING: g++.old-deja/g++.other/enum5.C compilation failed to produce executable
WARNING: g++.old-deja/g++.pt/friend44.C compilation failed to produce executable

		=== g++ Summary for sh-hms-sim/-m2e ===

# of expected passes		8512
# of unexpected failures	4
# of unexpected successes	1
# of expected failures		69
# of unsupported tests		53

Running target sh-hms-sim/-m2e/-ml
FAIL: g++.dg/abi/mangle17.C (test for excess errors)
FAIL: g++.dg/ext/pretty1.C scan-assembler top level
FAIL: g++.dg/ext/pretty2.C (test for excess errors)
WARNING: g++.dg/ext/pretty2.C compilation failed to produce executable
FAIL: g++.dg/init/array10.C (test for excess errors)
XPASS: g++.old-deja/g++.jason/thunk3.C execution test
WARNING: g++.old-deja/g++.mike/p10769a.C compilation failed to produce executable
WARNING: g++.old-deja/g++.other/enum5.C compilation failed to produce executable
WARNING: g++.old-deja/g++.pt/friend44.C compilation failed to produce executable

		=== g++ Summary for sh-hms-sim/-m2e/-ml ===

# of expected passes		8512
# of unexpected failures	4
# of unexpected successes	1
# of expected failures		69
# of unsupported tests		53

Running target sh-hms-sim/-m4
FAIL: g++.dg/abi/mangle17.C (test for excess errors)
FAIL: g++.dg/ext/pretty1.C scan-assembler top level
FAIL: g++.dg/ext/pretty2.C (test for excess errors)
WARNING: g++.dg/ext/pretty2.C compilation failed to produce executable
FAIL: g++.dg/init/array10.C (test for excess errors)
XPASS: g++.old-deja/g++.jason/thunk3.C execution test
WARNING: g++.old-deja/g++.mike/p10769a.C compilation failed to produce executable
WARNING: g++.old-deja/g++.other/enum5.C compilation failed to produce executable
WARNING: g++.old-deja/g++.pt/friend44.C compilation failed to produce executable

		=== g++ Summary for sh-hms-sim/-m4 ===

# of expected passes		8512
# of unexpected failures	4
# of unexpected successes	1
# of expected failures		69
# of unsupported tests		53

Running target sh-hms-sim/-m4/-ml
FAIL: g++.dg/abi/mangle17.C (test for excess errors)
FAIL: g++.dg/ext/pretty1.C scan-assembler top level
FAIL: g++.dg/ext/pretty2.C (test for excess errors)
WARNING: g++.dg/ext/pretty2.C compilation failed to produce executable
FAIL: g++.dg/init/array10.C (test for excess errors)
XPASS: g++.old-deja/g++.jason/thunk3.C execution test
WARNING: g++.old-deja/g++.mike/p10769a.C compilation failed to produce executable
WARNING: g++.old-deja/g++.other/enum5.C compilation failed to produce executable
WARNING: g++.old-deja/g++.pt/friend44.C compilation failed to produce executable

		=== g++ Summary for sh-hms-sim/-m4/-ml ===

# of expected passes		8512
# of unexpected failures	4
# of unexpected successes	1
# of expected failures		69
# of unsupported tests		53

Running target sh-hms-sim/-m4-single
FAIL: g++.dg/abi/mangle17.C (test for excess errors)
FAIL: g++.dg/ext/pretty1.C scan-assembler top level
FAIL: g++.dg/ext/pretty2.C (test for excess errors)
WARNING: g++.dg/ext/pretty2.C compilation failed to produce executable
FAIL: g++.dg/init/array10.C (test for excess errors)
XPASS: g++.old-deja/g++.jason/thunk3.C execution test
WARNING: g++.old-deja/g++.mike/p10769a.C compilation failed to produce executable
WARNING: g++.old-deja/g++.other/enum5.C compilation failed to produce executable
WARNING: g++.old-deja/g++.pt/friend44.C compilation failed to produce executable

		=== g++ Summary for sh-hms-sim/-m4-single ===

# of expected passes		8512
# of unexpected failures	4
# of unexpected successes	1
# of expected failures		69
# of unsupported tests		53

Running target sh-hms-sim/-m4-single/-ml
FAIL: g++.dg/abi/mangle17.C (test for excess errors)
FAIL: g++.dg/ext/pretty1.C scan-assembler top level
FAIL: g++.dg/ext/pretty2.C (test for excess errors)
WARNING: g++.dg/ext/pretty2.C compilation failed to produce executable
FAIL: g++.dg/init/array10.C (test for excess errors)
XPASS: g++.old-deja/g++.jason/thunk3.C execution test
WARNING: g++.old-deja/g++.mike/p10769a.C compilation failed to produce executable
WARNING: g++.old-deja/g++.other/enum5.C compilation failed to produce executable
WARNING: g++.old-deja/g++.pt/friend44.C compilation failed to produce executable

		=== g++ Summary for sh-hms-sim/-m4-single/-ml ===

# of expected passes		8512
# of unexpected failures	4
# of unexpected successes	1
# of expected failures		69
# of unsupported tests		53

Running target sh-hms-sim/-m4-single-only
FAIL: g++.dg/abi/mangle17.C (test for excess errors)
FAIL: g++.dg/ext/pretty1.C scan-assembler top level
FAIL: g++.dg/ext/pretty2.C (test for excess errors)
WARNING: g++.dg/ext/pretty2.C compilation failed to produce executable
FAIL: g++.dg/init/array10.C (test for excess errors)
XPASS: g++.old-deja/g++.jason/thunk3.C execution test
WARNING: g++.old-deja/g++.mike/p10769a.C compilation failed to produce executable
WARNING: g++.old-deja/g++.other/enum5.C compilation failed to produce executable
WARNING: g++.old-deja/g++.pt/friend44.C compilation failed to produce executable

		=== g++ Summary for sh-hms-sim/-m4-single-only ===

# of expected passes		8512
# of unexpected failures	4
# of unexpected successes	1
# of expected failures		69
# of unsupported tests		53

Running target sh-hms-sim/-m4-single-only/-ml
FAIL: g++.dg/abi/mangle17.C (test for excess errors)
FAIL: g++.dg/ext/pretty1.C scan-assembler top level
FAIL: g++.dg/ext/pretty2.C (test for excess errors)
WARNING: g++.dg/ext/pretty2.C compilation failed to produce executable
FAIL: g++.dg/init/array10.C (test for excess errors)
XPASS: g++.old-deja/g++.jason/thunk3.C execution test
WARNING: g++.old-deja/g++.mike/p10769a.C compilation failed to produce executable
WARNING: g++.old-deja/g++.other/enum5.C compilation failed to produce executable
WARNING: g++.old-deja/g++.pt/friend44.C compilation failed to produce executable

		=== g++ Summary for sh-hms-sim/-m4-single-only/-ml ===

# of expected passes		8512
# of unexpected failures	4
# of unexpected successes	1
# of expected failures		69
# of unsupported tests		53

		=== g++ Summary ===

# of expected passes		93632
# of unexpected failures	44
# of unexpected successes	11
# of expected failures		759
# of unsupported tests		583
/swbuild/nightly/2003-06-05/sh-elf/gcc/testsuite/../g++ version 3.4 20030605 (experimental)

Host   is i686-pc-linux-gnu

		=== gcc tests ===


Running target sh-hms-sim
FAIL: gcc.c-torture/execute/builtins/string-4.c execution,  -O1 
FAIL: gcc.c-torture/execute/builtins/string-4.c execution,  -O2 
FAIL: gcc.c-torture/execute/builtins/string-4.c execution,  -O3 -fomit-frame-pointer 
FAIL: gcc.c-torture/execute/builtins/string-4.c execution,  -O3 -g 
FAIL: gcc.c-torture/execute/builtins/string-4.c execution,  -Os 
FAIL: gcc.c-torture/execute/builtins/string-4.c execution,  -O1 
FAIL: gcc.c-torture/execute/builtins/string-4.c execution,  -O2 
FAIL: gcc.c-torture/execute/builtins/string-4.c execution,  -O3 -fomit-frame-pointer 
FAIL: gcc.c-torture/execute/builtins/string-4.c execution,  -O3 -g 
FAIL: gcc.c-torture/execute/builtins/string-4.c execution,  -Os 
UNRESOLVED: gcc.c-torture/execute/20020720-1.c execution,  -O1 
UNRESOLVED: gcc.c-torture/execute/20020720-1.c execution,  -O2 
UNRESOLVED: gcc.c-torture/execute/20020720-1.c execution,  -O3 -fomit-frame-pointer 
UNRESOLVED: gcc.c-torture/execute/20020720-1.c execution,  -O3 -g 
UNRESOLVED: gcc.c-torture/execute/20020720-1.c execution,  -Os 
FAIL: gcc.c-torture/execute/string-opt-3.c compilation,  -O0 
UNRESOLVED: gcc.c-torture/execute/string-opt-3.c execution,  -O0 
FAIL: gcc.c-torture/execute/string-opt-3.c compilation,  -O1 
UNRESOLVED: gcc.c-torture/execute/string-opt-3.c execution,  -O1 
FAIL: gcc.c-torture/execute/string-opt-3.c compilation,  -O2 
UNRESOLVED: gcc.c-torture/execute/string-opt-3.c execution,  -O2 
FAIL: gcc.c-torture/execute/string-opt-3.c compilation,  -O3 -fomit-frame-pointer 
UNRESOLVED: gcc.c-torture/execute/string-opt-3.c execution,  -O3 -fomit-frame-pointer 
FAIL: gcc.c-torture/execute/string-opt-3.c compilation,  -O3 -g 
UNRESOLVED: gcc.c-torture/execute/string-opt-3.c execution,  -O3 -g 
FAIL: gcc.c-torture/execute/string-opt-3.c compilation,  -Os 
UNRESOLVED: gcc.c-torture/execute/string-opt-3.c execution,  -Os 
FAIL: gcc.dg/asm-names.c (test for excess errors)
FAIL: gcc.dg/builtins-10.c (test for excess errors)
FAIL: gcc.dg/builtins-11.c (test for excess errors)
XPASS: gcc.dg/uninit-4.c uninitialized variable warning (test for bogus messages, line 26)
FAIL: gcc.dg/uninit-C.c (test for excess errors)

		=== gcc Summary for sh-hms-sim ===

# of expected passes		22711
# of unexpected failures	20
# of unexpected successes	1
# of expected failures		77
# of unresolved testcases	11
# of unsupported tests		232

Running target sh-hms-sim/-m2
WARNING: program timed out.
FAIL: gcc.c-torture/compile/20001226-1.c,  -O3 -g  
FAIL: gcc.c-torture/execute/builtins/string-4.c execution,  -O1 
FAIL: gcc.c-torture/execute/builtins/string-4.c execution,  -O2 
FAIL: gcc.c-torture/execute/builtins/string-4.c execution,  -O3 -fomit-frame-pointer 
FAIL: gcc.c-torture/execute/builtins/string-4.c execution,  -O3 -g 
FAIL: gcc.c-torture/execute/builtins/string-4.c execution,  -Os 
FAIL: gcc.c-torture/execute/builtins/string-4.c execution,  -O1 
FAIL: gcc.c-torture/execute/builtins/string-4.c execution,  -O2 
FAIL: gcc.c-torture/execute/builtins/string-4.c execution,  -O3 -fomit-frame-pointer 
FAIL: gcc.c-torture/execute/builtins/string-4.c execution,  -O3 -g 
FAIL: gcc.c-torture/execute/builtins/string-4.c execution,  -Os 
UNRESOLVED: gcc.c-torture/execute/20020720-1.c execution,  -O1 
UNRESOLVED: gcc.c-torture/execute/20020720-1.c execution,  -O2 
UNRESOLVED: gcc.c-torture/execute/20020720-1.c execution,  -O3 -fomit-frame-pointer 
UNRESOLVED: gcc.c-torture/execute/20020720-1.c execution,  -O3 -g 
UNRESOLVED: gcc.c-torture/execute/20020720-1.c execution,  -Os 
FAIL: gcc.c-torture/execute/string-opt-3.c compilation,  -O0 
UNRESOLVED: gcc.c-torture/execute/string-opt-3.c execution,  -O0 
FAIL: gcc.c-torture/execute/string-opt-3.c compilation,  -O1 
UNRESOLVED: gcc.c-torture/execute/string-opt-3.c execution,  -O1 
FAIL: gcc.c-torture/execute/string-opt-3.c compilation,  -O2 
UNRESOLVED: gcc.c-torture/execute/string-opt-3.c execution,  -O2 
FAIL: gcc.c-torture/execute/string-opt-3.c compilation,  -O3 -fomit-frame-pointer 
UNRESOLVED: gcc.c-torture/execute/string-opt-3.c execution,  -O3 -fomit-frame-pointer 
FAIL: gcc.c-torture/execute/string-opt-3.c compilation,  -O3 -g 
UNRESOLVED: gcc.c-torture/execute/string-opt-3.c execution,  -O3 -g 
FAIL: gcc.c-torture/execute/string-opt-3.c compilation,  -Os 
UNRESOLVED: gcc.c-torture/execute/string-opt-3.c execution,  -Os 
FAIL: gcc.dg/asm-names.c (test for excess errors)
FAIL: gcc.dg/builtins-10.c (test for excess errors)
FAIL: gcc.dg/builtins-11.c (test for excess errors)
XPASS: gcc.dg/uninit-4.c uninitialized variable warning (test for bogus messages, line 26)
FAIL: gcc.dg/uninit-C.c (test for excess errors)

		=== gcc Summary for sh-hms-sim/-m2 ===

# of expected passes		22710
# of unexpected failures	21
# of unexpected successes	1
# of expected failures		77
# of unresolved testcases	11
# of unsupported tests		232

Running target sh-hms-sim/-m2/-ml
WARNING: program timed out.
FAIL: gcc.c-torture/compile/20001226-1.c,  -O3 -g  
FAIL: gcc.c-torture/execute/builtins/string-4.c execution,  -O1 
FAIL: gcc.c-torture/execute/builtins/string-4.c execution,  -O2 
FAIL: gcc.c-torture/execute/builtins/string-4.c execution,  -O3 -fomit-frame-pointer 
FAIL: gcc.c-torture/execute/builtins/string-4.c execution,  -O3 -g 
FAIL: gcc.c-torture/execute/builtins/string-4.c execution,  -Os 
FAIL: gcc.c-torture/execute/builtins/string-4.c execution,  -O1 
FAIL: gcc.c-torture/execute/builtins/string-4.c execution,  -O2 
FAIL: gcc.c-torture/execute/builtins/string-4.c execution,  -O3 -fomit-frame-pointer 
FAIL: gcc.c-torture/execute/builtins/string-4.c execution,  -O3 -g 
FAIL: gcc.c-torture/execute/builtins/string-4.c execution,  -Os 
UNRESOLVED: gcc.c-torture/execute/20020720-1.c execution,  -O1 
UNRESOLVED: gcc.c-torture/execute/20020720-1.c execution,  -O2 
UNRESOLVED: gcc.c-torture/execute/20020720-1.c execution,  -O3 -fomit-frame-pointer 
UNRESOLVED: gcc.c-torture/execute/20020720-1.c execution,  -O3 -g 
UNRESOLVED: gcc.c-torture/execute/20020720-1.c execution,  -Os 
FAIL: gcc.c-torture/execute/string-opt-3.c compilation,  -O0 
UNRESOLVED: gcc.c-torture/execute/string-opt-3.c execution,  -O0 
FAIL: gcc.c-torture/execute/string-opt-3.c compilation,  -O1 
UNRESOLVED: gcc.c-torture/execute/string-opt-3.c execution,  -O1 
FAIL: gcc.c-torture/execute/string-opt-3.c compilation,  -O2 
UNRESOLVED: gcc.c-torture/execute/string-opt-3.c execution,  -O2 
FAIL: gcc.c-torture/execute/string-opt-3.c compilation,  -O3 -fomit-frame-pointer 
UNRESOLVED: gcc.c-torture/execute/string-opt-3.c execution,  -O3 -fomit-frame-pointer 
FAIL: gcc.c-torture/execute/string-opt-3.c compilation,  -O3 -g 
UNRESOLVED: gcc.c-torture/execute/string-opt-3.c execution,  -O3 -g 
FAIL: gcc.c-torture/execute/string-opt-3.c compilation,  -Os 
UNRESOLVED: gcc.c-torture/execute/string-opt-3.c execution,  -Os 
FAIL: gcc.dg/asm-names.c (test for excess errors)
FAIL: gcc.dg/builtins-10.c (test for excess errors)
FAIL: gcc.dg/builtins-11.c (test for excess errors)
XPASS: gcc.dg/uninit-4.c uninitialized variable warning (test for bogus messages, line 26)
FAIL: gcc.dg/uninit-C.c (test for excess errors)

		=== gcc Summary for sh-hms-sim/-m2/-ml ===

# of expected passes		22710
# of unexpected failures	21
# of unexpected successes	1
# of expected failures		77
# of unresolved testcases	11
# of unsupported tests		232

Running target sh-hms-sim/-m2e
WARNING: program timed out.
FAIL: gcc.c-torture/compile/20001226-1.c,  -O3 -g  
FAIL: gcc.c-torture/execute/builtins/string-4.c execution,  -O1 
FAIL: gcc.c-torture/execute/builtins/string-4.c execution,  -O2 
FAIL: gcc.c-torture/execute/builtins/string-4.c execution,  -O3 -fomit-frame-pointer 
FAIL: gcc.c-torture/execute/builtins/string-4.c execution,  -O3 -g 
FAIL: gcc.c-torture/execute/builtins/string-4.c execution,  -Os 
FAIL: gcc.c-torture/execute/builtins/string-4.c execution,  -O1 
FAIL: gcc.c-torture/execute/builtins/string-4.c execution,  -O2 
FAIL: gcc.c-torture/execute/builtins/string-4.c execution,  -O3 -fomit-frame-pointer 
FAIL: gcc.c-torture/execute/builtins/string-4.c execution,  -O3 -g 
FAIL: gcc.c-torture/execute/builtins/string-4.c execution,  -Os 
XPASS: gcc.c-torture/execute/20020720-1.c compilation,  -O1 
XPASS: gcc.c-torture/execute/20020720-1.c compilation,  -O2 
XPASS: gcc.c-torture/execute/20020720-1.c compilation,  -O3 -fomit-frame-pointer 
XPASS: gcc.c-torture/execute/20020720-1.c compilation,  -O3 -g 
XPASS: gcc.c-torture/execute/20020720-1.c compilation,  -Os 
FAIL: gcc.c-torture/execute/string-opt-3.c compilation,  -O0 
UNRESOLVED: gcc.c-torture/execute/string-opt-3.c execution,  -O0 
FAIL: gcc.c-torture/execute/string-opt-3.c compilation,  -O1 
UNRESOLVED: gcc.c-torture/execute/string-opt-3.c execution,  -O1 
FAIL: gcc.c-torture/execute/string-opt-3.c compilation,  -O2 
UNRESOLVED: gcc.c-torture/execute/string-opt-3.c execution,  -O2 
FAIL: gcc.c-torture/execute/string-opt-3.c compilation,  -O3 -fomit-frame-pointer 
UNRESOLVED: gcc.c-torture/execute/string-opt-3.c execution,  -O3 -fomit-frame-pointer 
FAIL: gcc.c-torture/execute/string-opt-3.c compilation,  -O3 -g 
UNRESOLVED: gcc.c-torture/execute/string-opt-3.c execution,  -O3 -g 
FAIL: gcc.c-torture/execute/string-opt-3.c compilation,  -Os 
UNRESOLVED: gcc.c-torture/execute/string-opt-3.c execution,  -Os 
FAIL: gcc.c-torture/execute/ieee/20010226-1.c execution,  -O0 
FAIL: gcc.c-torture/execute/ieee/20010226-1.c execution,  -O1 
FAIL: gcc.c-torture/execute/ieee/20010226-1.c execution,  -O2 
FAIL: gcc.c-torture/execute/ieee/20010226-1.c execution,  -O3 -fomit-frame-pointer 
FAIL: gcc.c-torture/execute/ieee/20010226-1.c execution,  -O3 -g 
FAIL: gcc.c-torture/execute/ieee/20010226-1.c execution,  -Os 
FAIL: gcc.c-torture/execute/ieee/rbug.c execution,  -O0 
FAIL: gcc.c-torture/execute/ieee/rbug.c execution,  -O1 
FAIL: gcc.c-torture/execute/ieee/rbug.c execution,  -O2 
FAIL: gcc.c-torture/execute/ieee/rbug.c execution,  -Os 
FAIL: gcc.c-torture/execute/ieee/20010226-1.c execution,  -O0 
FAIL: gcc.c-torture/execute/ieee/20010226-1.c execution,  -O1 
FAIL: gcc.c-torture/execute/ieee/20010226-1.c execution,  -O2 
FAIL: gcc.c-torture/execute/ieee/20010226-1.c execution,  -O3 -fomit-frame-pointer 
FAIL: gcc.c-torture/execute/ieee/20010226-1.c execution,  -O3 -g 
FAIL: gcc.c-torture/execute/ieee/20010226-1.c execution,  -Os 
FAIL: gcc.c-torture/execute/ieee/rbug.c execution,  -O0 
FAIL: gcc.c-torture/execute/ieee/rbug.c execution,  -O1 
FAIL: gcc.c-torture/execute/ieee/rbug.c execution,  -O2 
FAIL: gcc.c-torture/execute/ieee/rbug.c execution,  -Os 
FAIL: gcc.dg/asm-names.c (test for excess errors)
XPASS: gcc.dg/uninit-4.c uninitialized variable warning (test for bogus messages, line 26)
FAIL: gcc.dg/uninit-C.c (test for excess errors)

		=== gcc Summary for sh-hms-sim/-m2e ===

# of expected passes		22697
# of unexpected failures	39
# of unexpected successes	6
# of expected failures		72
# of unresolved testcases	6
# of unsupported tests		232

Running target sh-hms-sim/-m2e/-ml
WARNING: program timed out.
FAIL: gcc.c-torture/compile/20001226-1.c,  -O3 -g  
FAIL: gcc.c-torture/execute/builtins/string-4.c execution,  -O1 
FAIL: gcc.c-torture/execute/builtins/string-4.c execution,  -O2 
FAIL: gcc.c-torture/execute/builtins/string-4.c execution,  -O3 -fomit-frame-pointer 
FAIL: gcc.c-torture/execute/builtins/string-4.c execution,  -O3 -g 
FAIL: gcc.c-torture/execute/builtins/string-4.c execution,  -Os 
FAIL: gcc.c-torture/execute/builtins/string-4.c execution,  -O1 
FAIL: gcc.c-torture/execute/builtins/string-4.c execution,  -O2 
FAIL: gcc.c-torture/execute/builtins/string-4.c execution,  -O3 -fomit-frame-pointer 
FAIL: gcc.c-torture/execute/builtins/string-4.c execution,  -O3 -g 
FAIL: gcc.c-torture/execute/builtins/string-4.c execution,  -Os 
XPASS: gcc.c-torture/execute/20020720-1.c compilation,  -O1 
XPASS: gcc.c-torture/execute/20020720-1.c compilation,  -O2 
XPASS: gcc.c-torture/execute/20020720-1.c compilation,  -O3 -fomit-frame-pointer 
XPASS: gcc.c-torture/execute/20020720-1.c compilation,  -O3 -g 
XPASS: gcc.c-torture/execute/20020720-1.c compilation,  -Os 
FAIL: gcc.c-torture/execute/string-opt-3.c compilation,  -O0 
UNRESOLVED: gcc.c-torture/execute/string-opt-3.c execution,  -O0 
FAIL: gcc.c-torture/execute/string-opt-3.c compilation,  -O1 
UNRESOLVED: gcc.c-torture/execute/string-opt-3.c execution,  -O1 
FAIL: gcc.c-torture/execute/string-opt-3.c compilation,  -O2 
UNRESOLVED: gcc.c-torture/execute/string-opt-3.c execution,  -O2 
FAIL: gcc.c-torture/execute/string-opt-3.c compilation,  -O3 -fomit-frame-pointer 
UNRESOLVED: gcc.c-torture/execute/string-opt-3.c execution,  -O3 -fomit-frame-pointer 
FAIL: gcc.c-torture/execute/string-opt-3.c compilation,  -O3 -g 
UNRESOLVED: gcc.c-torture/execute/string-opt-3.c execution,  -O3 -g 
FAIL: gcc.c-torture/execute/string-opt-3.c compilation,  -Os 
UNRESOLVED: gcc.c-torture/execute/string-opt-3.c execution,  -Os 
FAIL: gcc.c-torture/execute/ieee/20010226-1.c execution,  -O0 
FAIL: gcc.c-torture/execute/ieee/20010226-1.c execution,  -O1 
FAIL: gcc.c-torture/execute/ieee/20010226-1.c execution,  -O2 
FAIL: gcc.c-torture/execute/ieee/20010226-1.c execution,  -O3 -fomit-frame-pointer 
FAIL: gcc.c-torture/execute/ieee/20010226-1.c execution,  -O3 -g 
FAIL: gcc.c-torture/execute/ieee/20010226-1.c execution,  -Os 
FAIL: gcc.c-torture/execute/ieee/rbug.c execution,  -O0 
FAIL: gcc.c-torture/execute/ieee/rbug.c execution,  -O1 
FAIL: gcc.c-torture/execute/ieee/rbug.c execution,  -O2 
FAIL: gcc.c-torture/execute/ieee/rbug.c execution,  -Os 
FAIL: gcc.c-torture/execute/ieee/20010226-1.c execution,  -O0 
FAIL: gcc.c-torture/execute/ieee/20010226-1.c execution,  -O1 
FAIL: gcc.c-torture/execute/ieee/20010226-1.c execution,  -O2 
FAIL: gcc.c-torture/execute/ieee/20010226-1.c execution,  -O3 -fomit-frame-pointer 
FAIL: gcc.c-torture/execute/ieee/20010226-1.c execution,  -O3 -g 
FAIL: gcc.c-torture/execute/ieee/20010226-1.c execution,  -Os 
FAIL: gcc.c-torture/execute/ieee/rbug.c execution,  -O0 
FAIL: gcc.c-torture/execute/ieee/rbug.c execution,  -O1 
FAIL: gcc.c-torture/execute/ieee/rbug.c execution,  -O2 
FAIL: gcc.c-torture/execute/ieee/rbug.c execution,  -Os 
FAIL: gcc.dg/asm-names.c (test for excess errors)
XPASS: gcc.dg/uninit-4.c uninitialized variable warning (test for bogus messages, line 26)
FAIL: gcc.dg/uninit-C.c (test for excess errors)

		=== gcc Summary for sh-hms-sim/-m2e/-ml ===

# of expected passes		22697
# of unexpected failures	39
# of unexpected successes	6
# of expected failures		72
# of unresolved testcases	6
# of unsupported tests		232

Running target sh-hms-sim/-m4
WARNING: program timed out.
FAIL: gcc.c-torture/compile/20001226-1.c,  -O3 -g  
FAIL: gcc.c-torture/execute/builtins/string-4.c execution,  -O1 
FAIL: gcc.c-torture/execute/builtins/string-4.c execution,  -O2 
FAIL: gcc.c-torture/execute/builtins/string-4.c execution,  -O3 -fomit-frame-pointer 
FAIL: gcc.c-torture/execute/builtins/string-4.c execution,  -O3 -g 
FAIL: gcc.c-torture/execute/builtins/string-4.c execution,  -Os 
FAIL: gcc.c-torture/execute/builtins/string-4.c execution,  -O1 
FAIL: gcc.c-torture/execute/builtins/string-4.c execution,  -O2 
FAIL: gcc.c-torture/execute/builtins/string-4.c execution,  -O3 -fomit-frame-pointer 
FAIL: gcc.c-torture/execute/builtins/string-4.c execution,  -O3 -g 
FAIL: gcc.c-torture/execute/builtins/string-4.c execution,  -Os 
UNRESOLVED: gcc.c-torture/execute/20020720-1.c execution,  -O1 
UNRESOLVED: gcc.c-torture/execute/20020720-1.c execution,  -O2 
UNRESOLVED: gcc.c-torture/execute/20020720-1.c execution,  -O3 -fomit-frame-pointer 
UNRESOLVED: gcc.c-torture/execute/20020720-1.c execution,  -O3 -g 
UNRESOLVED: gcc.c-torture/execute/20020720-1.c execution,  -Os 
FAIL: gcc.c-torture/execute/string-opt-3.c compilation,  -O0 
UNRESOLVED: gcc.c-torture/execute/string-opt-3.c execution,  -O0 
FAIL: gcc.c-torture/execute/string-opt-3.c compilation,  -O1 
UNRESOLVED: gcc.c-torture/execute/string-opt-3.c execution,  -O1 
FAIL: gcc.c-torture/execute/string-opt-3.c compilation,  -O2 
UNRESOLVED: gcc.c-torture/execute/string-opt-3.c execution,  -O2 
FAIL: gcc.c-torture/execute/string-opt-3.c compilation,  -O3 -fomit-frame-pointer 
UNRESOLVED: gcc.c-torture/execute/string-opt-3.c execution,  -O3 -fomit-frame-pointer 
FAIL: gcc.c-torture/execute/string-opt-3.c compilation,  -O3 -g 
UNRESOLVED: gcc.c-torture/execute/string-opt-3.c execution,  -O3 -g 
FAIL: gcc.c-torture/execute/string-opt-3.c compilation,  -Os 
UNRESOLVED: gcc.c-torture/execute/string-opt-3.c execution,  -Os 
FAIL: gcc.dg/asm-names.c (test for excess errors)
XPASS: gcc.dg/uninit-4.c uninitialized variable warning (test for bogus messages, line 26)
FAIL: gcc.dg/uninit-C.c (test for excess errors)

		=== gcc Summary for sh-hms-sim/-m4 ===

# of expected passes		22712
# of unexpected failures	19
# of unexpected successes	1
# of expected failures		77
# of unresolved testcases	11
# of unsupported tests		232

Running target sh-hms-sim/-m4/-ml
WARNING: program timed out.
FAIL: gcc.c-torture/compile/20001226-1.c,  -O3 -g  
FAIL: gcc.c-torture/execute/builtins/string-4.c execution,  -O1 
FAIL: gcc.c-torture/execute/builtins/string-4.c execution,  -O2 
FAIL: gcc.c-torture/execute/builtins/string-4.c execution,  -O3 -fomit-frame-pointer 
FAIL: gcc.c-torture/execute/builtins/string-4.c execution,  -O3 -g 
FAIL: gcc.c-torture/execute/builtins/string-4.c execution,  -Os 
FAIL: gcc.c-torture/execute/builtins/string-4.c execution,  -O1 
FAIL: gcc.c-torture/execute/builtins/string-4.c execution,  -O2 
FAIL: gcc.c-torture/execute/builtins/string-4.c execution,  -O3 -fomit-frame-pointer 
FAIL: gcc.c-torture/execute/builtins/string-4.c execution,  -O3 -g 
FAIL: gcc.c-torture/execute/builtins/string-4.c execution,  -Os 
UNRESOLVED: gcc.c-torture/execute/20020720-1.c execution,  -O1 
UNRESOLVED: gcc.c-torture/execute/20020720-1.c execution,  -O2 
UNRESOLVED: gcc.c-torture/execute/20020720-1.c execution,  -O3 -fomit-frame-pointer 
UNRESOLVED: gcc.c-torture/execute/20020720-1.c execution,  -O3 -g 
UNRESOLVED: gcc.c-torture/execute/20020720-1.c execution,  -Os 
FAIL: gcc.c-torture/execute/string-opt-3.c compilation,  -O0 
UNRESOLVED: gcc.c-torture/execute/string-opt-3.c execution,  -O0 
FAIL: gcc.c-torture/execute/string-opt-3.c compilation,  -O1 
UNRESOLVED: gcc.c-torture/execute/string-opt-3.c execution,  -O1 
FAIL: gcc.c-torture/execute/string-opt-3.c compilation,  -O2 
UNRESOLVED: gcc.c-torture/execute/string-opt-3.c execution,  -O2 
FAIL: gcc.c-torture/execute/string-opt-3.c compilation,  -O3 -fomit-frame-pointer 
UNRESOLVED: gcc.c-torture/execute/string-opt-3.c execution,  -O3 -fomit-frame-pointer 
FAIL: gcc.c-torture/execute/string-opt-3.c compilation,  -O3 -g 
UNRESOLVED: gcc.c-torture/execute/string-opt-3.c execution,  -O3 -g 
FAIL: gcc.c-torture/execute/string-opt-3.c compilation,  -Os 
UNRESOLVED: gcc.c-torture/execute/string-opt-3.c execution,  -Os 
FAIL: gcc.dg/asm-names.c (test for excess errors)
XPASS: gcc.dg/uninit-4.c uninitialized variable warning (test for bogus messages, line 26)
FAIL: gcc.dg/uninit-C.c (test for excess errors)

		=== gcc Summary for sh-hms-sim/-m4/-ml ===

# of expected passes		22712
# of unexpected failures	19
# of unexpected successes	1
# of expected failures		77
# of unresolved testcases	11
# of unsupported tests		232

Running target sh-hms-sim/-m4-single
WARNING: program timed out.
FAIL: gcc.c-torture/compile/20001226-1.c,  -O3 -g  
FAIL: gcc.c-torture/execute/builtins/string-4.c execution,  -O1 
FAIL: gcc.c-torture/execute/builtins/string-4.c execution,  -O2 
FAIL: gcc.c-torture/execute/builtins/string-4.c execution,  -O3 -fomit-frame-pointer 
FAIL: gcc.c-torture/execute/builtins/string-4.c execution,  -O3 -g 
FAIL: gcc.c-torture/execute/builtins/string-4.c execution,  -Os 
FAIL: gcc.c-torture/execute/builtins/string-4.c execution,  -O1 
FAIL: gcc.c-torture/execute/builtins/string-4.c execution,  -O2 
FAIL: gcc.c-torture/execute/builtins/string-4.c execution,  -O3 -fomit-frame-pointer 
FAIL: gcc.c-torture/execute/builtins/string-4.c execution,  -O3 -g 
FAIL: gcc.c-torture/execute/builtins/string-4.c execution,  -Os 
UNRESOLVED: gcc.c-torture/execute/20020720-1.c execution,  -O1 
UNRESOLVED: gcc.c-torture/execute/20020720-1.c execution,  -O2 
UNRESOLVED: gcc.c-torture/execute/20020720-1.c execution,  -O3 -fomit-frame-pointer 
UNRESOLVED: gcc.c-torture/execute/20020720-1.c execution,  -O3 -g 
UNRESOLVED: gcc.c-torture/execute/20020720-1.c execution,  -Os 
FAIL: gcc.c-torture/execute/string-opt-3.c compilation,  -O0 
UNRESOLVED: gcc.c-torture/execute/string-opt-3.c execution,  -O0 
FAIL: gcc.c-torture/execute/string-opt-3.c compilation,  -O1 
UNRESOLVED: gcc.c-torture/execute/string-opt-3.c execution,  -O1 
FAIL: gcc.c-torture/execute/string-opt-3.c compilation,  -O2 
UNRESOLVED: gcc.c-torture/execute/string-opt-3.c execution,  -O2 
FAIL: gcc.c-torture/execute/string-opt-3.c compilation,  -O3 -fomit-frame-pointer 
UNRESOLVED: gcc.c-torture/execute/string-opt-3.c execution,  -O3 -fomit-frame-pointer 
FAIL: gcc.c-torture/execute/string-opt-3.c compilation,  -O3 -g 
UNRESOLVED: gcc.c-torture/execute/string-opt-3.c execution,  -O3 -g 
FAIL: gcc.c-torture/execute/string-opt-3.c compilation,  -Os 
UNRESOLVED: gcc.c-torture/execute/string-opt-3.c execution,  -Os 
FAIL: gcc.dg/asm-names.c (test for excess errors)
XPASS: gcc.dg/uninit-4.c uninitialized variable warning (test for bogus messages, line 26)
FAIL: gcc.dg/uninit-C.c (test for excess errors)

		=== gcc Summary for sh-hms-sim/-m4-single ===

# of expected passes		22712
# of unexpected failures	19
# of unexpected successes	1
# of expected failures		77
# of unresolved testcases	11
# of unsupported tests		232

Running target sh-hms-sim/-m4-single/-ml
WARNING: program timed out.
FAIL: gcc.c-torture/compile/20001226-1.c,  -O3 -g  
FAIL: gcc.c-torture/execute/builtins/string-4.c execution,  -O1 
FAIL: gcc.c-torture/execute/builtins/string-4.c execution,  -O2 
FAIL: gcc.c-torture/execute/builtins/string-4.c execution,  -O3 -fomit-frame-pointer 
FAIL: gcc.c-torture/execute/builtins/string-4.c execution,  -O3 -g 
FAIL: gcc.c-torture/execute/builtins/string-4.c execution,  -Os 
FAIL: gcc.c-torture/execute/builtins/string-4.c execution,  -O1 
FAIL: gcc.c-torture/execute/builtins/string-4.c execution,  -O2 
FAIL: gcc.c-torture/execute/builtins/string-4.c execution,  -O3 -fomit-frame-pointer 
FAIL: gcc.c-torture/execute/builtins/string-4.c execution,  -O3 -g 
FAIL: gcc.c-torture/execute/builtins/string-4.c execution,  -Os 
UNRESOLVED: gcc.c-torture/execute/20020720-1.c execution,  -O1 
UNRESOLVED: gcc.c-torture/execute/20020720-1.c execution,  -O2 
UNRESOLVED: gcc.c-torture/execute/20020720-1.c execution,  -O3 -fomit-frame-pointer 
UNRESOLVED: gcc.c-torture/execute/20020720-1.c execution,  -O3 -g 
UNRESOLVED: gcc.c-torture/execute/20020720-1.c execution,  -Os 
FAIL: gcc.c-torture/execute/string-opt-3.c compilation,  -O0 
UNRESOLVED: gcc.c-torture/execute/string-opt-3.c execution,  -O0 
FAIL: gcc.c-torture/execute/string-opt-3.c compilation,  -O1 
UNRESOLVED: gcc.c-torture/execute/string-opt-3.c execution,  -O1 
FAIL: gcc.c-torture/execute/string-opt-3.c compilation,  -O2 
UNRESOLVED: gcc.c-torture/execute/string-opt-3.c execution,  -O2 
FAIL: gcc.c-torture/execute/string-opt-3.c compilation,  -O3 -fomit-frame-pointer 
UNRESOLVED: gcc.c-torture/execute/string-opt-3.c execution,  -O3 -fomit-frame-pointer 
FAIL: gcc.c-torture/execute/string-opt-3.c compilation,  -O3 -g 
UNRESOLVED: gcc.c-torture/execute/string-opt-3.c execution,  -O3 -g 
FAIL: gcc.c-torture/execute/string-opt-3.c compilation,  -Os 
UNRESOLVED: gcc.c-torture/execute/string-opt-3.c execution,  -Os 
FAIL: gcc.dg/asm-names.c (test for excess errors)
XPASS: gcc.dg/uninit-4.c uninitialized variable warning (test for bogus messages, line 26)
FAIL: gcc.dg/uninit-C.c (test for excess errors)

		=== gcc Summary for sh-hms-sim/-m4-single/-ml ===

# of expected passes		22712
# of unexpected failures	19
# of unexpected successes	1
# of expected failures		77
# of unresolved testcases	11
# of unsupported tests		232

Running target sh-hms-sim/-m4-single-only
WARNING: program timed out.
FAIL: gcc.c-torture/compile/20001226-1.c,  -O3 -g  
FAIL: gcc.c-torture/execute/builtins/string-4.c execution,  -O1 
FAIL: gcc.c-torture/execute/builtins/string-4.c execution,  -O2 
FAIL: gcc.c-torture/execute/builtins/string-4.c execution,  -O3 -fomit-frame-pointer 
FAIL: gcc.c-torture/execute/builtins/string-4.c execution,  -O3 -g 
FAIL: gcc.c-torture/execute/builtins/string-4.c execution,  -Os 
FAIL: gcc.c-torture/execute/builtins/string-4.c execution,  -O1 
FAIL: gcc.c-torture/execute/builtins/string-4.c execution,  -O2 
FAIL: gcc.c-torture/execute/builtins/string-4.c execution,  -O3 -fomit-frame-pointer 
FAIL: gcc.c-torture/execute/builtins/string-4.c execution,  -O3 -g 
FAIL: gcc.c-torture/execute/builtins/string-4.c execution,  -Os 
XPASS: gcc.c-torture/execute/20020720-1.c compilation,  -O1 
XPASS: gcc.c-torture/execute/20020720-1.c compilation,  -O2 
XPASS: gcc.c-torture/execute/20020720-1.c compilation,  -O3 -fomit-frame-pointer 
XPASS: gcc.c-torture/execute/20020720-1.c compilation,  -O3 -g 
XPASS: gcc.c-torture/execute/20020720-1.c compilation,  -Os 
FAIL: gcc.c-torture/execute/string-opt-3.c compilation,  -O0 
UNRESOLVED: gcc.c-torture/execute/string-opt-3.c execution,  -O0 
FAIL: gcc.c-torture/execute/string-opt-3.c compilation,  -O1 
UNRESOLVED: gcc.c-torture/execute/string-opt-3.c execution,  -O1 
FAIL: gcc.c-torture/execute/string-opt-3.c compilation,  -O2 
UNRESOLVED: gcc.c-torture/execute/string-opt-3.c execution,  -O2 
FAIL: gcc.c-torture/execute/string-opt-3.c compilation,  -O3 -fomit-frame-pointer 
UNRESOLVED: gcc.c-torture/execute/string-opt-3.c execution,  -O3 -fomit-frame-pointer 
FAIL: gcc.c-torture/execute/string-opt-3.c compilation,  -O3 -g 
UNRESOLVED: gcc.c-torture/execute/string-opt-3.c execution,  -O3 -g 
FAIL: gcc.c-torture/execute/string-opt-3.c compilation,  -Os 
UNRESOLVED: gcc.c-torture/execute/string-opt-3.c execution,  -Os 
FAIL: gcc.c-torture/execute/ieee/20010226-1.c execution,  -O0 
FAIL: gcc.c-torture/execute/ieee/20010226-1.c execution,  -O1 
FAIL: gcc.c-torture/execute/ieee/20010226-1.c execution,  -O2 
FAIL: gcc.c-torture/execute/ieee/20010226-1.c execution,  -O3 -fomit-frame-pointer 
FAIL: gcc.c-torture/execute/ieee/20010226-1.c execution,  -O3 -g 
FAIL: gcc.c-torture/execute/ieee/20010226-1.c execution,  -Os 
FAIL: gcc.c-torture/execute/ieee/rbug.c execution,  -O0 
FAIL: gcc.c-torture/execute/ieee/rbug.c execution,  -O1 
FAIL: gcc.c-torture/execute/ieee/rbug.c execution,  -O2 
FAIL: gcc.c-torture/execute/ieee/rbug.c execution,  -Os 
FAIL: gcc.c-torture/execute/ieee/20010226-1.c execution,  -O0 
FAIL: gcc.c-torture/execute/ieee/20010226-1.c execution,  -O1 
FAIL: gcc.c-torture/execute/ieee/20010226-1.c execution,  -O2 
FAIL: gcc.c-torture/execute/ieee/20010226-1.c execution,  -O3 -fomit-frame-pointer 
FAIL: gcc.c-torture/execute/ieee/20010226-1.c execution,  -O3 -g 
FAIL: gcc.c-torture/execute/ieee/20010226-1.c execution,  -Os 
FAIL: gcc.c-torture/execute/ieee/rbug.c execution,  -O0 
FAIL: gcc.c-torture/execute/ieee/rbug.c execution,  -O1 
FAIL: gcc.c-torture/execute/ieee/rbug.c execution,  -O2 
FAIL: gcc.c-torture/execute/ieee/rbug.c execution,  -Os 
FAIL: gcc.dg/asm-names.c (test for excess errors)
XPASS: gcc.dg/uninit-4.c uninitialized variable warning (test for bogus messages, line 26)
FAIL: gcc.dg/uninit-C.c (test for excess errors)

		=== gcc Summary for sh-hms-sim/-m4-single-only ===

# of expected passes		22697
# of unexpected failures	39
# of unexpected successes	6
# of expected failures		72
# of unresolved testcases	6
# of unsupported tests		232

Running target sh-hms-sim/-m4-single-only/-ml
WARNING: program timed out.
FAIL: gcc.c-torture/compile/20001226-1.c,  -O3 -g  
FAIL: gcc.c-torture/execute/builtins/string-4.c execution,  -O1 
FAIL: gcc.c-torture/execute/builtins/string-4.c execution,  -O2 
FAIL: gcc.c-torture/execute/builtins/string-4.c execution,  -O3 -fomit-frame-pointer 
FAIL: gcc.c-torture/execute/builtins/string-4.c execution,  -O3 -g 
FAIL: gcc.c-torture/execute/builtins/string-4.c execution,  -Os 
FAIL: gcc.c-torture/execute/builtins/string-4.c execution,  -O1 
FAIL: gcc.c-torture/execute/builtins/string-4.c execution,  -O2 
FAIL: gcc.c-torture/execute/builtins/string-4.c execution,  -O3 -fomit-frame-pointer 
FAIL: gcc.c-torture/execute/builtins/string-4.c execution,  -O3 -g 
FAIL: gcc.c-torture/execute/builtins/string-4.c execution,  -Os 
XPASS: gcc.c-torture/execute/20020720-1.c compilation,  -O1 
XPASS: gcc.c-torture/execute/20020720-1.c compilation,  -O2 
XPASS: gcc.c-torture/execute/20020720-1.c compilation,  -O3 -fomit-frame-pointer 
XPASS: gcc.c-torture/execute/20020720-1.c compilation,  -O3 -g 
XPASS: gcc.c-torture/execute/20020720-1.c compilation,  -Os 
FAIL: gcc.c-torture/execute/string-opt-3.c compilation,  -O0 
UNRESOLVED: gcc.c-torture/execute/string-opt-3.c execution,  -O0 
FAIL: gcc.c-torture/execute/string-opt-3.c compilation,  -O1 
UNRESOLVED: gcc.c-torture/execute/string-opt-3.c execution,  -O1 
FAIL: gcc.c-torture/execute/string-opt-3.c compilation,  -O2 
UNRESOLVED: gcc.c-torture/execute/string-opt-3.c execution,  -O2 
FAIL: gcc.c-torture/execute/string-opt-3.c compilation,  -O3 -fomit-frame-pointer 
UNRESOLVED: gcc.c-torture/execute/string-opt-3.c execution,  -O3 -fomit-frame-pointer 
FAIL: gcc.c-torture/execute/string-opt-3.c compilation,  -O3 -g 
UNRESOLVED: gcc.c-torture/execute/string-opt-3.c execution,  -O3 -g 
FAIL: gcc.c-torture/execute/string-opt-3.c compilation,  -Os 
UNRESOLVED: gcc.c-torture/execute/string-opt-3.c execution,  -Os 
FAIL: gcc.c-torture/execute/ieee/20010226-1.c execution,  -O0 
FAIL: gcc.c-torture/execute/ieee/20010226-1.c execution,  -O1 
FAIL: gcc.c-torture/execute/ieee/20010226-1.c execution,  -O2 
FAIL: gcc.c-torture/execute/ieee/20010226-1.c execution,  -O3 -fomit-frame-pointer 
FAIL: gcc.c-torture/execute/ieee/20010226-1.c execution,  -O3 -g 
FAIL: gcc.c-torture/execute/ieee/20010226-1.c execution,  -Os 
FAIL: gcc.c-torture/execute/ieee/rbug.c execution,  -O0 
FAIL: gcc.c-torture/execute/ieee/rbug.c execution,  -O1 
FAIL: gcc.c-torture/execute/ieee/rbug.c execution,  -O2 
FAIL: gcc.c-torture/execute/ieee/rbug.c execution,  -Os 
FAIL: gcc.c-torture/execute/ieee/20010226-1.c execution,  -O0 
FAIL: gcc.c-torture/execute/ieee/20010226-1.c execution,  -O1 
FAIL: gcc.c-torture/execute/ieee/20010226-1.c execution,  -O2 
FAIL: gcc.c-torture/execute/ieee/20010226-1.c execution,  -O3 -fomit-frame-pointer 
FAIL: gcc.c-torture/execute/ieee/20010226-1.c execution,  -O3 -g 
FAIL: gcc.c-torture/execute/ieee/20010226-1.c execution,  -Os 
FAIL: gcc.c-torture/execute/ieee/rbug.c execution,  -O0 
FAIL: gcc.c-torture/execute/ieee/rbug.c execution,  -O1 
FAIL: gcc.c-torture/execute/ieee/rbug.c execution,  -O2 
FAIL: gcc.c-torture/execute/ieee/rbug.c execution,  -Os 
FAIL: gcc.dg/asm-names.c (test for excess errors)
XPASS: gcc.dg/uninit-4.c uninitialized variable warning (test for bogus messages, line 26)
FAIL: gcc.dg/uninit-C.c (test for excess errors)

		=== gcc Summary for sh-hms-sim/-m4-single-only/-ml ===

# of expected passes		22697
# of unexpected failures	39
# of unexpected successes	6
# of expected failures		72
# of unresolved testcases	6
# of unsupported tests		232

		=== gcc Summary ===

# of expected passes		249767
# of unexpected failures	294
# of unexpected successes	31
# of expected failures		827
# of unresolved testcases	101
# of unsupported tests		2552
/swbuild/nightly/2003-06-05/sh-elf/gcc/xgcc version 3.4 20030605 (experimental)

Host   is i686-pc-linux-gnu

		=== objc tests ===


Running target sh-hms-sim

		=== objc Summary for sh-hms-sim ===

# of expected passes		1156

Running target sh-hms-sim/-m2

		=== objc Summary for sh-hms-sim/-m2 ===

# of expected passes		1156

Running target sh-hms-sim/-m2/-ml

		=== objc Summary for sh-hms-sim/-m2/-ml ===

# of expected passes		1156

Running target sh-hms-sim/-m2e

		=== objc Summary for sh-hms-sim/-m2e ===

# of expected passes		1156

Running target sh-hms-sim/-m2e/-ml

		=== objc Summary for sh-hms-sim/-m2e/-ml ===

# of expected passes		1156

Running target sh-hms-sim/-m4

		=== objc Summary for sh-hms-sim/-m4 ===

# of expected passes		1156

Running target sh-hms-sim/-m4/-ml

		=== objc Summary for sh-hms-sim/-m4/-ml ===

# of expected passes		1156

Running target sh-hms-sim/-m4-single

		=== objc Summary for sh-hms-sim/-m4-single ===

# of expected passes		1156

Running target sh-hms-sim/-m4-single/-ml

		=== objc Summary for sh-hms-sim/-m4-single/-ml ===

# of expected passes		1156

Running target sh-hms-sim/-m4-single-only

		=== objc Summary for sh-hms-sim/-m4-single-only ===

# of expected passes		1156

Running target sh-hms-sim/-m4-single-only/-ml

		=== objc Summary for sh-hms-sim/-m4-single-only/-ml ===

# of expected passes		1156

		=== objc Summary ===

# of expected passes		12716
/swbuild/nightly/2003-06-05/sh-elf/gcc/xgcc version 3.4 20030605 (experimental)


Compiler version: 3.4 20030605 (experimental) 
Platform: sh-unknown-elf
configure flags: --cache-file=.././config.cache --build=i686-pc-linux-gnu --host=i686-pc-linux-gnu --target=sh-elf --with-gnu-as --with-gnu-ld --with-newlib --with-headers --with-newlib --srcdir=../../srcw/gcc


Index Nav: [Date Index] [Subject Index] [Author Index] [Thread Index]
Message Nav: [Date Prev] [Date Next] [Thread Prev] [Thread Next]