This is the mail archive of the
gcc-testresults@gcc.gnu.org
mailing list for the GCC project.
Results for 3.4 20030603 (experimental) testsuite on sh-unknown-elf
- From: Joern Rennecke <joern dot rennecke at superh dot com>
- To: gcc-testresults at gcc dot gnu dot org
- Date: Tue, 3 Jun 2003 23:48:16 +0100
- Subject: Results for 3.4 20030603 (experimental) testsuite on sh-unknown-elf
LAST_UPDATED: 2003-06-03 19:15 UTC
Target is sh-unknown-elf
Host is i686-pc-linux-gnu
=== g++ tests ===
Running target sh-hms-sim
FAIL: g++.dg/abi/mangle17.C (test for excess errors)
FAIL: g++.dg/ext/pretty1.C scan-assembler top level
FAIL: g++.dg/ext/pretty2.C (test for excess errors)
WARNING: g++.dg/ext/pretty2.C compilation failed to produce executable
XPASS: g++.old-deja/g++.jason/thunk3.C execution test
WARNING: g++.old-deja/g++.mike/p10769a.C compilation failed to produce executable
FAIL: g++.old-deja/g++.oliva/template1.C (test for excess errors)
WARNING: g++.old-deja/g++.other/enum5.C compilation failed to produce executable
WARNING: g++.old-deja/g++.pt/friend44.C compilation failed to produce executable
=== g++ Summary for sh-hms-sim ===
# of expected passes 8510
# of unexpected failures 4
# of unexpected successes 1
# of expected failures 70
# of unsupported tests 53
Running target sh-hms-sim/-m4/-ml
FAIL: g++.dg/abi/mangle17.C (test for excess errors)
FAIL: g++.dg/ext/pretty1.C scan-assembler top level
FAIL: g++.dg/ext/pretty2.C (test for excess errors)
WARNING: g++.dg/ext/pretty2.C compilation failed to produce executable
XPASS: g++.old-deja/g++.jason/thunk3.C execution test
WARNING: g++.old-deja/g++.mike/p10769a.C compilation failed to produce executable
FAIL: g++.old-deja/g++.oliva/template1.C (test for excess errors)
WARNING: g++.old-deja/g++.other/enum5.C compilation failed to produce executable
WARNING: g++.old-deja/g++.pt/friend44.C compilation failed to produce executable
=== g++ Summary for sh-hms-sim/-m4/-ml ===
# of expected passes 8510
# of unexpected failures 4
# of unexpected successes 1
# of expected failures 70
# of unsupported tests 53
=== g++ Summary ===
# of expected passes 17020
# of unexpected failures 8
# of unexpected successes 2
# of expected failures 140
# of unsupported tests 106
/swbuild/nightly/2003-06-03/sh-elf/gcc/testsuite/../g++ version 3.4 20030603 (experimental)
Host is i686-pc-linux-gnu
=== gcc tests ===
Running target sh-hms-sim
FAIL: gcc.c-torture/execute/builtins/string-4.c execution, -O1
FAIL: gcc.c-torture/execute/builtins/string-4.c execution, -O2
FAIL: gcc.c-torture/execute/builtins/string-4.c execution, -O3 -fomit-frame-pointer
FAIL: gcc.c-torture/execute/builtins/string-4.c execution, -O3 -g
FAIL: gcc.c-torture/execute/builtins/string-4.c execution, -Os
FAIL: gcc.c-torture/execute/builtins/string-4.c execution, -O1
FAIL: gcc.c-torture/execute/builtins/string-4.c execution, -O2
FAIL: gcc.c-torture/execute/builtins/string-4.c execution, -O3 -fomit-frame-pointer
FAIL: gcc.c-torture/execute/builtins/string-4.c execution, -O3 -g
FAIL: gcc.c-torture/execute/builtins/string-4.c execution, -Os
UNRESOLVED: gcc.c-torture/execute/20020720-1.c execution, -O1
UNRESOLVED: gcc.c-torture/execute/20020720-1.c execution, -O2
UNRESOLVED: gcc.c-torture/execute/20020720-1.c execution, -O3 -fomit-frame-pointer
UNRESOLVED: gcc.c-torture/execute/20020720-1.c execution, -O3 -g
UNRESOLVED: gcc.c-torture/execute/20020720-1.c execution, -Os
FAIL: gcc.c-torture/execute/string-opt-3.c compilation, -O0
UNRESOLVED: gcc.c-torture/execute/string-opt-3.c execution, -O0
FAIL: gcc.c-torture/execute/string-opt-3.c compilation, -O1
UNRESOLVED: gcc.c-torture/execute/string-opt-3.c execution, -O1
FAIL: gcc.c-torture/execute/string-opt-3.c compilation, -O2
UNRESOLVED: gcc.c-torture/execute/string-opt-3.c execution, -O2
FAIL: gcc.c-torture/execute/string-opt-3.c compilation, -O3 -fomit-frame-pointer
UNRESOLVED: gcc.c-torture/execute/string-opt-3.c execution, -O3 -fomit-frame-pointer
FAIL: gcc.c-torture/execute/string-opt-3.c compilation, -O3 -g
UNRESOLVED: gcc.c-torture/execute/string-opt-3.c execution, -O3 -g
FAIL: gcc.c-torture/execute/string-opt-3.c compilation, -Os
UNRESOLVED: gcc.c-torture/execute/string-opt-3.c execution, -Os
FAIL: gcc.dg/asm-names.c (test for excess errors)
FAIL: gcc.dg/builtins-10.c (test for excess errors)
FAIL: gcc.dg/builtins-11.c (test for excess errors)
XPASS: gcc.dg/uninit-4.c uninitialized variable warning (test for bogus messages, line 26)
FAIL: gcc.dg/uninit-C.c (test for excess errors)
=== gcc Summary for sh-hms-sim ===
# of expected passes 22649
# of unexpected failures 20
# of unexpected successes 1
# of expected failures 77
# of unresolved testcases 11
# of unsupported tests 229
Running target sh-hms-sim/-m4/-ml
WARNING: program timed out.
FAIL: gcc.c-torture/compile/20001226-1.c, -O3 -g
FAIL: gcc.c-torture/execute/builtins/string-4.c execution, -O1
FAIL: gcc.c-torture/execute/builtins/string-4.c execution, -O2
FAIL: gcc.c-torture/execute/builtins/string-4.c execution, -O3 -fomit-frame-pointer
FAIL: gcc.c-torture/execute/builtins/string-4.c execution, -O3 -g
FAIL: gcc.c-torture/execute/builtins/string-4.c execution, -Os
FAIL: gcc.c-torture/execute/builtins/string-4.c execution, -O1
FAIL: gcc.c-torture/execute/builtins/string-4.c execution, -O2
FAIL: gcc.c-torture/execute/builtins/string-4.c execution, -O3 -fomit-frame-pointer
FAIL: gcc.c-torture/execute/builtins/string-4.c execution, -O3 -g
FAIL: gcc.c-torture/execute/builtins/string-4.c execution, -Os
UNRESOLVED: gcc.c-torture/execute/20020720-1.c execution, -O1
UNRESOLVED: gcc.c-torture/execute/20020720-1.c execution, -O2
UNRESOLVED: gcc.c-torture/execute/20020720-1.c execution, -O3 -fomit-frame-pointer
UNRESOLVED: gcc.c-torture/execute/20020720-1.c execution, -O3 -g
UNRESOLVED: gcc.c-torture/execute/20020720-1.c execution, -Os
FAIL: gcc.c-torture/execute/string-opt-3.c compilation, -O0
UNRESOLVED: gcc.c-torture/execute/string-opt-3.c execution, -O0
FAIL: gcc.c-torture/execute/string-opt-3.c compilation, -O1
UNRESOLVED: gcc.c-torture/execute/string-opt-3.c execution, -O1
FAIL: gcc.c-torture/execute/string-opt-3.c compilation, -O2
UNRESOLVED: gcc.c-torture/execute/string-opt-3.c execution, -O2
FAIL: gcc.c-torture/execute/string-opt-3.c compilation, -O3 -fomit-frame-pointer
UNRESOLVED: gcc.c-torture/execute/string-opt-3.c execution, -O3 -fomit-frame-pointer
FAIL: gcc.c-torture/execute/string-opt-3.c compilation, -O3 -g
UNRESOLVED: gcc.c-torture/execute/string-opt-3.c execution, -O3 -g
FAIL: gcc.c-torture/execute/string-opt-3.c compilation, -Os
UNRESOLVED: gcc.c-torture/execute/string-opt-3.c execution, -Os
FAIL: gcc.dg/asm-names.c (test for excess errors)
XPASS: gcc.dg/uninit-4.c uninitialized variable warning (test for bogus messages, line 26)
FAIL: gcc.dg/uninit-C.c (test for excess errors)
FAIL: gcc.dg/pch/system-1.c -O0 -g assembly comparison
FAIL: gcc.dg/pch/system-1.c -O3 -g assembly comparison
=== gcc Summary for sh-hms-sim/-m4/-ml ===
# of expected passes 22648
# of unexpected failures 21
# of unexpected successes 1
# of expected failures 77
# of unresolved testcases 11
# of unsupported tests 229
=== gcc Summary ===
# of expected passes 45297
# of unexpected failures 41
# of unexpected successes 2
# of expected failures 154
# of unresolved testcases 22
# of unsupported tests 458
/swbuild/nightly/2003-06-03/sh-elf/gcc/xgcc version 3.4 20030603 (experimental)
Host is i686-pc-linux-gnu
=== objc tests ===
Running target sh-hms-sim
=== objc Summary for sh-hms-sim ===
# of expected passes 1156
Running target sh-hms-sim/-m4/-ml
=== objc Summary for sh-hms-sim/-m4/-ml ===
# of expected passes 1156
=== objc Summary ===
# of expected passes 2312
/swbuild/nightly/2003-06-03/sh-elf/gcc/xgcc version 3.4 20030603 (experimental)
Compiler version: 3.4 20030603 (experimental)
Platform: sh-unknown-elf
configure flags: --cache-file=.././config.cache --build=i686-pc-linux-gnu --host=i686-pc-linux-gnu --target=sh-elf --with-gnu-as --with-gnu-ld --with-newlib --with-headers --with-newlib --srcdir=../../srcw/gcc