This is the mail archive of the gcc-testresults@gcc.gnu.org mailing list for the GCC project.
Index Nav: | [Date Index] [Subject Index] [Author Index] [Thread Index] | |
---|---|---|
Message Nav: | [Date Prev] [Date Next] | [Thread Prev] [Thread Next] |
Other format: | [Raw text] |
LAST_UPDATED: Native configuration is sparc64-sun-solaris2.7 === g++ tests === Running target unix FAIL: g++.dg/eh/simd-1.C (test for excess errors) WARNING: g++.dg/eh/simd-1.C compilation failed to produce executable FAIL: g++.dg/eh/simd-2.C (test for excess errors) WARNING: g++.dg/eh/simd-2.C compilation failed to produce executable FAIL: g++.dg/ext/pretty1.C scan-assembler top level FAIL: g++.dg/ext/pretty2.C (test for excess errors) WARNING: g++.dg/ext/pretty2.C compilation failed to produce executable FAIL: g++.dg/other/offsetof3.C (test for excess errors) FAIL: g++.dg/other/offsetof4.C (test for excess errors) FAIL: g++.dg/parse/stack1.C (test for excess errors) FAIL: g++.dg/pch/empty.C (test for excess errors) FAIL: g++.dg/pch/empty.C (test for excess errors) FAIL: g++.dg/pch/empty.C (test for excess errors) FAIL: g++.dg/pch/system-1.C (test for excess errors) FAIL: g++.dg/pch/system-1.C (test for excess errors) FAIL: g++.dg/pch/system-1.C (test for excess errors) FAIL: g++.dg/pch/system-2.C (test for excess errors) FAIL: g++.dg/pch/system-2.C (test for excess errors) FAIL: g++.dg/pch/system-2.C (test for excess errors) FAIL: g++.dg/pch/uninst.C (test for excess errors) FAIL: g++.dg/pch/uninst.C (test for excess errors) FAIL: g++.dg/pch/uninst.C (test for excess errors) FAIL: g++.dg/special/conpr-4.C execution test WARNING: g++.old-deja/g++.mike/p10769a.C compilation failed to produce executable FAIL: g++.old-deja/g++.oliva/template1.C (test for excess errors) FAIL: g++.old-deja/g++.other/comdat1.C (test for excess errors) WARNING: g++.old-deja/g++.other/comdat1.C compilation failed to produce executable FAIL: g++.old-deja/g++.other/comdat2.C (test for excess errors) WARNING: g++.old-deja/g++.other/comdat2.C compilation failed to produce executable FAIL: g++.old-deja/g++.other/comdat3.C (test for excess errors) WARNING: g++.old-deja/g++.other/comdat3.C compilation failed to produce executable FAIL: g++.old-deja/g++.other/crash34.C (test for excess errors) FAIL: g++.old-deja/g++.other/ctor1.C (test for excess errors) WARNING: g++.old-deja/g++.other/ctor1.C compilation failed to produce executable WARNING: g++.old-deja/g++.other/enum5.C compilation failed to produce executable WARNING: g++.old-deja/g++.pt/friend44.C compilation failed to produce executable FAIL: g++.old-deja/g++.pt/instantiate5.C (test for excess errors) === g++ Summary === # of expected passes 8470 # of unexpected failures 27 # of expected failures 72 # of untested testcases 12 # of unsupported tests 44 /teal/tmpdisk/ghazi/gcc-testing/v9-34/build/gcc/testsuite/../g++ version 3.4 20030602 (experimental) === g77 tests === Running target unix FAIL: g77.f-torture/execute/980520-1.f compilation, -O0 === g77 Summary === # of expected passes 1746 # of unexpected failures 1 # of untested testcases 1 # of unsupported tests 6 /teal/tmpdisk/ghazi/gcc-testing/v9-34/build/gcc/testsuite/../g77 version 3.4 20030602 (experimental) === gcc tests === Running target unix FAIL: gcc.dg/compat/struct-by-value-2 c_compat_x_tst.o-c_compat_y_tst.o execute FAIL: gcc.dg/compat/struct-by-value-4 c_compat_x_tst.o-c_compat_y_tst.o execute FAIL: gcc.dg/compat/struct-by-value-7 c_compat_x_tst.o-c_compat_y_tst.o execute FAIL: gcc.dg/compat/struct-by-value-8 c_compat_x_tst.o-c_compat_y_tst.o execute FAIL: gcc.dg/debug/debug-1.c scan-assembler xyzzy FAIL: gcc.dg/debug/debug-1.c scan-assembler xyzzy FAIL: gcc.dg/debug/debug-1.c scan-assembler xyzzy FAIL: gcc.dg/debug/debug-1.c scan-assembler xyzzy FAIL: gcc.dg/debug/debug-1.c scan-assembler xyzzy FAIL: gcc.dg/debug/debug-1.c scan-assembler xyzzy FAIL: gcc.dg/debug/debug-2.c scan-assembler xyzzy FAIL: gcc.dg/debug/debug-2.c scan-assembler xyzzy FAIL: gcc.dg/debug/debug-2.c scan-assembler xyzzy FAIL: gcc.dg/debug/debug-2.c scan-assembler xyzzy FAIL: gcc.dg/debug/debug-2.c scan-assembler xyzzy FAIL: gcc.dg/debug/debug-2.c scan-assembler xyzzy WARNING: gcc.dg/20021014-1.c compilation failed to produce executable ERROR: gcc.dg/const-elim-2.c: error executing dg-final: bad switch "-inline": must be -indices, -nocase, or -- UNRESOLVED: gcc.dg/const-elim-2.c: error executing dg-final: bad switch "-inline": must be -indices, -nocase, or -- XPASS: gcc.dg/uninit-4.c uninitialized variable warning (test for bogus messages, line 26) FAIL: gcc.dg/pch/common-1.c (test for excess errors) FAIL: gcc.dg/pch/common-1.c (test for excess errors) FAIL: gcc.dg/pch/common-1.c (test for excess errors) FAIL: gcc.dg/pch/common-1.c (test for excess errors) FAIL: gcc.dg/pch/common-1.c (test for excess errors) FAIL: gcc.dg/pch/common-1.c (test for excess errors) FAIL: gcc.dg/pch/common-1.c (test for excess errors) FAIL: gcc.dg/pch/cpp-1.c (test for excess errors) FAIL: gcc.dg/pch/cpp-1.c (test for excess errors) FAIL: gcc.dg/pch/cpp-1.c (test for excess errors) FAIL: gcc.dg/pch/cpp-1.c (test for excess errors) FAIL: gcc.dg/pch/cpp-1.c (test for excess errors) FAIL: gcc.dg/pch/cpp-1.c (test for excess errors) FAIL: gcc.dg/pch/cpp-1.c (test for excess errors) FAIL: gcc.dg/pch/cpp-2.c (test for excess errors) FAIL: gcc.dg/pch/cpp-2.c (test for excess errors) FAIL: gcc.dg/pch/cpp-2.c (test for excess errors) FAIL: gcc.dg/pch/cpp-2.c (test for excess errors) FAIL: gcc.dg/pch/cpp-2.c (test for excess errors) FAIL: gcc.dg/pch/cpp-2.c (test for excess errors) FAIL: gcc.dg/pch/cpp-2.c (test for excess errors) FAIL: gcc.dg/pch/decl-1.c (test for excess errors) FAIL: gcc.dg/pch/decl-1.c (test for excess errors) FAIL: gcc.dg/pch/decl-1.c (test for excess errors) FAIL: gcc.dg/pch/decl-1.c (test for excess errors) FAIL: gcc.dg/pch/decl-1.c (test for excess errors) FAIL: gcc.dg/pch/decl-1.c (test for excess errors) FAIL: gcc.dg/pch/decl-1.c (test for excess errors) FAIL: gcc.dg/pch/decl-2.c (test for excess errors) FAIL: gcc.dg/pch/decl-2.c (test for excess errors) FAIL: gcc.dg/pch/decl-2.c (test for excess errors) FAIL: gcc.dg/pch/decl-2.c (test for excess errors) FAIL: gcc.dg/pch/decl-2.c (test for excess errors) FAIL: gcc.dg/pch/decl-2.c (test for excess errors) FAIL: gcc.dg/pch/decl-2.c (test for excess errors) FAIL: gcc.dg/pch/decl-3.c (test for excess errors) FAIL: gcc.dg/pch/decl-3.c (test for excess errors) FAIL: gcc.dg/pch/decl-3.c (test for excess errors) FAIL: gcc.dg/pch/decl-3.c (test for excess errors) FAIL: gcc.dg/pch/decl-3.c (test for excess errors) FAIL: gcc.dg/pch/decl-3.c (test for excess errors) FAIL: gcc.dg/pch/decl-3.c (test for excess errors) FAIL: gcc.dg/pch/decl-4.c (test for excess errors) FAIL: gcc.dg/pch/decl-4.c (test for excess errors) FAIL: gcc.dg/pch/decl-4.c (test for excess errors) FAIL: gcc.dg/pch/decl-4.c (test for excess errors) FAIL: gcc.dg/pch/decl-4.c (test for excess errors) FAIL: gcc.dg/pch/decl-4.c (test for excess errors) FAIL: gcc.dg/pch/decl-4.c (test for excess errors) FAIL: gcc.dg/pch/decl-5.c (test for excess errors) FAIL: gcc.dg/pch/decl-5.c (test for excess errors) FAIL: gcc.dg/pch/decl-5.c (test for excess errors) FAIL: gcc.dg/pch/decl-5.c (test for excess errors) FAIL: gcc.dg/pch/decl-5.c (test for excess errors) FAIL: gcc.dg/pch/decl-5.c (test for excess errors) FAIL: gcc.dg/pch/decl-5.c (test for excess errors) FAIL: gcc.dg/pch/empty.c (test for excess errors) FAIL: gcc.dg/pch/empty.c (test for excess errors) FAIL: gcc.dg/pch/empty.c (test for excess errors) FAIL: gcc.dg/pch/empty.c (test for excess errors) FAIL: gcc.dg/pch/empty.c (test for excess errors) FAIL: gcc.dg/pch/empty.c (test for excess errors) FAIL: gcc.dg/pch/empty.c (test for excess errors) FAIL: gcc.dg/pch/except-1.c (test for excess errors) FAIL: gcc.dg/pch/except-1.c (test for excess errors) FAIL: gcc.dg/pch/except-1.c (test for excess errors) FAIL: gcc.dg/pch/except-1.c (test for excess errors) FAIL: gcc.dg/pch/except-1.c (test for excess errors) FAIL: gcc.dg/pch/except-1.c (test for excess errors) FAIL: gcc.dg/pch/except-1.c (test for excess errors) FAIL: gcc.dg/pch/global-1.c (test for excess errors) FAIL: gcc.dg/pch/global-1.c (test for excess errors) FAIL: gcc.dg/pch/global-1.c (test for excess errors) FAIL: gcc.dg/pch/global-1.c (test for excess errors) FAIL: gcc.dg/pch/global-1.c (test for excess errors) FAIL: gcc.dg/pch/global-1.c (test for excess errors) FAIL: gcc.dg/pch/global-1.c (test for excess errors) FAIL: gcc.dg/pch/inline-1.c (test for excess errors) FAIL: gcc.dg/pch/inline-1.c (test for excess errors) FAIL: gcc.dg/pch/inline-1.c (test for excess errors) FAIL: gcc.dg/pch/inline-1.c (test for excess errors) FAIL: gcc.dg/pch/inline-1.c (test for excess errors) FAIL: gcc.dg/pch/inline-1.c (test for excess errors) FAIL: gcc.dg/pch/inline-1.c (test for excess errors) FAIL: gcc.dg/pch/inline-2.c (test for excess errors) FAIL: gcc.dg/pch/inline-2.c (test for excess errors) FAIL: gcc.dg/pch/inline-2.c (test for excess errors) FAIL: gcc.dg/pch/inline-2.c (test for excess errors) FAIL: gcc.dg/pch/inline-2.c (test for excess errors) FAIL: gcc.dg/pch/inline-2.c (test for excess errors) FAIL: gcc.dg/pch/inline-2.c (test for excess errors) FAIL: gcc.dg/pch/macro-1.c (test for excess errors) FAIL: gcc.dg/pch/macro-1.c (test for excess errors) FAIL: gcc.dg/pch/macro-1.c (test for excess errors) FAIL: gcc.dg/pch/macro-1.c (test for excess errors) FAIL: gcc.dg/pch/macro-1.c (test for excess errors) FAIL: gcc.dg/pch/macro-1.c (test for excess errors) FAIL: gcc.dg/pch/macro-1.c (test for excess errors) FAIL: gcc.dg/pch/macro-2.c (test for excess errors) FAIL: gcc.dg/pch/macro-2.c (test for excess errors) FAIL: gcc.dg/pch/macro-2.c (test for excess errors) FAIL: gcc.dg/pch/macro-2.c (test for excess errors) FAIL: gcc.dg/pch/macro-2.c (test for excess errors) FAIL: gcc.dg/pch/macro-2.c (test for excess errors) FAIL: gcc.dg/pch/macro-2.c (test for excess errors) FAIL: gcc.dg/pch/macro-3.c (test for excess errors) FAIL: gcc.dg/pch/macro-3.c (test for excess errors) FAIL: gcc.dg/pch/macro-3.c (test for excess errors) FAIL: gcc.dg/pch/macro-3.c (test for excess errors) FAIL: gcc.dg/pch/macro-3.c (test for excess errors) FAIL: gcc.dg/pch/macro-3.c (test for excess errors) FAIL: gcc.dg/pch/macro-3.c (test for excess errors) FAIL: gcc.dg/pch/static-1.c (test for excess errors) FAIL: gcc.dg/pch/static-1.c (test for excess errors) FAIL: gcc.dg/pch/static-1.c (test for excess errors) FAIL: gcc.dg/pch/static-1.c (test for excess errors) FAIL: gcc.dg/pch/static-1.c (test for excess errors) FAIL: gcc.dg/pch/static-1.c (test for excess errors) FAIL: gcc.dg/pch/static-1.c (test for excess errors) FAIL: gcc.dg/pch/static-2.c (test for excess errors) FAIL: gcc.dg/pch/static-2.c (test for excess errors) FAIL: gcc.dg/pch/static-2.c (test for excess errors) FAIL: gcc.dg/pch/static-2.c (test for excess errors) FAIL: gcc.dg/pch/static-2.c (test for excess errors) FAIL: gcc.dg/pch/static-2.c (test for excess errors) FAIL: gcc.dg/pch/static-2.c (test for excess errors) FAIL: gcc.dg/pch/static-3.c (test for excess errors) FAIL: gcc.dg/pch/static-3.c (test for excess errors) FAIL: gcc.dg/pch/static-3.c (test for excess errors) FAIL: gcc.dg/pch/static-3.c (test for excess errors) FAIL: gcc.dg/pch/static-3.c (test for excess errors) FAIL: gcc.dg/pch/static-3.c (test for excess errors) FAIL: gcc.dg/pch/static-3.c (test for excess errors) FAIL: gcc.dg/pch/system-1.c (test for excess errors) FAIL: gcc.dg/pch/system-1.c (test for excess errors) FAIL: gcc.dg/pch/system-1.c (test for excess errors) FAIL: gcc.dg/pch/system-1.c (test for excess errors) FAIL: gcc.dg/pch/system-1.c (test for excess errors) FAIL: gcc.dg/pch/system-1.c (test for excess errors) FAIL: gcc.dg/pch/system-1.c (test for excess errors) === gcc Summary === # of expected passes 21632 # of unexpected failures 156 # of unexpected successes 1 # of expected failures 82 # of unresolved testcases 1 # of untested testcases 140 # of unsupported tests 204 /teal/tmpdisk/ghazi/gcc-testing/v9-34/build/gcc/xgcc version 3.4 20030602 (experimental) === objc tests === Running target unix === objc Summary === # of expected passes 1156 /teal/tmpdisk/ghazi/gcc-testing/v9-34/build/gcc/xgcc version 3.4 20030602 (experimental) === libstdc++-v3 tests === Running target unix === libstdc++-v3 Summary === # of expected passes 1400 # of expected failures 1 Compiler version: 3.4 20030602 (experimental) Platform: sparc64-sun-solaris2.7 configure flags: --verbose --enable-languages=c,objc,c++,f77 sparc64-sun-solaris2.7
Index Nav: | [Date Index] [Subject Index] [Author Index] [Thread Index] | |
---|---|---|
Message Nav: | [Date Prev] [Date Next] | [Thread Prev] [Thread Next] |