This is the mail archive of the
gcc-testresults@gcc.gnu.org
mailing list for the GCC project.
Results for 3.3.1 20030601 (prerelease) testsuite on powerpc-unknown-linux-gnu
- From: Franz Sirl <fsirl at entropy dot crashing dot org>
- To: gcc-testresults at gcc dot gnu dot org
- Date: Mon, 2 Jun 2003 05:39:19 -0700
- Subject: Results for 3.3.1 20030601 (prerelease) testsuite on powerpc-unknown-linux-gnu
Environment:
binutils-2.14.90.0.4
glibc-2.3.2
linux-2.4.21-rc2
Local modifications:
- reject hard regs in CSE for constant replacement
- error on -msdata=eabi when ! TARGET_EABI
- optimize libcall calls
- new testcases: gcc.dg/ppc-sdata-[12].c
LAST_UPDATED: Sun Jun 1 11:09:17 UTC 2003
Native configuration is powerpc-unknown-linux-gnu
=== g77 tests ===
Running target unix/-O2
FAIL: 135: expected branch percentages not found: 5
FAIL: 249: expected branch percentages not found: 25
FAIL: 262: expected branch percentages not found: 40
FAIL: 264: expected branch percentages not found: 23
FAIL: 266: expected branch percentages not found: 27
FAIL: g77.dg/gcov/gcov-1.f gcov: 0 failures in line counts, 5 in branch percentages, 0 in return percentages
=== g77 Summary for unix/-O2 ===
# of expected passes 1685
# of unexpected failures 6
# of unsupported tests 8
Running target unix/-fpic
=== g77 Summary for unix/-fpic ===
# of expected passes 1686
# of unsupported tests 8
Running target unix/-fPIC
=== g77 Summary for unix/-fPIC ===
# of expected passes 1686
# of unsupported tests 8
Running target unix
=== g77 Summary for unix ===
# of expected passes 1686
# of unsupported tests 8
=== g77 Summary ===
# of expected passes 6743
# of unexpected failures 6
# of unsupported tests 32
/home/fsirl/obj/gcc33/gcc/testsuite/../g77 version 3.3.1 20030601 (prerelease)
=== gcc tests ===
Running target unix/-O2
FAIL: gcc.c-torture/execute/builtin-constant.c execution, -O0
FAIL: gcc.dg/cpp/trad/include.c (test for excess errors)
FAIL: gcc.dg/20020103-1.c scan-assembler-not LC
FAIL: gcc.dg/altivec-5.c (test for excess errors)
FAIL: gcc.dg/duff-2.c (test for excess errors)
FAIL: gcc.dg/ppc-sdata-1.c scan-assembler sdat@sdarel\\(13\\)
FAIL: gcc.dg/ppc-sdata-1.c scan-assembler sdat2@sda21\\(2\\)
XPASS: gcc.dg/uninit-3.c uninitialized variable warning (test for bogus messages, line 11)
FAIL: gcc.dg/warn-1.c (test for warnings, line 8)
FAIL: gcc.dg/warn-1.c (test for warnings, line 15)
FAIL: 152:is 3:should be 6
FAIL: 154:is 3:should be 6
FAIL: 156:is 3:should be 6
FAIL: 157:is 1:should be 3
FAIL: 158:is 3:should be 6
FAIL: 159:is 1:should be 2
FAIL: 160:is 2:should be 4
FAIL: 162:is 2:should be 4
FAIL: gcc.misc-tests/gcov-4.c gcov: 8 failures in line counts, 0 in branch percentages, 0 in return percentages
FAIL: 24: expected branch percentages not found: 25
FAIL: 35: expected branch percentages not found: 30
FAIL: 37: expected branch percentages not found: 32
FAIL: 39: expected branch percentages not found: 27
FAIL: 79: expected branch percentages not found: 7
FAIL: 133: expected branch percentages not found: 17
FAIL: 139: expected branch percentages not found: 50
FAIL: 155: expected branch percentages not found: 50
FAIL: 165: expected branch percentages not found: 9 10
FAIL: gcc.misc-tests/gcov-4b.c gcov: 0 failures in line counts, 9 in branch percentages, 0 in return percentages
=== gcc Summary for unix/-O2 ===
# of expected passes 20807
# of unexpected failures 28
# of unexpected successes 1
# of expected failures 66
# of unsupported tests 152
Running target unix/-fpic
FAIL: gcc.c-torture/execute/20020720-1.c compilation, -O1
UNRESOLVED: gcc.c-torture/execute/20020720-1.c execution, -O1
FAIL: gcc.c-torture/execute/20020720-1.c compilation, -O2
UNRESOLVED: gcc.c-torture/execute/20020720-1.c execution, -O2
FAIL: gcc.c-torture/execute/20020720-1.c compilation, -O3 -fomit-frame-pointer
UNRESOLVED: gcc.c-torture/execute/20020720-1.c execution, -O3 -fomit-frame-pointer
FAIL: gcc.c-torture/execute/20020720-1.c compilation, -O3 -g
UNRESOLVED: gcc.c-torture/execute/20020720-1.c execution, -O3 -g
FAIL: gcc.c-torture/execute/20020720-1.c compilation, -Os
UNRESOLVED: gcc.c-torture/execute/20020720-1.c execution, -Os
FAIL: gcc.dg/20020103-1.c scan-assembler-not LC
FAIL: gcc.dg/altivec-5.c (test for excess errors)
FAIL: gcc.dg/duff-2.c (test for excess errors)
FAIL: gcc.dg/ppc-sdata-1.c (test for excess errors)
ERROR: gcc.dg/ppc-sdata-1.c: error executing dg-final: couldn't open "ppc-sdata-1.s": no such file or directory
UNRESOLVED: gcc.dg/ppc-sdata-1.c: error executing dg-final: couldn't open "ppc-sdata-1.s": no such file or directory
FAIL: gcc.dg/ppc-sdata-2.c (test for excess errors)
ERROR: gcc.dg/ppc-sdata-2.c: error executing dg-final: couldn't open "ppc-sdata-2.s": no such file or directory
UNRESOLVED: gcc.dg/ppc-sdata-2.c: error executing dg-final: couldn't open "ppc-sdata-2.s": no such file or directory
=== gcc Summary for unix/-fpic ===
# of expected passes 20795
# of unexpected failures 10
# of expected failures 67
# of unresolved testcases 7
# of unsupported tests 152
Running target unix/-fPIC
FAIL: gcc.c-torture/compile/20011029-1.c, -O1
FAIL: gcc.c-torture/compile/20011029-1.c, -O2
FAIL: gcc.c-torture/compile/20011029-1.c, -O3 -fomit-frame-pointer
FAIL: gcc.c-torture/compile/20011029-1.c, -O3 -g
FAIL: gcc.c-torture/compile/20011029-1.c, -Os
WARNING: program timed out.
FAIL: gcc.c-torture/compile/20001226-1.c, -O3 -g
WARNING: program timed out.
FAIL: gcc.c-torture/compile/20001226-1.c, -Os
FAIL: gcc.c-torture/execute/20020720-1.c compilation, -O1
UNRESOLVED: gcc.c-torture/execute/20020720-1.c execution, -O1
FAIL: gcc.c-torture/execute/20020720-1.c compilation, -O2
UNRESOLVED: gcc.c-torture/execute/20020720-1.c execution, -O2
FAIL: gcc.c-torture/execute/20020720-1.c compilation, -O3 -fomit-frame-pointer
UNRESOLVED: gcc.c-torture/execute/20020720-1.c execution, -O3 -fomit-frame-pointer
FAIL: gcc.c-torture/execute/20020720-1.c compilation, -O3 -g
UNRESOLVED: gcc.c-torture/execute/20020720-1.c execution, -O3 -g
FAIL: gcc.c-torture/execute/20020720-1.c compilation, -Os
UNRESOLVED: gcc.c-torture/execute/20020720-1.c execution, -Os
FAIL: gcc.c-torture/execute/built-in-setjmp.c compilation, -O1
UNRESOLVED: gcc.c-torture/execute/built-in-setjmp.c execution, -O1
FAIL: gcc.c-torture/execute/built-in-setjmp.c compilation, -O2
UNRESOLVED: gcc.c-torture/execute/built-in-setjmp.c execution, -O2
FAIL: gcc.c-torture/execute/built-in-setjmp.c compilation, -O3 -fomit-frame-pointer
UNRESOLVED: gcc.c-torture/execute/built-in-setjmp.c execution, -O3 -fomit-frame-pointer
FAIL: gcc.c-torture/execute/built-in-setjmp.c compilation, -O3 -fomit-frame-pointer -funroll-loops
UNRESOLVED: gcc.c-torture/execute/built-in-setjmp.c execution, -O3 -fomit-frame-pointer -funroll-loops
FAIL: gcc.c-torture/execute/built-in-setjmp.c compilation, -O3 -fomit-frame-pointer -funroll-all-loops -finline-functions
UNRESOLVED: gcc.c-torture/execute/built-in-setjmp.c execution, -O3 -fomit-frame-pointer -funroll-all-loops -finline-functions
FAIL: gcc.c-torture/execute/built-in-setjmp.c compilation, -O3 -g
UNRESOLVED: gcc.c-torture/execute/built-in-setjmp.c execution, -O3 -g
FAIL: gcc.c-torture/execute/built-in-setjmp.c compilation, -Os
UNRESOLVED: gcc.c-torture/execute/built-in-setjmp.c execution, -Os
FAIL: gcc.dg/20020103-1.c scan-assembler-not LC
FAIL: gcc.dg/altivec-5.c (test for excess errors)
FAIL: gcc.dg/duff-2.c (test for excess errors)
FAIL: gcc.dg/ppc-sdata-1.c (test for excess errors)
ERROR: gcc.dg/ppc-sdata-1.c: error executing dg-final: couldn't open "ppc-sdata-1.s": no such file or directory
UNRESOLVED: gcc.dg/ppc-sdata-1.c: error executing dg-final: couldn't open "ppc-sdata-1.s": no such file or directory
FAIL: gcc.dg/ppc-sdata-2.c (test for excess errors)
ERROR: gcc.dg/ppc-sdata-2.c: error executing dg-final: couldn't open "ppc-sdata-2.s": no such file or directory
UNRESOLVED: gcc.dg/ppc-sdata-2.c: error executing dg-final: couldn't open "ppc-sdata-2.s": no such file or directory
=== gcc Summary for unix/-fPIC ===
# of expected passes 20774
# of unexpected failures 24
# of expected failures 67
# of unresolved testcases 14
# of unsupported tests 152
Running target unix
WARNING: program timed out.
FAIL: gcc.c-torture/compile/20001226-1.c, -O3 -g
WARNING: program timed out.
FAIL: gcc.c-torture/compile/20001226-1.c, -Os
FAIL: gcc.dg/20020103-1.c scan-assembler-not LC
FAIL: gcc.dg/altivec-5.c (test for excess errors)
FAIL: gcc.dg/duff-2.c (test for excess errors)
FAIL: gcc.dg/ppc-sdata-1.c scan-assembler sdat@sdarel\\(13\\)
FAIL: gcc.dg/ppc-sdata-1.c scan-assembler sdat2@sda21\\(2\\)
=== gcc Summary for unix ===
# of expected passes 20811
# of unexpected failures 7
# of expected failures 67
# of unsupported tests 152
=== gcc Summary ===
# of expected passes 83187
# of unexpected failures 69
# of unexpected successes 1
# of expected failures 267
# of unresolved testcases 21
# of unsupported tests 608
/home/fsirl/obj/gcc33/gcc/xgcc version 3.3.1 20030601 (prerelease)
=== g++ tests ===
Running target unix/-O2
WARNING: program timed out.
FAIL: g++.dg/eh/cleanup1.C (test for excess errors)
XPASS: g++.dg/other/packed1.C execution test
XPASS: g++.dg/warn/Wunused-2.C (test for warnings, line 5)
FAIL: 33:is -:should be 1
FAIL: 173:is 3:should be 6
FAIL: 177:is 3:should be 6
FAIL: 181:is 3:should be 6
FAIL: 183:is 1:should be 3
FAIL: 185:is 3:should be 6
FAIL: 187:is 1:should be 2
FAIL: 189:is 2:should be 4
FAIL: 192:is 2:should be 4
FAIL: 57: expected branch percentages not found: 25
FAIL: 68: expected branch percentages not found: 30
FAIL: 70: expected branch percentages not found: 32
FAIL: 72: expected branch percentages not found: 27
FAIL: 114: expected branch percentages not found: 7
FAIL: 174: expected branch percentages not found: 17
FAIL: 182: expected branch percentages not found: 50
FAIL: 201: expected branch percentages not found: 50
FAIL: 213: expected branch percentages not found: 9 10
FAIL: g++.dg/gcov/gcov-1.C gcov: 9 failures in line counts, 9 in branch percentages, 0 in return percentages
FAIL: g++.other/decl5.C caused compiler crash
XPASS: g++.other/init5.C Execution test
FAIL: g++.pt/repo3.C (test for excess errors)
=== g++ Summary for unix/-O2 ===
# of expected passes 7915
# of unexpected failures 22
# of unexpected successes 3
# of expected failures 89
# of untested testcases 23
# of unsupported tests 18
Running target unix/-fpic
XPASS: g++.dg/other/packed1.C execution test
FAIL: g++.other/decl5.C caused compiler crash
XPASS: g++.other/init5.C Execution test
=== g++ Summary for unix/-fpic ===
# of expected passes 7918
# of unexpected failures 1
# of unexpected successes 2
# of expected failures 90
# of untested testcases 23
# of unsupported tests 18
Running target unix/-fPIC
XPASS: g++.dg/other/packed1.C execution test
FAIL: g++.other/decl5.C caused compiler crash
XPASS: g++.other/init5.C Execution test
=== g++ Summary for unix/-fPIC ===
# of expected passes 7918
# of unexpected failures 1
# of unexpected successes 2
# of expected failures 90
# of untested testcases 23
# of unsupported tests 18
Running target unix
XPASS: g++.dg/other/packed1.C execution test
FAIL: g++.other/decl5.C caused compiler crash
XPASS: g++.other/init5.C Execution test
=== g++ Summary for unix ===
# of expected passes 7918
# of unexpected failures 1
# of unexpected successes 2
# of expected failures 90
# of untested testcases 23
# of unsupported tests 18
=== g++ Summary ===
# of expected passes 31669
# of unexpected failures 25
# of unexpected successes 9
# of expected failures 359
# of untested testcases 92
# of unsupported tests 72
/home/fsirl/obj/gcc33/gcc/testsuite/../g++ version 3.3.1 20030601 (prerelease)
=== objc tests ===
Running target unix/-O2
=== objc Summary for unix/-O2 ===
# of expected passes 1153
Running target unix/-fpic
=== objc Summary for unix/-fpic ===
# of expected passes 1153
Running target unix/-fPIC
=== objc Summary for unix/-fPIC ===
# of expected passes 1153
Running target unix
=== objc Summary for unix ===
# of expected passes 1153
=== objc Summary ===
# of expected passes 4612
/home/fsirl/obj/gcc33/gcc/xgcc version 3.3.1 20030601 (prerelease)
=== libjava tests ===
Running target unix/-O2
WARNING: program timed out.
FAIL: SyncTest execution - gij test
WARNING: program timed out.
FAIL: SyncTest execution - gij test
=== libjava Summary for unix/-O2 ===
# of expected passes 2987
# of unexpected failures 2
# of expected failures 16
# of untested testcases 14
Running target unix/-fpic
FAIL: Array_3 -O execution - source compiled test
WARNING: program timed out.
FAIL: SyncTest execution - gij test
WARNING: program timed out.
FAIL: SyncTest execution - gij test
=== libjava Summary for unix/-fpic ===
# of expected passes 2985
# of unexpected failures 3
# of expected failures 16
# of untested testcases 15
Running target unix/-fPIC
FAIL: Array_3 -O execution - source compiled test
WARNING: program timed out.
FAIL: SyncTest execution - gij test
WARNING: program timed out.
FAIL: SyncTest execution - gij test
=== libjava Summary for unix/-fPIC ===
# of expected passes 2985
# of unexpected failures 3
# of expected failures 16
# of untested testcases 15
Running target unix
FAIL: Array_3 -O execution - source compiled test
WARNING: program timed out.
FAIL: SyncTest execution - gij test
WARNING: program timed out.
FAIL: SyncTest execution - gij test
=== libjava Summary for unix ===
# of expected passes 2985
# of unexpected failures 3
# of expected failures 16
# of untested testcases 15
=== libjava Summary ===
# of expected passes 11942
# of unexpected failures 11
# of expected failures 64
# of untested testcases 59
=== libstdc++-v3 tests ===
Running target unix/-O2
XPASS: 22_locale/collate_byname.cc execution test
XPASS: 22_locale/collate_members_char.cc execution test
XPASS: 22_locale/collate_members_wchar_t.cc execution test
XPASS: 22_locale/ctype_is_char.cc execution test
XPASS: 22_locale/ctype_is_wchar_t.cc execution test
XPASS: 22_locale/members.cc execution test
XPASS: 22_locale/messages_byname.cc execution test
XPASS: 22_locale/messages_members_char.cc execution test
XPASS: 22_locale/money_get_members_char.cc execution test
XPASS: 22_locale/money_get_members_wchar_t.cc execution test
XPASS: 22_locale/money_put_members_char.cc execution test
XPASS: 22_locale/money_put_members_wchar_t.cc execution test
XPASS: 22_locale/moneypunct_byname.cc execution test
XPASS: 22_locale/moneypunct_members_char.cc execution test
XPASS: 22_locale/moneypunct_members_wchar_t.cc execution test
XPASS: 22_locale/num_get_members_char.cc execution test
XPASS: 22_locale/num_get_members_wchar_t.cc execution test
XPASS: 22_locale/num_put_members_char.cc execution test
XPASS: 22_locale/num_put_members_wchar_t.cc execution test
XPASS: 22_locale/numpunct_byname.cc execution test
XPASS: 22_locale/numpunct_members_char.cc execution test
XPASS: 22_locale/numpunct_members_wchar_t.cc execution test
XPASS: 22_locale/time_get_members_char.cc execution test
XPASS: 22_locale/time_get_members_wchar_t.cc execution test
WARNING: program timed out.
FAIL: thread/pthread4.cc execution test
=== libstdc++-v3 Summary for unix/-O2 ===
# of expected passes 452
# of unexpected failures 1
# of unexpected successes 24
# of expected failures 4
Running target unix/-fpic
XPASS: 22_locale/collate_byname.cc execution test
XPASS: 22_locale/collate_members_char.cc execution test
XPASS: 22_locale/collate_members_wchar_t.cc execution test
XPASS: 22_locale/ctype_is_char.cc execution test
XPASS: 22_locale/ctype_is_wchar_t.cc execution test
XPASS: 22_locale/members.cc execution test
XPASS: 22_locale/messages_byname.cc execution test
XPASS: 22_locale/messages_members_char.cc execution test
XPASS: 22_locale/money_get_members_char.cc execution test
XPASS: 22_locale/money_get_members_wchar_t.cc execution test
XPASS: 22_locale/money_put_members_char.cc execution test
XPASS: 22_locale/money_put_members_wchar_t.cc execution test
XPASS: 22_locale/moneypunct_byname.cc execution test
XPASS: 22_locale/moneypunct_members_char.cc execution test
XPASS: 22_locale/moneypunct_members_wchar_t.cc execution test
XPASS: 22_locale/num_get_members_char.cc execution test
XPASS: 22_locale/num_get_members_wchar_t.cc execution test
XPASS: 22_locale/num_put_members_char.cc execution test
XPASS: 22_locale/num_put_members_wchar_t.cc execution test
XPASS: 22_locale/numpunct_byname.cc execution test
XPASS: 22_locale/numpunct_members_char.cc execution test
XPASS: 22_locale/numpunct_members_wchar_t.cc execution test
XPASS: 22_locale/time_get_members_char.cc execution test
XPASS: 22_locale/time_get_members_wchar_t.cc execution test
=== libstdc++-v3 Summary for unix/-fpic ===
# of expected passes 453
# of unexpected successes 24
# of expected failures 4
Running target unix/-fPIC
XPASS: 22_locale/collate_byname.cc execution test
XPASS: 22_locale/collate_members_char.cc execution test
XPASS: 22_locale/collate_members_wchar_t.cc execution test
XPASS: 22_locale/ctype_is_char.cc execution test
XPASS: 22_locale/ctype_is_wchar_t.cc execution test
XPASS: 22_locale/members.cc execution test
XPASS: 22_locale/messages_byname.cc execution test
XPASS: 22_locale/messages_members_char.cc execution test
XPASS: 22_locale/money_get_members_char.cc execution test
XPASS: 22_locale/money_get_members_wchar_t.cc execution test
XPASS: 22_locale/money_put_members_char.cc execution test
XPASS: 22_locale/money_put_members_wchar_t.cc execution test
XPASS: 22_locale/moneypunct_byname.cc execution test
XPASS: 22_locale/moneypunct_members_char.cc execution test
XPASS: 22_locale/moneypunct_members_wchar_t.cc execution test
XPASS: 22_locale/num_get_members_char.cc execution test
XPASS: 22_locale/num_get_members_wchar_t.cc execution test
XPASS: 22_locale/num_put_members_char.cc execution test
XPASS: 22_locale/num_put_members_wchar_t.cc execution test
XPASS: 22_locale/numpunct_byname.cc execution test
XPASS: 22_locale/numpunct_members_char.cc execution test
XPASS: 22_locale/numpunct_members_wchar_t.cc execution test
XPASS: 22_locale/time_get_members_char.cc execution test
XPASS: 22_locale/time_get_members_wchar_t.cc execution test
=== libstdc++-v3 Summary for unix/-fPIC ===
# of expected passes 453
# of unexpected successes 24
# of expected failures 4
Running target unix
XPASS: 22_locale/collate_byname.cc execution test
XPASS: 22_locale/collate_members_char.cc execution test
XPASS: 22_locale/collate_members_wchar_t.cc execution test
XPASS: 22_locale/ctype_is_char.cc execution test
XPASS: 22_locale/ctype_is_wchar_t.cc execution test
XPASS: 22_locale/members.cc execution test
XPASS: 22_locale/messages_byname.cc execution test
XPASS: 22_locale/messages_members_char.cc execution test
XPASS: 22_locale/money_get_members_char.cc execution test
XPASS: 22_locale/money_get_members_wchar_t.cc execution test
XPASS: 22_locale/money_put_members_char.cc execution test
XPASS: 22_locale/money_put_members_wchar_t.cc execution test
XPASS: 22_locale/moneypunct_byname.cc execution test
XPASS: 22_locale/moneypunct_members_char.cc execution test
XPASS: 22_locale/moneypunct_members_wchar_t.cc execution test
XPASS: 22_locale/num_get_members_char.cc execution test
XPASS: 22_locale/num_get_members_wchar_t.cc execution test
XPASS: 22_locale/num_put_members_char.cc execution test
XPASS: 22_locale/num_put_members_wchar_t.cc execution test
XPASS: 22_locale/numpunct_byname.cc execution test
XPASS: 22_locale/numpunct_members_char.cc execution test
XPASS: 22_locale/numpunct_members_wchar_t.cc execution test
XPASS: 22_locale/time_get_members_char.cc execution test
XPASS: 22_locale/time_get_members_wchar_t.cc execution test
WARNING: program timed out.
FAIL: thread/pthread4.cc execution test
=== libstdc++-v3 Summary for unix ===
# of expected passes 452
# of unexpected failures 1
# of unexpected successes 24
# of expected failures 4
=== libstdc++-v3 Summary ===
# of expected passes 1810
# of unexpected failures 2
# of unexpected successes 96
# of expected failures 16
Compiler version: 3.3.1 20030601 (prerelease)
Platform: powerpc-unknown-linux-gnu
configure flags: --host=ppc-linux --prefix=/home/fsirl/gnubin33 --enable-shared --enable-threads --enable-__cxa_atexit --with-system-zlib --enable-checking=gc,misc,tree,rtlflag