This is the mail archive of the
gcc-testresults@gcc.gnu.org
mailing list for the GCC project.
Results for 3.4 20030530 (experimental) testsuite on i686-pc-linux-gnu
- From: Andris Pavenis <pavenis at latnet dot lv>
- To: gcc-testresults at gcc dot gnu dot org
- Date: Fri, 30 May 2003 13:57:52 +0300
- Subject: Results for 3.4 20030530 (experimental) testsuite on i686-pc-linux-gnu
Last updated from CVS: 2003 May 30 09:08 +0300
System: Linux kernel 2.4.20-rthal5
glibc-2.3.1
binutils-2.13.90.0.18 20030121
LAST_UPDATED: Fri May 30 06:08:45 UTC 2003
Native configuration is i686-pc-linux-gnu
=== g++ tests ===
Running target unix
FAIL: g++.dg/eh/simd-2.C (test for excess errors)
WARNING: g++.dg/eh/simd-2.C compilation failed to produce executable
FAIL: g++.dg/ext/pretty1.C scan-assembler top level
FAIL: g++.dg/ext/pretty2.C (test for excess errors)
WARNING: g++.dg/ext/pretty2.C compilation failed to produce executable
WARNING: g++.old-deja/g++.mike/p10769a.C compilation failed to produce executable
FAIL: g++.old-deja/g++.oliva/template1.C (test for excess errors)
WARNING: g++.old-deja/g++.other/enum5.C compilation failed to produce executable
WARNING: g++.old-deja/g++.pt/friend44.C compilation failed to produce executable
FAIL: g++.old-deja/g++.robertl/eb42.C (test for excess errors)
=== g++ Summary ===
# of expected passes 8597
# of unexpected failures 5
# of expected failures 69
# of unsupported tests 15
/disk2/cvs/gcc/3.4/build/build.lnx/gcc/testsuite/../g++ version 3.4 20030530 (experimental)
=== g77 tests ===
Running target unix
FAIL: g77.f-torture/execute/980520-1.f compilation, -O0
=== g77 Summary ===
# of expected passes 1752
# of unexpected failures 1
# of expected failures 6
# of untested testcases 1
/disk2/cvs/gcc/3.4/build/build.lnx/gcc/testsuite/../g77 version 3.4 20030530 (experimental)
=== gcc tests ===
Running target unix
FAIL: gcc.dg/typespec-1.c unsigned long long int char (test for errors, line 929)
FAIL: gcc.dg/typespec-1.c unsigned long long int short (test for errors, line 930)
FAIL: gcc.dg/typespec-1.c unsigned long long int int (test for errors, line 931)
FAIL: gcc.dg/typespec-1.c unsigned long long int long (test for errors, line 932)
FAIL: gcc.dg/typespec-1.c unsigned long long int float (test for errors, line 933)
FAIL: gcc.dg/typespec-1.c unsigned long long int double (test for errors, line 934)
FAIL: gcc.dg/typespec-1.c unsigned long long int signed (test for errors, line 935)
FAIL: gcc.dg/typespec-1.c unsigned long long int unsigned (test for errors, line 936)
FAIL: gcc.dg/typespec-1.c unsigned long long int _Bool (test for errors, line 937)
FAIL: gcc.dg/typespec-1.c (test for excess errors)
FAIL: gcc.dg/uninit-C.c (test for excess errors)
FAIL: gcc.dg/format/c99-scanf-1.c %hhu sign (test for warnings, line 144)
FAIL: gcc.dg/format/c99-scanf-1.c (test for excess errors)
FAIL: gcc.dg/format/ext-1.c printf_unlocked (test for warnings, line 125)
FAIL: gcc.dg/format/ext-1.c (test for excess errors)
FAIL: gcc.dg/tls/opt-6.c (test for excess errors)
=== gcc Summary ===
# of expected passes 22373
# of unexpected failures 16
# of expected failures 75
# of unsupported tests 101
/disk2/cvs/gcc/3.4/build/build.lnx/gcc/xgcc version 3.4 20030530 (experimental)
=== objc tests ===
Running target unix
=== objc Summary ===
# of expected passes 1156
/disk2/cvs/gcc/3.4/build/build.lnx/gcc/xgcc version 3.4 20030530 (experimental)
=== libstdc++-v3 tests ===
Running target unix
XPASS: 26_numerics/c99_classification_macros_c.cc (test for excess errors)
=== libstdc++-v3 Summary ===
# of expected passes 1866
# of unexpected successes 1
Compiler version: 3.4 20030530 (experimental)
Platform: i686-pc-linux-gnu
configure flags: --prefix=/disk2/gcc34 --enable-shared --verbose --enable-languages=c,c++,f77,objc,ada --enable-threads=posix
Counting all warnings,
there are 18 warnings in stage3 of this bootstrap.
Number of warnings per file:
4 insn-conditions.c
3 gcc/gcc.c
2 gcc/objc/lang-specs.h
2 gcc/f/sta.c
2 gcc/crtstuff.c
2 /usr/share/bison/bison.simple
1 gcc/config/i386/i386.md
1 gcc/ada/tracebak.c
1 ada/b_gnatb.c
Number of warning types:
9 string length `???' is greater than the length `???' ISO C89 compilers are required to support
2 passing arg ??? of `???' discards qualifiers from pointer target type
2 label `???' defined but not used
2 dereferencing type-punned pointer will break strict-aliasing rules
1 unused variable `???'
1 operand 1 missing mode?
1 comparison of unsigned expression < 0 is always false