This is the mail archive of the gcc-testresults@gcc.gnu.org mailing list for the GCC project.


Index Nav: [Date Index] [Subject Index] [Author Index] [Thread Index]
Message Nav: [Date Prev] [Date Next] [Thread Prev] [Thread Next]
Other format: [Raw text]

Results for 3.3 testsuite on i686-pc-linux-gnu


Hello,
Here are the test results of my gcc 3.3 build.
Best regards,
Thomas Hedden
--------------------------------------------------------------
| Thomas Hedden            | Telephone     +1 (978) 371-0822 |
| 98 East Riding Drive     | Fax           +1 (978) 371-2126 |
| Carlisle, MA  01741-1602 | E-mail        thomas@hedden.org |
| U.S.A                    | WWW   http://www.he.net/~hedden |
--------------------------------------------------------------
| Linux Counter registration # 203894, http://counter.li.org |
--------------------------------------------------------------

LAST_UPDATED: 
Native configuration is i686-pc-linux-gnu

		=== binutils tests ===


Running target unix

		=== binutils Summary ===

# of expected passes		27
# of expected failures		1
# of untested testcases		4
		=== gas tests ===


Running target unix

		=== gas Summary ===

# of expected passes		55
		=== g++ tests ===


Running target unix

		=== g++ Summary ===

# of expected passes		7976
# of expected failures		97
# of untested testcases		9
# of unsupported tests		4
/usr/src/gcc-3.3_object/gcc/testsuite/../g++ version 3.3

		=== g77 tests ===


Running target unix

		=== g77 Summary ===

# of expected passes		1702
/usr/src/gcc-3.3_object/gcc/testsuite/../g77 version 3.3

		=== gcc tests ===


Running target unix
FAIL: gcc.dg/duff-2.c (test for excess errors)
FAIL: gcc.dg/uninit-C.c (test for excess errors)

		=== gcc Summary ===

# of expected passes		21433
# of unexpected failures	2
# of expected failures		64
# of unsupported tests		83
/usr/src/gcc-3.3_object/gcc/xgcc version 3.3

		=== objc tests ===


Running target unix

		=== objc Summary ===

# of expected passes		1153
/usr/src/gcc-3.3_object/gcc/xgcc version 3.3

		=== libjava tests ===


Running target unix

		=== libjava Summary ===

# of expected passes		2991
# of expected failures		16
# of untested testcases		12
		=== libstdc++-v3 tests ===


Running target unix
FAIL: 22_locale/codecvt_members_char_char.cc (test for excess errors)
WARNING: 22_locale/codecvt_members_char_char.cc compilation failed to produce executable
FAIL: 22_locale/facet.cc (test for excess errors)
WARNING: 22_locale/facet.cc compilation failed to produce executable
FAIL: 22_locale/global_templates.cc (test for excess errors)
WARNING: 22_locale/global_templates.cc compilation failed to produce executable
FAIL: 22_locale/operators.cc (test for excess errors)
WARNING: 22_locale/operators.cc compilation failed to produce executable
FAIL: 22_locale/static_members.cc (test for excess errors)
WARNING: 22_locale/static_members.cc compilation failed to produce executable
FAIL: 27_io/filebuf_virtuals.cc (test for excess errors)
WARNING: 27_io/filebuf_virtuals.cc compilation failed to produce executable

		=== libstdc++-v3 Summary ===

# of expected passes		417
# of unexpected failures	6
# of expected failures		18
		=== ld tests ===


Running target unix

		=== ld Summary ===

# of expected passes		142
# of expected failures		23

Compiler version: 3.3 
Platform: i686-pc-linux-gnu
configure flags: --host=i686-pc-linux-gnu --enable-threads


Index Nav: [Date Index] [Subject Index] [Author Index] [Thread Index]
Message Nav: [Date Prev] [Date Next] [Thread Prev] [Thread Next]