This is the mail archive of the gcc-testresults@gcc.gnu.org mailing list for the GCC project.


Index Nav: [Date Index] [Subject Index] [Author Index] [Thread Index]
Message Nav: [Date Prev] [Date Next] [Thread Prev] [Thread Next]
Other format: [Raw text]

Results for 3.3-hammer testsuite on x86_64-suse-linux-gnu


Bootstrap and regtesting on x86_64-suse-linux-gnu.
CVS sources: branch: hammer-3_3-branch.
LAST_UPDATED: Tue May 27 02:31:53 UTC 2003

Native configuration is x86_64-suse-linux-gnu

		=== g++ tests ===


Running target unix/-m32
FAIL: g++.dg/tls/init-2.C (test for excess errors)
XPASS: g++.other/init5.C  Execution test

		=== g++ Summary for unix/-m32 ===

# of expected passes		7948
# of unexpected failures	1
# of unexpected successes	1
# of expected failures		96
# of untested testcases		22
# of unsupported tests		17

Running target unix
FAIL: g++.dg/tls/init-2.C (test for excess errors)
XPASS: g++.other/init5.C  Execution test

		=== g++ Summary for unix ===

# of expected passes		7948
# of unexpected failures	1
# of unexpected successes	1
# of expected failures		96
# of untested testcases		22
# of unsupported tests		17

		=== g++ Summary ===

# of expected passes		15896
# of unexpected failures	2
# of unexpected successes	2
# of expected failures		192
# of untested testcases		44
# of unsupported tests		34
/usr/src/aj/build/gcc/misc/gcc/testsuite/../g++ version 3.3-hammer

		=== g77 tests ===


Running target unix/-m32

		=== g77 Summary for unix/-m32 ===

# of expected passes		1686
# of unsupported tests		8

Running target unix

		=== g77 Summary for unix ===

# of expected passes		1686
# of unsupported tests		8

		=== g77 Summary ===

# of expected passes		3372
# of unsupported tests		16
/usr/src/aj/build/gcc/misc/gcc/testsuite/../g77 version 3.3-hammer

		=== gcc tests ===


Running target unix/-m32
XPASS: gcc.c-torture/execute/20020227-1.c execution,  -O0 
XPASS: gcc.c-torture/execute/20020227-1.c execution,  -O1 
XPASS: gcc.c-torture/execute/20020227-1.c execution,  -O2 
XPASS: gcc.c-torture/execute/20020227-1.c execution,  -O3 -fomit-frame-pointer 
XPASS: gcc.c-torture/execute/20020227-1.c execution,  -O3 -g 
XPASS: gcc.c-torture/execute/20020227-1.c execution,  -Os 
XPASS: gcc.c-torture/execute/20020720-1.c compilation,  -O1 
XPASS: gcc.c-torture/execute/20020720-1.c compilation,  -O2 
XPASS: gcc.c-torture/execute/20020720-1.c compilation,  -O3 -fomit-frame-pointer 
XPASS: gcc.c-torture/execute/20020720-1.c compilation,  -O3 -g 
XPASS: gcc.c-torture/execute/20020720-1.c compilation,  -Os 
FAIL: gcc.c-torture/execute/loop-2e.c execution,  -Os 
FAIL: gcc.c-torture/execute/ieee/20010114-2.c execution,  -O1 
FAIL: gcc.c-torture/execute/ieee/20010114-2.c execution,  -O2 
FAIL: gcc.c-torture/execute/ieee/20010114-2.c execution,  -Os 
FAIL: gcc.c-torture/execute/ieee/980619-1.c execution,  -O1 
FAIL: gcc.c-torture/execute/ieee/980619-1.c execution,  -O2 
FAIL: gcc.c-torture/execute/ieee/980619-1.c execution,  -O3 -fomit-frame-pointer 
FAIL: gcc.c-torture/execute/ieee/980619-1.c execution,  -O3 -fomit-frame-pointer -funroll-loops 
FAIL: gcc.c-torture/execute/ieee/980619-1.c execution,  -O3 -fomit-frame-pointer -funroll-all-loops -finline-functions 
FAIL: gcc.c-torture/execute/ieee/980619-1.c execution,  -O3 -g 
FAIL: gcc.c-torture/execute/ieee/980619-1.c execution,  -Os 
FAIL: gcc.c-torture/execute/ieee/20010114-2.c execution,  -O1 
FAIL: gcc.c-torture/execute/ieee/20010114-2.c execution,  -O2 
FAIL: gcc.c-torture/execute/ieee/20010114-2.c execution,  -Os 
FAIL: gcc.c-torture/execute/ieee/980619-1.c execution,  -O1 
FAIL: gcc.c-torture/execute/ieee/980619-1.c execution,  -O2 
FAIL: gcc.c-torture/execute/ieee/980619-1.c execution,  -O3 -fomit-frame-pointer 
FAIL: gcc.c-torture/execute/ieee/980619-1.c execution,  -O3 -fomit-frame-pointer -funroll-loops 
FAIL: gcc.c-torture/execute/ieee/980619-1.c execution,  -O3 -fomit-frame-pointer -funroll-all-loops -finline-functions 
FAIL: gcc.c-torture/execute/ieee/980619-1.c execution,  -O3 -g 
FAIL: gcc.c-torture/execute/ieee/980619-1.c execution,  -Os 
FAIL: gcc.dg/cpp/include3.c (test for excess errors)
FAIL: gcc.dg/duff-2.c (test for excess errors)
FAIL: gcc.dg/uninit-C.c (test for excess errors)
FAIL: gcc.dg/warn-1.c  (test for warnings, line 8)
FAIL: gcc.dg/warn-1.c  (test for warnings, line 15)
FAIL: linkage.c

		=== gcc Summary for unix/-m32 ===

# of expected passes		21259
# of unexpected failures	27
# of unexpected successes	11
# of expected failures		68
# of unsupported tests		157

Running target unix
FAIL: gcc.c-torture/compile/simd-5.c,  -O1  
FAIL: gcc.c-torture/compile/simd-5.c,  -O2  
FAIL: gcc.c-torture/compile/simd-5.c,  -O3 -fomit-frame-pointer  
FAIL: gcc.c-torture/compile/simd-5.c,  -O3 -g  
FAIL: gcc.c-torture/compile/simd-5.c,  -Os  
XPASS: gcc.c-torture/execute/20020227-1.c execution,  -O0 
XPASS: gcc.c-torture/execute/20020227-1.c execution,  -O1 
XPASS: gcc.c-torture/execute/20020227-1.c execution,  -O2 
XPASS: gcc.c-torture/execute/20020227-1.c execution,  -O3 -fomit-frame-pointer 
XPASS: gcc.c-torture/execute/20020227-1.c execution,  -O3 -g 
XPASS: gcc.c-torture/execute/20020227-1.c execution,  -Os 
UNRESOLVED: gcc.c-torture/execute/20020720-1.c execution,  -O1 
UNRESOLVED: gcc.c-torture/execute/20020720-1.c execution,  -O2 
UNRESOLVED: gcc.c-torture/execute/20020720-1.c execution,  -O3 -fomit-frame-pointer 
UNRESOLVED: gcc.c-torture/execute/20020720-1.c execution,  -O3 -g 
UNRESOLVED: gcc.c-torture/execute/20020720-1.c execution,  -Os 
FAIL: gcc.dg/cpp/include3.c (test for excess errors)
FAIL: gcc.dg/20020103-1.c scan-assembler-not LC
FAIL: gcc.dg/duff-2.c (test for excess errors)
FAIL: gcc.dg/i386-mmx-3.c (test for excess errors)
FAIL: gcc.dg/i386-ssetype-1.c (test for excess errors)
ERROR: gcc.dg/i386-ssetype-1.c: error executing dg-final: couldn't open "i386-ssetype-1.s": no such file or directory
UNRESOLVED: gcc.dg/i386-ssetype-1.c: error executing dg-final: couldn't open "i386-ssetype-1.s": no such file or directory
FAIL: gcc.dg/i386-ssetype-2.c (test for excess errors)
ERROR: gcc.dg/i386-ssetype-2.c: error executing dg-final: couldn't open "i386-ssetype-2.s": no such file or directory
UNRESOLVED: gcc.dg/i386-ssetype-2.c: error executing dg-final: couldn't open "i386-ssetype-2.s": no such file or directory
FAIL: gcc.dg/i386-ssetype-3.c (test for excess errors)
ERROR: gcc.dg/i386-ssetype-3.c: error executing dg-final: couldn't open "i386-ssetype-3.s": no such file or directory
UNRESOLVED: gcc.dg/i386-ssetype-3.c: error executing dg-final: couldn't open "i386-ssetype-3.s": no such file or directory
FAIL: gcc.dg/i386-ssetype-4.c (test for excess errors)
ERROR: gcc.dg/i386-ssetype-4.c: error executing dg-final: couldn't open "i386-ssetype-4.s": no such file or directory
UNRESOLVED: gcc.dg/i386-ssetype-4.c: error executing dg-final: couldn't open "i386-ssetype-4.s": no such file or directory
FAIL: gcc.dg/i386-ssetype-5.c (test for excess errors)
ERROR: gcc.dg/i386-ssetype-5.c: error executing dg-final: couldn't open "i386-ssetype-5.s": no such file or directory
UNRESOLVED: gcc.dg/i386-ssetype-5.c: error executing dg-final: couldn't open "i386-ssetype-5.s": no such file or directory
FAIL: gcc.dg/warn-1.c  (test for warnings, line 8)
FAIL: gcc.dg/warn-1.c  (test for warnings, line 15)

		=== gcc Summary for unix ===

# of expected passes		21238
# of unexpected failures	16
# of unexpected successes	6
# of expected failures		73
# of unresolved testcases	10
# of unsupported tests		157

		=== gcc Summary ===

# of expected passes		42497
# of unexpected failures	43
# of unexpected successes	17
# of expected failures		141
# of unresolved testcases	10
# of unsupported tests		314
/usr/src/aj/build/gcc/misc/gcc/xgcc version 3.3-hammer

		=== objc tests ===


Running target unix/-m32

		=== objc Summary for unix/-m32 ===

# of expected passes		1153

Running target unix

		=== objc Summary for unix ===

# of expected passes		1153

		=== objc Summary ===

# of expected passes		2306
/usr/src/aj/build/gcc/misc/gcc/xgcc version 3.3-hammer

		=== treelang tests ===


Running target unix/-m32

		=== treelang Summary for unix/-m32 ===

# of expected passes		1

Running target unix

		=== treelang Summary for unix ===


		=== treelang Summary ===

# of expected passes		1
		=== libjava tests ===


Running target unix/-m32
FAIL: linking cxxtest
WARNING: program timed out.
FAIL: SyncTest execution - gij test
WARNING: program timed out.
FAIL: SyncTest execution - gij test
FAIL: Throw_2 execution - source compiled test
FAIL: Throw_2 execution - gij test
FAIL: Throw_2 execution - bytecode->native test
FAIL: Throw_2 -O execution - source compiled test
FAIL: Throw_2 execution - gij test
FAIL: Throw_2 -O execution - bytecode->native test

		=== libjava Summary for unix/-m32 ===

# of expected passes		2973
# of unexpected failures	9
# of expected failures		17
# of untested testcases		20

Running target unix

		=== libjava Summary for unix ===

# of expected passes		2991
# of expected failures		16
# of untested testcases		12

		=== libjava Summary ===

# of expected passes		5964
# of unexpected failures	9
# of expected failures		33
# of untested testcases		32
		=== libstdc++-v3 tests ===


Running target unix/-m32
XPASS: 22_locale/collate_byname.cc execution test
XPASS: 22_locale/collate_members_char.cc execution test
XPASS: 22_locale/collate_members_wchar_t.cc execution test
XPASS: 22_locale/ctype_is_char.cc execution test
XPASS: 22_locale/ctype_is_wchar_t.cc execution test
XPASS: 22_locale/members.cc execution test
XPASS: 22_locale/money_get_members_char.cc execution test
XPASS: 22_locale/money_get_members_wchar_t.cc execution test
XPASS: 22_locale/money_put_members_char.cc execution test
XPASS: 22_locale/money_put_members_wchar_t.cc execution test
XPASS: 22_locale/moneypunct_byname.cc execution test
XPASS: 22_locale/moneypunct_members_char.cc execution test
XPASS: 22_locale/moneypunct_members_wchar_t.cc execution test
XPASS: 22_locale/num_get_members_char.cc execution test
XPASS: 22_locale/num_get_members_wchar_t.cc execution test
XPASS: 22_locale/num_put_members_char.cc execution test
XPASS: 22_locale/num_put_members_wchar_t.cc execution test
XPASS: 22_locale/numpunct_byname.cc execution test
XPASS: 22_locale/numpunct_members_char.cc execution test
XPASS: 22_locale/numpunct_members_wchar_t.cc execution test
XPASS: 22_locale/time_get_members_char.cc execution test
XPASS: 22_locale/time_get_members_wchar_t.cc execution test
XPASS: 22_locale/time_put_members_char.cc execution test
XPASS: 22_locale/time_put_members_wchar_t.cc execution test

		=== libstdc++-v3 Summary for unix/-m32 ===

# of expected passes		431
# of unexpected successes	24
# of expected failures		4

Running target unix
XPASS: 22_locale/collate_byname.cc execution test
XPASS: 22_locale/collate_members_char.cc execution test
XPASS: 22_locale/collate_members_wchar_t.cc execution test
XPASS: 22_locale/ctype_is_char.cc execution test
XPASS: 22_locale/ctype_is_wchar_t.cc execution test
XPASS: 22_locale/members.cc execution test
XPASS: 22_locale/money_get_members_char.cc execution test
XPASS: 22_locale/money_get_members_wchar_t.cc execution test
XPASS: 22_locale/money_put_members_char.cc execution test
XPASS: 22_locale/money_put_members_wchar_t.cc execution test
XPASS: 22_locale/moneypunct_byname.cc execution test
XPASS: 22_locale/moneypunct_members_char.cc execution test
XPASS: 22_locale/moneypunct_members_wchar_t.cc execution test
XPASS: 22_locale/num_get_members_char.cc execution test
XPASS: 22_locale/num_get_members_wchar_t.cc execution test
XPASS: 22_locale/num_put_members_char.cc execution test
XPASS: 22_locale/num_put_members_wchar_t.cc execution test
XPASS: 22_locale/numpunct_byname.cc execution test
XPASS: 22_locale/numpunct_members_char.cc execution test
XPASS: 22_locale/numpunct_members_wchar_t.cc execution test
XPASS: 22_locale/time_get_members_char.cc execution test
XPASS: 22_locale/time_get_members_wchar_t.cc execution test
XPASS: 22_locale/time_put_members_char.cc execution test
XPASS: 22_locale/time_put_members_wchar_t.cc execution test

		=== libstdc++-v3 Summary for unix ===

# of expected passes		431
# of unexpected successes	24
# of expected failures		4

		=== libstdc++-v3 Summary ===

# of expected passes		862
# of unexpected successes	48
# of expected failures		8

Compiler version: 3.3-hammer 
Platform: x86_64-suse-linux-gnu
configure flags: --host=x86_64-suse-linux-gnu --prefix=/opt/gcc/hammer-3_3-branch --disable-nls --enable-threads=posix --enable-clocale=gnu --enable-__cxa_atexit --enable-shared --enable-languages=c,c++,f77,objc,ada,treelang,java,f77 --with-system-zlib


Index Nav: [Date Index] [Subject Index] [Author Index] [Thread Index]
Message Nav: [Date Prev] [Date Next] [Thread Prev] [Thread Next]