This is the mail archive of the
gcc-testresults@gcc.gnu.org
mailing list for the GCC project.
Results for 3.4 20030525 (experimental) testsuite on sparc-unknown-linux-gnu
- From: c dot christian dot joensson at telia dot com
- To: gcc-testresults at gcc dot gnu dot org
- Date: Mon, 26 May 2003 21:12:06 +0200
- Subject: Results for 3.4 20030525 (experimental) testsuite on sparc-unknown-linux-gnu
Aurora SPARC Linux 1.0 (Ansel) SS20 dual SuperSparc-(II) sun4m:
binutils-2.11.93.0.2-11sparc
bison-1.35-1
dejagnu-1.4.2-10 (ftp://ftp.redhat.com/pub/redhat/linux/rawhide/SRPMS/SRPMS)
expect-5.32.2-67
gcc-2.96-113
glibc-2.2.5-42
glibc-kernheaders-2.4-7.16sparc
kernel-smp-2.4.20-3.4sparc (ftp://auroralinux.org/pub/aurora/corona/RPMS)
tcl-8.3.3-67
LAST_UPDATED: Sun May 25 17:07:04 UTC 2003
Native configuration is sparc-unknown-linux-gnu
=== binutils tests ===
Running target unix
=== binutils Summary ===
# of expected passes 32
=== gas tests ===
Running target unix
=== gas Summary ===
# of expected passes 57
=== g77 tests ===
Running target unix
FAIL: g77.f-torture/execute/980520-1.f compilation, -O0
=== g77 Summary ===
# of expected passes 1722
# of unexpected failures 1
# of untested testcases 1
# of unsupported tests 6
/usr/local/src/trunk/objdir/gcc/testsuite/../g77 version 3.4 20030525 (experimental)
=== gcc tests ===
Running target unix
WARNING: program timed out.
FAIL: gcc.c-torture/compile/20001226-1.c, -O2
WARNING: program timed out.
FAIL: gcc.c-torture/compile/20001226-1.c, -O3 -fomit-frame-pointer
WARNING: program timed out.
FAIL: gcc.c-torture/compile/20001226-1.c, -O3 -g
WARNING: program timed out.
FAIL: gcc.c-torture/compile/20001226-1.c, -Os
FAIL: gcc.c-torture/execute/20030125-1.c execution, -O1
FAIL: gcc.c-torture/execute/20030125-1.c execution, -O2
FAIL: gcc.c-torture/execute/20030125-1.c execution, -O3 -fomit-frame-pointer
FAIL: gcc.c-torture/execute/20030125-1.c execution, -O3 -g
FAIL: gcc.c-torture/execute/20030125-1.c execution, -Os
FAIL: gcc.dg/duff-2.c (test for excess errors)
XPASS: gcc.dg/uninit-4.c uninitialized variable warning (test for bogus messages, line 26)
FAIL: gcc.dg/uninit-C.c (test for excess errors)
=== gcc Summary ===
# of expected passes 22068
# of unexpected failures 11
# of unexpected successes 1
# of expected failures 72
# of unsupported tests 200
/usr/local/src/trunk/objdir/gcc/xgcc version 3.4 20030525 (experimental)
=== g++ tests ===
Running target unix
WARNING: program timed out.
FAIL: g++.dg/eh/cleanup1.C (test for excess errors)
FAIL: g++.dg/eh/simd-1.C (test for excess errors)
WARNING: g++.dg/eh/simd-1.C compilation failed to produce executable
FAIL: g++.dg/eh/simd-2.C (test for excess errors)
WARNING: g++.dg/eh/simd-2.C compilation failed to produce executable
FAIL: g++.dg/ext/pretty1.C scan-assembler top level
FAIL: g++.dg/ext/pretty2.C (test for excess errors)
WARNING: g++.dg/ext/pretty2.C compilation failed to produce executable
WARNING: program timed out.
FAIL: g++.dg/parse/stack1.C (test for excess errors)
WARNING: g++.old-deja/g++.mike/p10769a.C compilation failed to produce executable
FAIL: g++.old-deja/g++.oliva/template1.C (test for excess errors)
WARNING: g++.old-deja/g++.other/enum5.C compilation failed to produce executable
XPASS: g++.old-deja/g++.other/init5.C execution test
WARNING: g++.old-deja/g++.pt/friend44.C compilation failed to produce executable
=== g++ Summary ===
# of expected passes 8516
# of unexpected failures 7
# of unexpected successes 1
# of expected failures 69
# of unsupported tests 44
/usr/local/src/trunk/objdir/gcc/testsuite/../g++ version 3.4 20030525 (experimental)
=== objc tests ===
Running target unix
=== objc Summary ===
# of expected passes 1156
/usr/local/src/trunk/objdir/gcc/xgcc version 3.4 20030525 (experimental)
=== ld tests ===
Running target unix
FAIL: visibility (hidden_undef_def) (non PIC)
FAIL: visibility (hidden_undef_def) (non PIC, load offset)
FAIL: visibility (hidden_undef_def)
FAIL: visibility (hidden_undef_def) (PIC main, non PIC so)
FAIL: visibility (hidden_undef_def) (PIC main)
FAIL: visibility (hidden_weak) (non PIC)
FAIL: visibility (hidden_weak) (non PIC, load offset)
FAIL: visibility (hidden_weak) (PIC main, non PIC so)
FAIL: visibility (protected_weak) (non PIC)
FAIL: visibility (protected_weak) (non PIC, load offset)
FAIL: visibility (protected_weak) (PIC main, non PIC so)
FAIL: ELF weak func first DSO
FAIL: ELF weak func last DSO
FAIL: ELF weak data first DSO
FAIL: ELF weak data last DSO
FAIL: ELF weak data first DSO common
FAIL: ELF weak data last DSO common
=== ld Summary ===
# of expected passes 171
# of unexpected failures 17
# of expected failures 2
=== libjava tests ===
Running target unix
FAIL: Array_3 execution - source compiled test
FAIL: Array_3 execution - gij test
FAIL: Array_3 execution - bytecode->native test
FAIL: Array_3 -O execution - source compiled test
FAIL: Array_3 execution - gij test
FAIL: Array_3 -O execution - bytecode->native test
FAIL: Invoke_1 execution - source compiled test
FAIL: Invoke_1 execution - bytecode->native test
FAIL: Invoke_1 -O execution - source compiled test
FAIL: Invoke_1 -O execution - bytecode->native test
FAIL: PR218 execution - source compiled test
FAIL: PR218 execution - gij test
FAIL: PR218 execution - bytecode->native test
FAIL: PR218 -O execution - source compiled test
FAIL: PR218 execution - gij test
FAIL: PR218 -O execution - bytecode->native test
WARNING: program timed out.
FAIL: SyncTest execution - source compiled test
WARNING: program timed out.
FAIL: SyncTest execution - gij test
WARNING: program timed out.
FAIL: SyncTest execution - bytecode->native test
WARNING: program timed out.
FAIL: SyncTest -O execution - source compiled test
WARNING: program timed out.
FAIL: SyncTest execution - gij test
WARNING: program timed out.
FAIL: SyncTest -O execution - bytecode->native test
FAIL: Thread_Interrupt -O output - bytecode->native test
FAIL: Thread_Sleep output - source compiled test
FAIL: Throw_2 execution - source compiled test
FAIL: Throw_2 execution - gij test
FAIL: Throw_2 execution - bytecode->native test
FAIL: Throw_2 -O execution - source compiled test
FAIL: Throw_2 execution - gij test
FAIL: Throw_2 -O execution - bytecode->native test
=== libjava Summary ===
# of expected passes 2961
# of unexpected failures 30
# of expected failures 16
# of untested testcases 40
=== libstdc++-v3 tests ===
Running target unix
WARNING: program timed out.
FAIL: 22_locale/ctype/scan/char/wrapped_locale.cc (test for excess errors)
FAIL: 22_locale/ctype/scan/char/wrapped_locale.cc execution test
WARNING: program timed out.
FAIL: 22_locale/ctype/scan/wchar_t/wrapped_env.cc (test for excess errors)
FAIL: 22_locale/ctype/scan/wchar_t/wrapped_env.cc execution test
WARNING: program timed out.
FAIL: 23_containers/deque_ctor.cc (test for excess errors)
WARNING: 23_containers/deque_ctor.cc compilation failed to produce executable
XPASS: 26_numerics/c99_classification_macros_c.cc (test for excess errors)
WARNING: program timed out.
FAIL: 26_numerics/complex_inserters_extractors.cc (test for excess errors)
WARNING: 26_numerics/complex_inserters_extractors.cc compilation failed to produce executable
WARNING: program timed out.
FAIL: thread/pthread1.cc execution test
WARNING: program timed out.
FAIL: thread/pthread2.cc execution test
WARNING: program timed out.
FAIL: thread/pthread3.cc execution test
WARNING: program timed out.
FAIL: thread/pthread5.cc execution test
WARNING: program timed out.
FAIL: thread/pthread6.cc execution test
=== libstdc++-v3 Summary ===
# of expected passes 1841
# of unexpected failures 11
# of unexpected successes 1
Compiler version: 3.4 20030525 (experimental)
Platform: sparc-unknown-linux-gnu
configure flags: --prefix=/usr/local/gcc-binutils --enable-__cxa_atexit --enable-shared --enable-threads=posix --enable-languages=c,c++,f77,java,objc
Counting all warnings,
there are 91 warnings in stage0 of this bootstrap.
Number of warnings per file:
20 libiberty/regex.c
16 include/linux/sysctl.h
6 libjava/gnu/java/nio/natSocketChannelImpl.cc
6 libjava/gnu/java/nio/natFileChannelImpl.cc
4 libjava/java/lang/strtod.c
4 libjava/java/lang/dtoa.c
3 libjava/java/lang/e_exp.c
3 libf2c/libI77/rsne.c
2 libtool
2 libobjc/linking.m
2 libjava/java/lang/w_exp.c
2 libjava/java/lang/natClassLoader.cc
2 libffi/src/sparc/v8.S
2 include/xregex2.h
1 /usr/local/src/trunk/gcc-binutils/boehm-gc/mark_rts.c
1 libobjc/Protocol.m
1 libobjc/Object.m
1 libobjc/encoding.c
1 libjava/verify.cc
1 libjava/prims.cc
1 libjava/jni.cc
1 libjava/java/lang/e_rem_pio2.c
1 libjava/java/lang/e_asin.c
1 libjava/gnu/gcj/runtime/natSharedLibLoader.cc
1 libjava/gnu/gcj/io/shs.cc
1 libf2c/libI77/open.c
1 libf2c/libI77/inquire.c
1 lex.yy.c
1 java/net/natNetworkInterface.cc
1 fastjar/jartool.c
1 configure
Number of warning types:
17 \`???' might be used uninitialized in this function
16 signed and unsigned type in conditional expression
16 comma at end of enumerator list
13 unused
4 unused parameter \`???'
4 dereferencing type-punned pointer will break strict-aliasing rules
4 \`???' defined but not used
2 unused
2 ISO C90 does not support \`static' or type qualifiers in parameter array declarators
2 comparison
1 \`void
1 to ensure that POSIX-compatible ar will work
1 this is the location of the previous definition
1 string length \`???' is greater than the length \`???' ISO C89 compilers are required to support
1 statement with
1 \`STACKFRAME' redefined
1 object name conflicts; overriding AR_FLAGS to 'cq'
1 function returns address of local variable
1 comparison between signed and unsigned
1 comparison between signed and
1
Counting all warnings,
there are 20 warnings in stage3 of this bootstrap.
Number of warnings per file:
6 gcc/gthr-gnat.c
3 gcc/gcc.c
2 /usr/share/bison/bison.simple
2 gcc/objc/lang-specs.h
2 gcc/gthr-gnat.h
2 gcc/f/sta.c
2 gcc/crtstuff.c
1 gcc/java/jvspec.c
Number of warning types:
6 string length \`???' is greater than the length \`???' ISO C89 compilers are required to support
6 function declaration isn't a prototype
2 passing arg ??? of \`???' discards qualifiers from pointer target type
2 no previous prototype for \`???'
2 label \`???' defined but not used
2 dereferencing type-punned pointer will break strict-aliasing rules