This is the mail archive of the
gcc-testresults@gcc.gnu.org
mailing list for the GCC project.
Results for 3.4 20030526 (experimental) testsuite on i686-pc-linux-gnu
- From: Andrew Pinski <pinskia at physics dot uc dot edu>
- To: gcc-testresults at gcc dot gnu dot org
- Date: Mon, 26 May 2003 08:47:21 -0400
- Subject: Results for 3.4 20030526 (experimental) testsuite on i686-pc-linux-gnu
LAST_UPDATED: Mon May 26 04:01:17 UTC 2003
Native configuration is i686-pc-linux-gnu
=== g77 tests ===
Running target unix
FAIL: g77.f-torture/execute/980520-1.f compilation, -O0
=== g77 Summary ===
# of expected passes 1734
# of unexpected failures 1
# of untested testcases 1
/home/gates/pinskia/src/gnu/gcc/src/objdir.linux/gcc/testsuite/../g77 version 3.4 20030526 (experimental)
=== gcc tests ===
Running target unix
FAIL: gcc.dg/duff-2.c (test for excess errors)
FAIL: gcc.dg/uninit-C.c (test for excess errors)
FAIL: gcc.dg/tls/opt-6.c (test for excess errors)
=== gcc Summary ===
# of expected passes 22999
# of unexpected failures 3
# of expected failures 75
# of unsupported tests 101
/home/gates/pinskia/src/gnu/gcc/src/objdir.linux/gcc/xgcc version 3.4 20030526 (experimental)
=== g++ tests ===
Running target unix
FAIL: g++.dg/eh/simd-2.C (test for excess errors)
WARNING: g++.dg/eh/simd-2.C compilation failed to produce executable
FAIL: g++.dg/ext/pretty1.C scan-assembler top level
FAIL: g++.dg/ext/pretty2.C (test for excess errors)
WARNING: g++.dg/ext/pretty2.C compilation failed to produce executable
WARNING: g++.old-deja/g++.mike/p10769a.C compilation failed to produce executable
FAIL: g++.old-deja/g++.oliva/template1.C (test for excess errors)
WARNING: g++.old-deja/g++.other/enum5.C compilation failed to produce executable
XPASS: g++.old-deja/g++.other/init5.C execution test
WARNING: g++.old-deja/g++.pt/friend44.C compilation failed to produce executable
=== g++ Summary ===
# of expected passes 8597
# of unexpected failures 4
# of unexpected successes 1
# of expected failures 68
# of unsupported tests 15
/home/gates/pinskia/src/gnu/gcc/src/objdir.linux/gcc/testsuite/../g++ version 3.4 20030526 (experimental)
=== objc tests ===
Running target unix
=== objc Summary ===
# of expected passes 1156
/home/gates/pinskia/src/gnu/gcc/src/objdir.linux/gcc/xgcc version 3.4 20030526 (experimental)
=== libjava tests ===
Running target unix
FAIL: Compile DejaGNUTestHarness.o
=== libjava Summary ===
# of expected passes 3027
# of unexpected failures 1
# of expected failures 16
# of untested testcases 12
=== libstdc++-v3 tests ===
Running target unix
XPASS: 26_numerics/c99_classification_macros_c.cc (test for excess errors)
=== libstdc++-v3 Summary ===
# of expected passes 1854
# of unexpected successes 1
Compiler version: 3.4 20030526 (experimental)
Platform: i686-pc-linux-gnu
configure flags: --target=i686-pc-linux-gnu --enable-__cxa_atexit --prefix=/home/gates/pinskia/linux --enable-threads=posix --enable-shared