This is the mail archive of the gcc-testresults@gcc.gnu.org mailing list for the GCC project.


Index Nav: [Date Index] [Subject Index] [Author Index] [Thread Index]
Message Nav: [Date Prev] [Date Next] [Thread Prev] [Thread Next]
Other format: [Raw text]

Results for 3.3.1 20030519 (prerelease) testsuite on i686-pc-linux-gnu


Hi,
I am pretty new to testing gcc. I used the cvs snapshot for both "gcc" and 
"dejagnu." Let me know if there is any error on my part.
Thanks for the good work.
Muthu.

LAST_UPDATED: 
Native configuration is i686-pc-linux-gnu

		=== gcc tests ===


Running target unix
WARNING: program timed out.
FAIL: gcc.c-torture/compile/20001226-1.c,  -O1  
WARNING: program timed out.
FAIL: gcc.c-torture/compile/20001226-1.c,  -O2  
WARNING: program timed out.
FAIL: gcc.c-torture/compile/20001226-1.c,  -O3 -fomit-frame-pointer  
WARNING: program timed out.
FAIL: gcc.c-torture/compile/20001226-1.c,  -O3 -g  
WARNING: program timed out.
FAIL: gcc.c-torture/compile/20001226-1.c,  -Os  
FAIL: gcc.dg/duff-2.c (test for excess errors)
FAIL: gcc.dg/uninit-C.c (test for excess errors)
FAIL: gcc.dg/format/c99-printf-1.c  -DWIDE  %hhn unsigned char (test for warnings, line 196)
FAIL: gcc.dg/format/c99-printf-1.c  -DWIDE  (test for excess errors)

		=== gcc Summary ===

# of expected passes		21426
# of unexpected failures	9
# of expected failures		68
# of unsupported tests		83
/backup/bleed/GCC/build-gcc/gcc/xgcc version 3.3.1 20030519 (prerelease)

		=== g++ tests ===


Running target unix
FAIL: g++.other/decl5.C caused compiler crash

		=== g++ Summary ===

# of expected passes		7968
# of unexpected failures	1
# of expected failures		91
# of untested testcases		9
# of unsupported tests		4
/backup/bleed/GCC/build-gcc/gcc/testsuite/../g++ version 3.3.1 20030519 (prerelease)

		=== libstdc++-v3 tests ===


Running target unix
FAIL: 21_strings/inserters_extractors.cc execution test
XPASS: 22_locale/ctype_is_wchar_t.cc execution test
FAIL: 22_locale/ctype_scan_char.cc execution test
FAIL: 22_locale/ctype_to_char.cc execution test
XPASS: 22_locale/members.cc execution test
XPASS: 22_locale/money_get_members_wchar_t.cc execution test
XPASS: 22_locale/money_put_members_wchar_t.cc execution test
XPASS: 22_locale/moneypunct_byname.cc execution test
XPASS: 22_locale/moneypunct_members_char.cc execution test
XPASS: 22_locale/moneypunct_members_wchar_t.cc execution test
XPASS: 22_locale/num_put_members_char.cc execution test
XPASS: 22_locale/num_put_members_wchar_t.cc execution test
XPASS: 22_locale/numpunct_byname.cc execution test
XPASS: 22_locale/numpunct_members_char.cc execution test
XPASS: 22_locale/numpunct_members_wchar_t.cc execution test
FAIL: 22_locale/operators.cc execution test
XPASS: 22_locale/time_get_members_wchar_t.cc execution test
XPASS: 22_locale/time_put_members_char.cc execution test
XPASS: 22_locale/time_put_members_wchar_t.cc execution test
FAIL: 26_numerics/complex_inserters_extractors.cc execution test
FAIL: 27_io/istream_extractor_arith/01.cc execution test
FAIL: 27_io/istream_extractor_arith/07.cc execution test
FAIL: 27_io/istream_extractor_arith/08.cc execution test
FAIL: 27_io/istream_extractor_arith/09.cc execution test
FAIL: 27_io/istream_extractor_arith/10.cc execution test
FAIL: 27_io/istream_extractor_arith/11.cc execution test
FAIL: 27_io/istream_extractor_arith/13.cc execution test
FAIL: 27_io/istream_extractor_char.cc execution test
FAIL: 27_io/istream_manip.cc execution test
FAIL: 27_io/istream_sentry.cc execution test
FAIL: 27_io/ostream_inserter_arith.cc execution test

		=== libstdc++-v3 Summary ===

# of expected passes		437
# of unexpected failures	16
# of unexpected successes	15
# of expected failures		13

Compiler version: 3.3.1 20030519 (prerelease) 
Platform: i686-pc-linux-gnu
configure flags: --host=i686-pc-linux-gnu --prefix=/backup/bleed/GCC/out-gcc/ --enable-threads --enable-shared --enable-languages=c,c++ --enable-checking --disable-nls


Index Nav: [Date Index] [Subject Index] [Author Index] [Thread Index]
Message Nav: [Date Prev] [Date Next] [Thread Prev] [Thread Next]