This is the mail archive of the
gcc-testresults@gcc.gnu.org
mailing list for the GCC project.
Results for 3.3.1 20030522 (prerelease) testsuite on sparc64-sun-solaris2.8
- From: Eric Botcazou <eric at localhost dot localdomain>
- To: gcc-testresults at gcc dot gnu dot org
- Date: Fri, 23 May 2003 13:24:01 +0200
- Subject: Results for 3.3.1 20030522 (prerelease) testsuite on sparc64-sun-solaris2.8
LAST_UPDATED: Thu May 22 05:00:39 UTC 2003
Native configuration is sparc64-sun-solaris2.8
=== g++ tests ===
Running target unix
ERROR: g++.dg/abi/rtti1.C: error executing dg-final: couldn't execute "c++filt": no such file or directory
UNRESOLVED: g++.dg/abi/rtti1.C: error executing dg-final: couldn't execute "c++filt": no such file or directory
FAIL: g++.dg/parse/stack1.C (test for excess errors)
FAIL: g++.other/decl5.C caused compiler crash
=== g++ Summary ===
# of expected passes 7913
# of unexpected failures 2
# of expected failures 95
# of unresolved testcases 1
# of untested testcases 23
# of unsupported tests 16
/opt/build/eric/gcc-3_3-branch/gcc/testsuite/../g++ version 3.3.1 20030522 (prerelease)
=== g77 tests ===
Running target unix
=== g77 Summary ===
# of expected passes 1686
# of unsupported tests 8
/opt/build/eric/gcc-3_3-branch/gcc/testsuite/../g77 version 3.3.1 20030522 (prerelease)
=== gcc tests ===
Running target unix
FAIL: gcc.c-torture/compile/simd-5.c, -O0
FAIL: gcc.c-torture/compile/simd-5.c, -O1
FAIL: gcc.c-torture/compile/simd-5.c, -O2
FAIL: gcc.c-torture/compile/simd-5.c, -O3 -fomit-frame-pointer
FAIL: gcc.c-torture/compile/simd-5.c, -O3 -g
FAIL: gcc.c-torture/compile/simd-5.c, -Os
FAIL: gcc.dg/20001013-1.c (test for excess errors)
WARNING: gcc.dg/20001013-1.c compilation failed to produce executable
FAIL: gcc.dg/20001101-1.c (test for excess errors)
WARNING: gcc.dg/20001101-1.c compilation failed to produce executable
FAIL: gcc.dg/20001102-1.c (test for excess errors)
WARNING: gcc.dg/20001102-1.c compilation failed to produce executable
WARNING: gcc.dg/20021014-1.c compilation failed to produce executable
FAIL: gcc.dg/duff-2.c (test for excess errors)
=== gcc Summary ===
# of expected passes 20770
# of unexpected failures 10
# of expected failures 71
# of unsupported tests 162
/opt/build/eric/gcc-3_3-branch/gcc/xgcc version 3.3.1 20030522 (prerelease)
=== objc tests ===
Running target unix
=== objc Summary ===
# of expected passes 1153
/opt/build/eric/gcc-3_3-branch/gcc/xgcc version 3.3.1 20030522 (prerelease)
=== libstdc++-v3 tests ===
Running target unix
=== libstdc++-v3 Summary ===
# of expected passes 429
# of expected failures 18
Compiler version: 3.3.1 20030522 (prerelease)
Platform: sparc64-sun-solaris2.8
configure flags: --host=sparc64-sun-solaris2.8 --prefix=/opt/TWWfsw/gcc331 --with-local-prefix=/opt/TWWfsw/gcc331 --enable-languages=c,c++,objc,f77 --enable-checking=misc,tree,rtlflag --disable-multilib --disable-nls