This is the mail archive of the gcc-testresults@gcc.gnu.org mailing list for the GCC project.


Index Nav: [Date Index] [Subject Index] [Author Index] [Thread Index]
Message Nav: [Date Prev] [Date Next] [Thread Prev] [Thread Next]
Other format: [Raw text]

Results for 3.3.1 20030522 (prerelease) testsuite on i686-pc-linux-gnu


Red Hat Linux 9 (Shrike) ia32 dual pentium III i686:

binutils-2.13.90.0.18-9
bison-1.35-6
dejagnu-1.4.2-10
expect-5.38.0-88
gcc-3.2.2-5
glibc-2.3.2-27.9
glibc-kernheaders-2.4-8.10
kernel-smp-2.4.20-13.9
tcl-8.3.5-88

LAST_UPDATED: Thu May 22 03:39:44 UTC 2003

Native configuration is i686-pc-linux-gnu

		=== g77 tests ===


Running target unix/-fPIC

		=== g77 Summary for unix/-fPIC ===

# of expected passes		1702

Running target unix

		=== g77 Summary for unix ===

# of expected passes		1702

		=== g77 Summary ===

# of expected passes		3404
/usr/local/src/branch/objdir/gcc/testsuite/../g77 version 3.3.1 20030522 (prerelease)

		=== gcc tests ===


Running target unix/-fPIC
FAIL: gcc.c-torture/compile/20000804-1.c,  -O0  
FAIL: gcc.c-torture/execute/20020720-1.c compilation,  -O1 
UNRESOLVED: gcc.c-torture/execute/20020720-1.c execution,  -O1 
FAIL: gcc.c-torture/execute/20020720-1.c compilation,  -O2 
UNRESOLVED: gcc.c-torture/execute/20020720-1.c execution,  -O2 
FAIL: gcc.c-torture/execute/20020720-1.c compilation,  -O3 -fomit-frame-pointer 
UNRESOLVED: gcc.c-torture/execute/20020720-1.c execution,  -O3 -fomit-frame-pointer 
FAIL: gcc.c-torture/execute/20020720-1.c compilation,  -O3 -g 
UNRESOLVED: gcc.c-torture/execute/20020720-1.c execution,  -O3 -g 
FAIL: gcc.c-torture/execute/20020720-1.c compilation,  -Os 
UNRESOLVED: gcc.c-torture/execute/20020720-1.c execution,  -Os 
FAIL: gcc.c-torture/unsorted/sne.c,  -Os  
FAIL: gcc.c-torture/unsorted/sparcbug.c,  -O1  
FAIL: gcc.c-torture/unsorted/stuct.c,  -O1  
FAIL: gcc.c-torture/unsorted/test-loop.c,  -O3 -fomit-frame-pointer  
FAIL: gcc.dg/20011119-1.c (test for excess errors)
WARNING: gcc.dg/20011119-1.c compilation failed to produce executable
WARNING: program timed out.
FAIL: gcc.dg/20020616-1.c execution test
FAIL: gcc.dg/asm-names.c (test for excess errors)
FAIL: gcc.dg/duff-2.c (test for excess errors)
FAIL: gcc.dg/uninit-C.c (test for excess errors)

		=== gcc Summary for unix/-fPIC ===

# of expected passes		21007
# of unexpected failures	15
# of expected failures		69
# of unresolved testcases	5
# of unsupported tests		83

Running target unix
FAIL: gcc.dg/duff-2.c (test for excess errors)
FAIL: gcc.dg/uninit-C.c (test for excess errors)

		=== gcc Summary for unix ===

# of expected passes		21026
# of unexpected failures	2
# of expected failures		69
# of unsupported tests		83

		=== gcc Summary ===

# of expected passes		42033
# of unexpected failures	17
# of expected failures		138
# of unresolved testcases	5
# of unsupported tests		166
/usr/local/src/branch/objdir/gcc/xgcc version 3.3.1 20030522 (prerelease)

		=== g++ tests ===


Running target unix/-fPIC
FAIL: g++.dg/tls/init-2.C (test for excess errors)
XPASS: g++.other/init5.C  Execution test
FAIL: g++.pt/asm1.C (test for excess errors)
FAIL: g++.pt/asm2.C (test for excess errors)

		=== g++ Summary for unix/-fPIC ===

# of expected passes		7995
# of unexpected failures	3
# of unexpected successes	1
# of expected failures		96
# of untested testcases		9
# of unsupported tests		4

Running target unix
FAIL: g++.dg/tls/init-2.C (test for excess errors)
XPASS: g++.other/init5.C  Execution test

		=== g++ Summary for unix ===

# of expected passes		7997
# of unexpected failures	1
# of unexpected successes	1
# of expected failures		96
# of untested testcases		9
# of unsupported tests		4

		=== g++ Summary ===

# of expected passes		15992
# of unexpected failures	4
# of unexpected successes	2
# of expected failures		192
# of untested testcases		18
# of unsupported tests		8
/usr/local/src/branch/objdir/gcc/testsuite/../g++ version 3.3.1 20030522 (prerelease)

		=== objc tests ===


Running target unix/-fPIC

		=== objc Summary for unix/-fPIC ===

# of expected passes		1153

Running target unix

		=== objc Summary for unix ===

# of expected passes		1153

		=== objc Summary ===

# of expected passes		2306
/usr/local/src/branch/objdir/gcc/xgcc version 3.3.1 20030522 (prerelease)

		=== libjava tests ===


Running target unix/-fPIC
WARNING: program timed out.
FAIL: SyncTest execution - gij test
WARNING: program timed out.
FAIL: SyncTest execution - gij test
FAIL: Thread_Interrupt output - gij test
FAIL: Thread_Interrupt -O output - source compiled test

		=== libjava Summary for unix/-fPIC ===

# of expected passes		2985
# of unexpected failures	4
# of expected failures		16
# of untested testcases		14

Running target unix
WARNING: program timed out.
FAIL: SyncTest execution - gij test
WARNING: program timed out.
FAIL: SyncTest execution - gij test
FAIL: Thread_Interrupt output - gij test
FAIL: Thread_Interrupt -O output - bytecode->native test

		=== libjava Summary for unix ===

# of expected passes		2985
# of unexpected failures	4
# of expected failures		16
# of untested testcases		14

		=== libjava Summary ===

# of expected passes		5970
# of unexpected failures	8
# of expected failures		32
# of untested testcases		28
		=== libstdc++-v3 tests ===


Running target unix/-fPIC
XPASS: 22_locale/collate_byname.cc execution test
XPASS: 22_locale/collate_members_char.cc execution test
XPASS: 22_locale/collate_members_wchar_t.cc execution test
XPASS: 22_locale/ctype_is_char.cc execution test
XPASS: 22_locale/ctype_is_wchar_t.cc execution test
XPASS: 22_locale/members.cc execution test
XPASS: 22_locale/messages_byname.cc execution test
XPASS: 22_locale/messages_members_char.cc execution test
XPASS: 22_locale/money_get_members_char.cc execution test
XPASS: 22_locale/money_get_members_wchar_t.cc execution test
XPASS: 22_locale/money_put_members_char.cc execution test
XPASS: 22_locale/money_put_members_wchar_t.cc execution test
XPASS: 22_locale/moneypunct_byname.cc execution test
XPASS: 22_locale/moneypunct_members_char.cc execution test
XPASS: 22_locale/moneypunct_members_wchar_t.cc execution test
XPASS: 22_locale/num_get_members_char.cc execution test
XPASS: 22_locale/num_get_members_wchar_t.cc execution test
XPASS: 22_locale/num_put_members_char.cc execution test
XPASS: 22_locale/num_put_members_wchar_t.cc execution test
XPASS: 22_locale/numpunct_byname.cc execution test
XPASS: 22_locale/numpunct_members_char.cc execution test
XPASS: 22_locale/numpunct_members_wchar_t.cc execution test
XPASS: 22_locale/time_get_members_char.cc execution test
XPASS: 22_locale/time_get_members_wchar_t.cc execution test
XPASS: 22_locale/time_put_members_char.cc execution test
XPASS: 22_locale/time_put_members_wchar_t.cc execution test

		=== libstdc++-v3 Summary for unix/-fPIC ===

# of expected passes		453
# of unexpected successes	26
# of expected failures		2

Running target unix
XPASS: 22_locale/collate_byname.cc execution test
XPASS: 22_locale/collate_members_char.cc execution test
XPASS: 22_locale/collate_members_wchar_t.cc execution test
XPASS: 22_locale/ctype_is_char.cc execution test
XPASS: 22_locale/ctype_is_wchar_t.cc execution test
XPASS: 22_locale/members.cc execution test
XPASS: 22_locale/messages_byname.cc execution test
XPASS: 22_locale/messages_members_char.cc execution test
XPASS: 22_locale/money_get_members_char.cc execution test
XPASS: 22_locale/money_get_members_wchar_t.cc execution test
XPASS: 22_locale/money_put_members_char.cc execution test
XPASS: 22_locale/money_put_members_wchar_t.cc execution test
XPASS: 22_locale/moneypunct_byname.cc execution test
XPASS: 22_locale/moneypunct_members_char.cc execution test
XPASS: 22_locale/moneypunct_members_wchar_t.cc execution test
XPASS: 22_locale/num_get_members_char.cc execution test
XPASS: 22_locale/num_get_members_wchar_t.cc execution test
XPASS: 22_locale/num_put_members_char.cc execution test
XPASS: 22_locale/num_put_members_wchar_t.cc execution test
XPASS: 22_locale/numpunct_byname.cc execution test
XPASS: 22_locale/numpunct_members_char.cc execution test
XPASS: 22_locale/numpunct_members_wchar_t.cc execution test
XPASS: 22_locale/time_get_members_char.cc execution test
XPASS: 22_locale/time_get_members_wchar_t.cc execution test
XPASS: 22_locale/time_put_members_char.cc execution test
XPASS: 22_locale/time_put_members_wchar_t.cc execution test

		=== libstdc++-v3 Summary for unix ===

# of expected passes		453
# of unexpected successes	26
# of expected failures		2

		=== libstdc++-v3 Summary ===

# of expected passes		906
# of unexpected successes	52
# of expected failures		4

Compiler version: 3.3.1 20030522 (prerelease) 
Platform: i686-pc-linux-gnu
configure flags: --host=i686-pc-linux-gnu --prefix=/usr/local/gcc-binutils --enable-__cxa_atexit --enable-shared --enable-threads=posix --enable-languages=c,c++,f77,java,objc
Counting all warnings,
there are 71 warnings in stage0 of this bootstrap.

Number of warnings per file:
     20	libiberty/regex.c
      6	libjava/gnu/java/nio/natSocketChannelImpl.cc
      6	fastjar/jartool.c
      5	include/xregex2.h
      4	libjava/java/lang/strtod.c
      4	libjava/java/lang/dtoa.c
      3	libf2c/libI77/rsne.c
      2	libtool
      2	libobjc/linking.m
      2	include/i686-pc-linux-gnu/bits/time_members.h
      2	include/i686-pc-linux-gnu/bits/messages_members.h
      1	libobjc/Protocol.m
      1	libobjc/Object.m
      1	libobjc/encoding.c
      1	libjava/verify.cc
      1	libjava/jni.cc
      1	libjava/java/net/natNetworkInterface.cc
      1	libjava/java/lang/e_exp.c
      1	libjava/gnu/java/nio/natFileChannelImpl.cc
      1	libjava/gnu/gcj/runtime/natSharedLibLoader.cc
      1	libjava/gnu/gcj/io/shs.cc
      1	libf2c/libU77/vxtidate_.c
      1	libf2c/libU77/date_.c
      1	libf2c/libI77/open.c
      1	libf2c/libI77/inquire.c
      1	gcc/boehm-gc/mark_rts.c

Number of warning types:
     16	signed and unsigned type in conditional expression
     13	\`???' might be used uninitialized in this function
     12	unused
      4	unused parameter \`???'
      4	pointer targets in passing arg ??? of \`???' differ in signedness
      4	dereferencing type-punned pointer will break strict-aliasing rules
      3	ISO C89 does not support \`static' or type qualifiers in parameter array declarators
      2	string length \`???' is greater than the length \`???' ISO C89 compilers are required to support
      2	ISO C90 does not support \`static' or type qualifiers in parameter array declarators
      2	control reaches end of non-void function
      1	\`void 
      1	unused parameter \`
      1	to ensure that POSIX-compatible ar will work
      1	statement with no 
      1	object name conflicts; overriding AR_FLAGS to 'cq'
      1	function returns address of local variable
      1	\`???' defined but not used
      1	comparison between signed and unsigned
      1	comparison
Counting all warnings,
there are 23 warnings in stage3 of this bootstrap.

Number of warnings per file:
      3	/usr/share/bison/bison.simple
      3	gcc/tlink.c
      3	gcc/gcc.c
      2	insn-conditions.c
      2	gcc/f/sta.c
      2	gcc/crtstuff.c
      1	gcc/unwind.inc
      1	gcc/objc/lang-specs.h
      1	gcc/java/jvspec.c
      1	gcc/function.c
      1	gcc/emit-rtl.c
      1	gcc/cp/typeck.c
      1	gcc/config/i386/i386.c
      1	gcc/collect2.c

Number of warning types:
      7	string length \`???' is greater than the length \`???' ISO C89 compilers are required to support
      4	comparison of unsigned expression < 0 is always false
      3	label \`???' defined but not used
      2	unused parameter \`???'
      2	passing arg ??? of \`???' discards qualifiers from pointer target type
      2	dereferencing type-punned pointer will break strict-aliasing rules
      1	signed and unsigned type in conditional expression
      1	\`return' with a value, in function returning void
      1	comparison between signed and unsigned


Index Nav: [Date Index] [Subject Index] [Author Index] [Thread Index]
Message Nav: [Date Prev] [Date Next] [Thread Prev] [Thread Next]