This is the mail archive of the gcc-testresults@gcc.gnu.org mailing list for the GCC project.


Index Nav: [Date Index] [Subject Index] [Author Index] [Thread Index]
Message Nav: [Date Prev] [Date Next] [Thread Prev] [Thread Next]
Other format: [Raw text]

Results for 3.3 testsuite on sparc-sun-solaris2.8



tools:

gcc version 3.2.2

gas -v
GNU assembler version 2.13.2.1 (sparc-sun-solaris2.8) using BFD version 2.13.2.1

gld -v
GNU ld version 2.13.2.1

grep -V
grep (GNU grep) 2.5.1

Configured with: ../gcc/configure --prefix=/home/urban/local/sun28 
--with-gnu-as --with-as=/home/urban/local/sun28/bin/gas -with-gnu-ld 
--with-ld=/home/urban/local/sun28/bin/gld --enable-threads=posix 
--disable-multilib --disable-nls --enable-libgcj
Thread model: posix
gcc version 3.3

LAST_UPDATED: 
Native configuration is sparc-sun-solaris2.8

		=== g++ tests ===


Running target unix
XPASS: g++.dg/special/conpr-2.C execution test
XPASS: g++.dg/special/initp1.C execution test

		=== g++ Summary ===

# of expected passes		7927
# of unexpected successes	2
# of expected failures		98
# of untested testcases		21
# of unsupported tests		16
/home/urban/gnu_src/obj_dir/gcc/testsuite/../g++ version 3.3

		=== g77 tests ===


Running target unix

		=== g77 Summary ===

# of expected passes		1686
# of unsupported tests		8
/home/urban/gnu_src/obj_dir/gcc/testsuite/../g77 version 3.3

		=== gcc tests ===


Running target unix
WARNING: program timed out.
FAIL: gcc.c-torture/compile/20001226-1.c,  -O2  
WARNING: program timed out.
FAIL: gcc.c-torture/compile/20001226-1.c,  -O3 -fomit-frame-pointer  
WARNING: program timed out.
FAIL: gcc.c-torture/compile/20001226-1.c,  -O3 -g  
WARNING: program timed out.
FAIL: gcc.c-torture/compile/20001226-1.c,  -Os  
WARNING: gcc.dg/20021014-1.c compilation failed to produce executable
FAIL: gcc.dg/duff-2.c (test for excess errors)

		=== gcc Summary ===

# of expected passes		21215
# of unexpected failures	5
# of expected failures		67
# of unsupported tests		161
/home/urban/gnu_src/obj_dir/gcc/xgcc version 3.3

		=== objc tests ===


Running target unix

		=== objc Summary ===

# of expected passes		1153
/home/urban/gnu_src/obj_dir/gcc/xgcc version 3.3

		=== libjava tests ===


Running target unix
FAIL: PR1343 compilation from bytecode
FAIL: PR1343 -O compilation from bytecode
FAIL: PR238 compilation from bytecode
FAIL: PR238 -O compilation from bytecode
FAIL: PR295 compilation from bytecode
FAIL: PR295 -O compilation from bytecode
FAIL: SuperConstr compilation from bytecode
FAIL: SuperConstr -O compilation from bytecode
FAIL: XercesBug compilation from bytecode
FAIL: XercesBug -O compilation from bytecode
FAIL: inner_1 compilation from bytecode
FAIL: inner_1 -O compilation from bytecode
FAIL: inner_data compilation from bytecode
FAIL: inner_data -O compilation from bytecode
FAIL: inner_inherit compilation from bytecode
FAIL: inner_inherit -O compilation from bytecode
FAIL: inner_priv compilation from bytecode
FAIL: inner_priv -O compilation from bytecode
FAIL: inner_pub compilation from bytecode
FAIL: inner_pub -O compilation from bytecode
FAIL: not_a_redef compilation from bytecode
FAIL: not_a_redef -O compilation from bytecode
FAIL: pr172 compilation from bytecode
FAIL: pr172 -O compilation from bytecode
FAIL: pr174 compilation from bytecode
FAIL: pr174 -O compilation from bytecode
FAIL: pr176 compilation from bytecode
FAIL: pr176 -O compilation from bytecode
FAIL: static_2 compilation from bytecode
FAIL: static_2 -O compilation from bytecode
FAIL: static_3 compilation from bytecode
FAIL: static_3 -O compilation from bytecode
FAIL: static_inner compilation from bytecode
FAIL: static_inner -O compilation from bytecode
FAIL: cxxtest run
FAIL: Array_3 execution - gij test
FAIL: Array_3 execution - gij test
FAIL: FileHandleGcTest execution - source compiled test
FAIL: FileHandleGcTest execution - gij test
FAIL: FileHandleGcTest execution - bytecode->native test
FAIL: FileHandleGcTest -O execution - source compiled test
FAIL: FileHandleGcTest execution - gij test
FAIL: FileHandleGcTest -O execution - bytecode->native test
WARNING: program timed out.
FAIL: SyncTest execution - gij test
WARNING: program timed out.
FAIL: SyncTest execution - bytecode->native test
WARNING: program timed out.
FAIL: SyncTest execution - gij test
WARNING: program timed out.
FAIL: SyncTest -O execution - bytecode->native test
FAIL: Thread_Wait_2 execution - gij test
FAIL: Throw_2 execution - source compiled test
FAIL: Throw_2 execution - gij test
FAIL: Throw_2 execution - bytecode->native test
FAIL: Throw_2 -O execution - source compiled test
FAIL: Throw_2 execution - gij test
FAIL: Throw_2 -O execution - bytecode->native test

		=== libjava Summary ===

# of expected passes		2918
# of unexpected failures	54
# of expected failures		16
# of untested testcases		32
		=== libstdc++-v3 tests ===


Running target unix
WARNING: program timed out.
FAIL: thread/pthread4.cc execution test

		=== libstdc++-v3 Summary ===

# of expected passes		428
# of unexpected failures	1
# of expected failures		18

Compiler version: 3.3 
Platform: sparc-sun-solaris2.8
configure flags: --host=sparc-sun-solaris2.8 --prefix=/home/urban/local/sun28 --with-gnu-as --with-as=/home/urban/local/sun28/bin/gas --with-gnu-ld --with-ld=/home/urban/local/sun28/bin/gld --enable-threads=posix --disable-multilib --disable-nls --enable-libgcj
EOF
Mail -s "Results for 3.3 testsuite on sparc-sun-solaris2.8" gcc-testresults@gcc.gnu.org &&
mv /home/urban/gnu_src/obj_dir/./gcc/testsuite/g++.sum /home/urban/gnu_src/obj_dir/./gcc/testsuite/g++.sum.sent &&
mv /home/urban/gnu_src/obj_dir/./gcc/testsuite/g77.sum /home/urban/gnu_src/obj_dir/./gcc/testsuite/g77.sum.sent &&
mv /home/urban/gnu_src/obj_dir/./gcc/testsuite/gcc.sum /home/urban/gnu_src/obj_dir/./gcc/testsuite/gcc.sum.sent &&
mv /home/urban/gnu_src/obj_dir/./gcc/testsuite/objc.sum /home/urban/gnu_src/obj_dir/./gcc/testsuite/objc.sum.sent &&
mv /home/urban/gnu_src/obj_dir/./sparc-sun-solaris2.8/libjava/testsuite/libjava.sum /home/urban/gnu_src/obj_dir/./sparc-sun-solaris2.8/libjava/testsuite/libjava.sum.sent &&
mv /home/urban/gnu_src/obj_dir/./sparc-sun-solaris2.8/libstdc++-v3/testsuite/libstdc++-v3.sum /home/urban/gnu_src/obj_dir/./sparc-sun-solaris2.8/libstdc++-v3/testsuite/libstdc++-v3.sum.sent &&
mv /home/urban/gnu_src/obj_dir/./gcc/testsuite/g++.log /home/urban/gnu_src/obj_dir/./gcc/testsuite/g++.log.sent &&
mv /home/urban/gnu_src/obj_dir/./gcc/testsuite/g77.log /home/urban/gnu_src/obj_dir/./gcc/testsuite/g77.log.sent &&
mv /home/urban/gnu_src/obj_dir/./gcc/testsuite/gcc.log /home/urban/gnu_src/obj_dir/./gcc/testsuite/gcc.log.sent &&
mv /home/urban/gnu_src/obj_dir/./gcc/testsuite/objc.log /home/urban/gnu_src/obj_dir/./gcc/testsuite/objc.log.sent &&
mv /home/urban/gnu_src/obj_dir/./sparc-sun-solaris2.8/libjava/testsuite/libjava.log /home/urban/gnu_src/obj_dir/./sparc-sun-solaris2.8/libjava/testsuite/libjava.log.sent &&
mv /home/urban/gnu_src/obj_dir/./sparc-sun-solaris2.8/libstdc++-v3/testsuite/libstdc++-v3.log /home/urban/gnu_src/obj_dir/./sparc-sun-solaris2.8/libstdc++-v3/testsuite/libstdc++-v3.log.sent &&
true


Index Nav: [Date Index] [Subject Index] [Author Index] [Thread Index]
Message Nav: [Date Prev] [Date Next] [Thread Prev] [Thread Next]