This is the mail archive of the gcc-testresults@gcc.gnu.org mailing list for the GCC project.


Index Nav: [Date Index] [Subject Index] [Author Index] [Thread Index]
Message Nav: [Date Prev] [Date Next] [Thread Prev] [Thread Next]
Other format: [Raw text]

Results for 3.3 testsuite on sparc-sun-solaris2.8


LAST_UPDATED: 
Native configuration is sparc-sun-solaris2.8

		=== g++ tests ===


Running target unix
XPASS: g++.dg/special/conpr-2.C execution test
XPASS: g++.dg/special/initp1.C execution test

		=== g++ Summary ===

# of expected passes		7927
# of unexpected successes	2
# of expected failures		98
# of untested testcases		21
# of unsupported tests		16
/free/build_shop/build-gcc-3.3-sparc-sun-solaris2.8/gcc/testsuite/../g++ version 3.3

		=== g77 tests ===


Running target unix

		=== g77 Summary ===

# of expected passes		1686
# of unsupported tests		8
/free/build_shop/build-gcc-3.3-sparc-sun-solaris2.8/gcc/testsuite/../g77 version 3.3

		=== gcc tests ===


Running target unix
WARNING: program timed out.
FAIL: gcc.c-torture/compile/20001226-1.c,  -O1  
WARNING: program timed out.
FAIL: gcc.c-torture/compile/20001226-1.c,  -O2  
WARNING: program timed out.
FAIL: gcc.c-torture/compile/20001226-1.c,  -O3 -fomit-frame-pointer  
WARNING: program timed out.
FAIL: gcc.c-torture/compile/20001226-1.c,  -O3 -g  
WARNING: program timed out.
FAIL: gcc.c-torture/compile/20001226-1.c,  -Os  
WARNING: gcc.dg/20021014-1.c compilation failed to produce executable
FAIL: gcc.dg/duff-2.c (test for excess errors)

		=== gcc Summary ===

# of expected passes		20773
# of unexpected failures	6
# of expected failures		67
# of unsupported tests		160
/free/build_shop/build-gcc-3.3-sparc-sun-solaris2.8/gcc/xgcc version 3.3

		=== objc tests ===


Running target unix

		=== objc Summary ===

# of expected passes		1153
/free/build_shop/build-gcc-3.3-sparc-sun-solaris2.8/gcc/xgcc version 3.3

		=== libstdc++-v3 tests ===


Running target unix
WARNING: program timed out.
FAIL: thread/pthread4.cc execution test

		=== libstdc++-v3 Summary ===

# of expected passes		428
# of unexpected failures	1
# of expected failures		18

Compiler version: 3.3 
Platform: sparc-sun-solaris2.8
configure flags: --host=sparc-sun-solaris2.8 --prefix=/export/shop/stow/gcc-3.3/sparc-sun-solaris2.8 --infodir=/export/shop/stow/gcc-3.3/info --mandir=/export/shop/stow/gcc-3.3/man --datadir=/export/shop/stow/gcc-3.3/share --enable-threads=posix --enable-long-long --enable-namespaces --disable-multilib --with-as=/export/shop/stow/binutils-2.13.1/sparc-sun-solaris2.8/bin/as --with-ld=/export/shop/stow/binutils-2.13.1/sparc-sun-solaris2.8/bin/ld --enable-nls --with-included-gettext


Index Nav: [Date Index] [Subject Index] [Author Index] [Thread Index]
Message Nav: [Date Prev] [Date Next] [Thread Prev] [Thread Next]