This is the mail archive of the gcc-testresults@gcc.gnu.org mailing list for the GCC project.


Index Nav: [Date Index] [Subject Index] [Author Index] [Thread Index]
Message Nav: [Date Prev] [Date Next] [Thread Prev] [Thread Next]
Other format: [Raw text]

Results for 3.3 testsuite on i686-pc-linux-gnu


I successfully built and installed GCC 3.3 on Red Hat Linux release 7.3
(Valhalla), with glibc 2.2.5 and kernel 2.4.21-rc1 from www.kernel.org .


 Hardware Configuration:
 model name      : Pentium III (Coppermine)
 cpu MHz         : 760.741
 bogomips        : 1517.15
 MemTotal:       256356 kB
 hda: QUANTUM FIREBALLlct10 10
 hdd: ST317221A

 Compiled with GNU gcc versión 3.2.3



 time make -k check > test.log 2> test.err

 real    287m42.847s
 user    209m1.940s
 sys     35m16.330s
 LAST_UPDATED:
 Native configuration is i686-pc-linux-gnu

 === g77 tests ===


 Running target unix

 === g77 Summary ===

 # of expected passes 1702
 /u2/tmp/objdir/gcc/testsuite/../g77 version 3.3

 === gcc tests ===


 Running target unix
 WARNING: program timed out.
 FAIL: gcc.c-torture/compile/20001226-1.c,  -O1
 WARNING: program timed out.
 FAIL: gcc.c-torture/compile/20001226-1.c,  -O2
 WARNING: program timed out.
 FAIL: gcc.c-torture/compile/20001226-1.c,  -O3 -fomit-frame-pointer
 WARNING: program timed out.
 FAIL: gcc.c-torture/compile/20001226-1.c,  -O3 -g
 WARNING: program timed out.
 FAIL: gcc.c-torture/compile/20001226-1.c,  -Os
 FAIL: gcc.dg/duff-2.c (test for excess errors)
 FAIL: gcc.dg/uninit-C.c (test for excess errors)

 === gcc Summary ===

 # of expected passes 20985
 # of unexpected failures 7
 # of expected failures 64
 # of unsupported tests 83
 /u2/tmp/objdir/gcc/xgcc version 3.3

 === g++ tests ===


 Running target unix

 === g++ Summary ===

 # of expected passes 7976
 # of expected failures 97
 # of untested testcases 9
 # of unsupported tests 4
 /u2/tmp/objdir/gcc/testsuite/../g++ version 3.3

 === objc tests ===


 Running target unix

 === objc Summary ===

 # of expected passes 1153
 /u2/tmp/objdir/gcc/xgcc version 3.3

 === libstdc++-v3 tests ===


 Running target unix
 XPASS: 22_locale/collate_byname.cc execution test
 XPASS: 22_locale/collate_members_char.cc execution test
 XPASS: 22_locale/collate_members_wchar_t.cc execution test
 XPASS: 22_locale/ctype_is_char.cc execution test
 XPASS: 22_locale/ctype_is_wchar_t.cc execution test
 XPASS: 22_locale/members.cc execution test
 XPASS: 22_locale/money_get_members_char.cc execution test
 XPASS: 22_locale/money_get_members_wchar_t.cc execution test
 XPASS: 22_locale/money_put_members_char.cc execution test
 XPASS: 22_locale/money_put_members_wchar_t.cc execution test
 XPASS: 22_locale/moneypunct_byname.cc execution test
 XPASS: 22_locale/moneypunct_members_char.cc execution test
 XPASS: 22_locale/moneypunct_members_wchar_t.cc execution test
 XPASS: 22_locale/num_get_members_char.cc execution test
 XPASS: 22_locale/num_get_members_wchar_t.cc execution test
 XPASS: 22_locale/num_put_members_char.cc execution test
 XPASS: 22_locale/num_put_members_wchar_t.cc execution test
 XPASS: 22_locale/numpunct_byname.cc execution test
 XPASS: 22_locale/numpunct_members_char.cc execution test
 XPASS: 22_locale/numpunct_members_wchar_t.cc execution test
 XPASS: 22_locale/time_get_members_char.cc execution test
 XPASS: 22_locale/time_get_members_wchar_t.cc execution test
 XPASS: 22_locale/time_put_members_char.cc execution test
 XPASS: 22_locale/time_put_members_wchar_t.cc execution test

 === libstdc++-v3 Summary ===

 # of expected passes 453
 # of unexpected successes 24
 # of expected failures 4

 Compiler version: 3.3
 Platform: i686-pc-linux-gnu
 configure
flags: --host=i686-pc-linux-gnu --enable-threads=posix --prefix=/usr/local/g
cc-3.3



Index Nav: [Date Index] [Subject Index] [Author Index] [Thread Index]
Message Nav: [Date Prev] [Date Next] [Thread Prev] [Thread Next]